NOAA style reports

NOAA-Style Climate Reports for Bentonville Arkansas (nwarwx.com)


Report for 2009 Aug
                  MONTHLY CLIMATOLOGICAL SUMMARY FOR 8/2009
                                        HEAT  COOL        
     MEAN                               DEG   DEG       WIND SPEED       DOM MEAN  MEAN
DAY  TEMP  HIGH   TIME     LOW   TIME   DAYS  DAYS RAIN AVG  HI  TIME    DIR BAROM HUM
---------------------------------------------------------------------------------------
1    71.5  82.0   5:03pm  64.0   1:04am    0    7  0.31   1  17   8:01am   N 30.00   85
2    74.1  86.7   4:52pm  60.6   6:34am    0    9  0.00   2  14   4:15pm NNE 30.03   70
3    80.5  93.4   4:17pm  65.1  12:51am    0   15  0.00   6  21  10:35am SSW 29.94   73
4    84.7  96.1   3:23pm  74.3   5:47am    0   20  0.00   8  23  12:33pm  SW 29.95   59
5    82.2  93.4   1:21pm  69.8  11:57pm    0   17  0.00   4  20   5:55pm ESE 30.01   72
6    77.9  87.4   3:30pm  66.9   6:37am    0   13  0.00   3  20   7:16pm ESE 30.06   76
7    81.3  90.7   3:29pm  72.1   4:23am    0   16  0.00   7  24   3:39pm SSE 30.03   70
8    83.3  92.5   3:30pm  74.1   6:23am    0   18  0.00   8  26   2:09pm SSW 30.02   65
9    83.0  92.1   3:23pm  75.2   4:30am    0   18  0.00   7  22  12:30pm SSW 30.06   65
10   76.9  91.9   1:51pm  69.6   6:51pm    0   12  1.53   7  28  11:34pm  SW 30.08   84
11   74.1  86.5   4:29pm  66.2  11:59pm    0    9  0.00   3  23  12:00am   N 30.10   82
12   74.5  88.2   4:48pm  60.8   6:36am    1   10  0.00   3  16   1:12pm NNE 30.11   71
13   75.0  87.3   5:17pm  62.4   6:34am    0   10  0.00   2  14  11:25am  SE 30.09   68
14   75.0  86.4   4:14pm  64.0   6:55am    0   10  0.00   3  14   4:47pm ESE 30.06   66
15   78.9  89.4   3:44pm  68.4   6:11am    0   14  0.00   6  21  10:58am  SE 29.98   59
16   81.7  90.0   4:57pm  75.7   2:22am    0   17  0.28   6  23  11:26am SSE 29.96   64
17   76.4  89.8   1:31pm  69.6  11:57pm    0   11  0.08   5  23   9:41am SSE 30.03   85
18   74.7  84.6   5:34pm  66.7   6:06am    0   10  0.00   4  25   3:57am NNE 30.05   80
19   77.9  86.7   4:25pm  70.7   1:46am    0   13  0.00   6  24  11:25am  SW 29.90   74
20   70.6  78.6   4:26pm  64.4  10:43pm    0    5  1.00   6  27   3:18pm  SW 29.90   90
21   72.4  82.6   3:36pm  59.5  11:59pm    1   12  0.00   5  23   1:02pm   W 30.02   61
22   66.8  79.2   4:13pm  54.9   4:44am    3    5  0.00   3  17  11:48am NNE 30.09   73
23   69.1  83.7   5:02pm  55.0   4:08am    3    7  0.00   3  11  11:32am ESE 30.06   68
24   73.2  85.3   4:29pm  61.3   6:29am    0    9  0.00   5  17   2:03pm ESE 30.07   63
25   76.4  90.5   3:17pm  64.0   6:29am    0   11  0.00   4  15   8:41pm ESE 30.04   66
26   75.1  87.8   3:41pm  61.9   6:57am    0   10  0.00   4  15   3:26pm ESE 30.03   65
27   72.7  83.1   3:01pm  66.9   1:27am    0    8  0.39   2  14  10:53am  SW 30.00   86
28   70.6  77.2   5:04pm  66.7   8:55pm    0    6  0.00   2  14   5:19pm   N 29.99   89
29   70.9  80.4   5:12pm  64.0   4:58am    0    6  0.00   2  14   3:35pm   N 30.00   80
30   65.2  75.9   4:38pm  56.7  11:53pm    1    1  0.00   4  16   5:28pm NNE 30.10   73
31   62.3  74.1   4:00pm  51.3   5:57am    5    2  0.00   4  15  10:57am NNE 30.19   70
---------------------------------------------------------------------------------------
TOT  75.3  96.1   8/4/09  51.3  8/31/09   15  332  3.59   4  28  8/10/09 SSW 30.03   73

HEAT BASE: 65.0
COOL BASE: 65.0