NOAA style reports

NOAA-Style Climate Reports for Bentonville Arkansas (nwarwx.com)


Report for 2009 Sep
                  MONTHLY CLIMATOLOGICAL SUMMARY FOR 9/2009
                                        HEAT  COOL        
     MEAN                               DEG   DEG       WIND SPEED       DOM MEAN  MEAN
DAY  TEMP  HIGH   TIME     LOW   TIME   DAYS  DAYS RAIN AVG  HI  TIME    DIR BAROM HUM
---------------------------------------------------------------------------------------
1    65.5  78.4   3:47pm  51.6   1:41am    4    4  0.00   3  14  12:20pm ESE 30.19   68
2    63.4  70.9   2:23pm  57.9   8:49am    3    1  0.66   3  18   7:32am ESE 30.13   83
3    68.5  79.0   1:19pm  61.0   5:33am    1    5  0.00   2  13  12:39pm   E 30.04   78
4    71.0  80.2   4:44pm  64.6   5:31am    0    6  0.00   2  13   3:35pm NNE 30.01   85
5    72.9  84.4   2:54pm  67.1  11:47pm    0    8  0.04   2  20   5:35pm NNE 30.06   86
6    72.1  83.3   4:23pm  62.8   6:31am    0    7  0.00   2  17   2:01pm NNE 30.09   83
7    73.6  87.1   3:57pm  61.7   5:37am    0    9  0.00   1  11   2:44pm NNE 30.04   77
8    75.3  89.4   2:37pm  63.3   7:22am    0   10  0.00   3  16   2:37pm NNE 29.98   71
9    70.5  73.9   3:31pm  68.5   3:09am    0    5  1.30   3  14   7:27pm   E 30.03   99
10   71.3  79.2   2:24pm  67.1   6:56am    0    6  0.12   2  17   4:57pm  NE 30.08   91
11   74.1  83.1   3:10pm  66.7  11:59pm    0    9  0.00   3  16   5:08pm  NE 30.07   77
12   72.0  79.7   3:44pm  64.4   6:58am    0    7  0.00   4  19   3:55pm NNE 30.00   81
13   68.7  71.2   2:15am  65.8  11:57pm    0    4  0.01   5  22   3:07pm NNE 29.99   75
14   67.7  72.1   3:12pm  65.1   6:26am    0    3  0.06   3  17   3:16pm NNE 29.96   94
15   69.8  75.2   3:20pm  66.9   6:31am    0    5  0.14   3  19   4:28pm NNE 29.92   98
16   68.9  72.0  12:44pm  66.6  10:44pm    0    4  0.43   0   0  12:00am   N 29.92   93
17   70.4  76.6   2:36pm  66.6   8:17am    0    5  0.04   3  23   1:09pm NNE 30.00   84
18   70.2  79.0   4:37pm  63.0   7:30am    0    5  0.00   5  16   3:29pm NNE 30.06   70
19   66.1  71.6  12:34pm  63.3   5:24am    0    2  0.19   4  15  12:53pm NNE 30.07   91
20   66.3  72.7   5:56pm  63.0  11:16pm    0    2  0.00   1  11  11:04am   W 29.98   97
21   70.8  85.1   2:26pm  62.8  12:42am    0    6  1.49   5  26   2:26pm   S 29.91   86
22   61.8  64.8  12:00am  58.8   9:40pm    3    0  0.04   0  19  12:27am ESE 30.03  100
23   62.9  71.2   1:58pm  58.3   7:50am    3    1  0.00   1  11  12:08pm NNE 30.15   85
24   62.5  72.0   1:38pm  54.7   6:26am    4    1  0.01   1  11   2:44pm WNW 30.16   82
25   62.4  76.6   3:53pm  48.9   7:13am    6    3  0.00   1  12   1:49pm WSW 30.13   76
26   63.3  74.3   2:55pm  54.3  10:09pm    4    3  0.00   4  24   1:07pm   W 29.98   75
27   69.5  86.2   3:42pm  51.8   6:48am    4    9  0.00   5  26   4:26pm  SW 29.79   76
28   61.5  71.1  12:00am  47.7  11:57pm    5    1  0.00   5  26   1:55pm   N 30.05   48
29   55.3  71.6   4:20pm  40.8   6:38am   11    1  0.00   2  17   1:48pm NNE 30.12   68
30   62.0  76.6   3:53pm  47.3   2:53am    6    3  0.00   5  19  12:33pm  SE 30.00   67
---------------------------------------------------------------------------------------
TOT  67.7  89.4   9/8/09  40.8  9/29/09   56  136  4.52   3  26  9/21/09 NNE 30.03   81

HEAT BASE: 65.0
COOL BASE: 65.0