NOAA style reports

NOAA-Style Climate Reports for Bentonville Arkansas (nwarwx.com)


Report for 2009 Oct
                  MONTHLY CLIMATOLOGICAL SUMMARY FOR 10/2009
                                        HEAT  COOL        
     MEAN                               DEG   DEG       WIND SPEED       DOM MEAN  MEAN
DAY  TEMP  HIGH   TIME     LOW   TIME   DAYS  DAYS RAIN AVG  HI  TIME    DIR BAROM HUM
---------------------------------------------------------------------------------------
1    68.9  79.2   3:46pm  57.2  11:55pm    1    4  0.00   8  34   5:02pm SSW 29.78   66
2    57.2  68.4   3:17pm  40.1   5:16am    6    1  0.00   9  37   1:57pm WSW 29.88   45
3    54.9  67.5   2:14pm  38.1   7:14am   10    0  0.00   3  17   2:32pm WNW 29.94   56
4    55.5  58.6  12:23am  52.9   2:16pm   10    0  0.06   6  19   3:06pm  NE 29.98   77
5    57.5  63.3   3:21pm  53.2   2:16am    8    0  0.05   4  17  12:25pm ESE 29.94   92
6    60.8  66.2   6:45am  47.5  11:58pm    4    0  0.24   3  25   6:08am   W 29.86   86
7    54.6  70.5   4:05pm  38.1   6:27am   11    1  0.01   4  14   5:12pm ESE 30.06   73
8    62.9  68.7  10:05am  55.8  12:00am    2    0  3.12   6  54   6:59pm NNE 29.83   99
9    49.0  64.8  12:00am  40.1  11:52pm   16    0  1.61   4  20   9:42am   N 29.96  100
10   47.1  58.5   4:09pm  38.5   3:27am   18    0  0.00   3  16  12:07pm NNE 30.17   85
11   47.4  51.3   2:38pm  42.1   6:33am   18    0  0.00   5  16   1:49am NNE 30.18   93
12   55.0  60.6   3:43pm  49.5   2:02am   10    0  0.08   1  13  11:53pm  NE 30.08   97
13   55.5  57.6   1:28am  54.0   8:13pm   10    0  0.63   5  19  12:50pm  NE 30.07  100
14   56.5  62.6   2:12pm  52.2   3:44am    8    0  0.04   3  13   2:05pm  NE 29.94   97
15   51.5  57.9  12:00am  47.8  10:51pm   14    0  0.04   4  16   8:30am   N 29.92  100
16   47.2  56.7   1:51pm  39.2  10:24pm   18    0  0.00   4  19   1:33pm   N 30.15   79
17   43.0  52.5   2:09pm  34.3  11:25pm   22    0  0.00   2  19  11:12am   N 30.35   84
18   45.8  61.2   4:29pm  30.7   5:16am   19    0  0.00   4  19  12:25pm   S 30.29   73
19   58.5  70.5   4:02pm  46.6   1:23am    8    1  0.00   7  27   1:08pm   S 30.05   65
20   63.4  73.8   3:26pm  54.5   4:02am    4    2  0.00   7  29  11:47am   S 29.99   67
21   62.2  65.8  12:23pm  57.9   5:52am    3    0  0.00   5  19   4:36pm  SE 29.98   76
22   59.7  63.7  11:45am  49.6  11:59pm    5    0  0.63   8  23  10:14pm   W 29.71  100
23   44.1  49.6  12:00am  40.3  11:58pm   21    0  0.00  11  29   3:32pm   W 29.79   91
24   49.6  64.2   3:36pm  35.4   6:33am   15    0  0.00   5  19   2:05pm  SW 29.89   71
25   58.2  65.7   1:51pm  52.7   5:16am    7    0  0.45   4  23  12:32pm SSE 29.90   72
26   50.7  56.7  12:00am  46.9  11:35pm   14    0  0.47   4  23   8:10am NNE 30.05  100
27   50.5  54.9  11:50am  46.9  12:00am   14    0  0.35   3  14  10:55am  NE 29.83  100
28   55.6  67.1   2:49pm  45.9   6:32am   10    0  0.04   6  22  11:37am ESE 29.81   75
29   63.8  72.1   4:04pm  53.8  11:49pm    3    2  1.51   9  31  10:23pm ESE 29.67   95
30   50.5  57.2   2:52pm  41.5  11:59pm   15    0  0.00  11  37  12:57pm WSW 29.78   69
31   49.2  63.9   3:21pm  36.0   8:00am   12    0  0.00   6  20   3:31pm  SW 30.00   63
---------------------------------------------------------------------------------------
TOT  54.4  79.2  10/1/09  30.7 10/18/09  334   11  9.32   5  54  10/8/09 NNE 29.96   83

HEAT BASE: 65.0
COOL BASE: 65.0