NOAA-Style Climate Reports for Bentonville Arkansas (nwarwx.com)
Select data to display
Select a Year or Month report
Select a Year or Month report
Report for 2009 Nov
MONTHLY CLIMATOLOGICAL SUMMARY FOR 11/2009 HEAT COOL MEAN DEG DEG WIND SPEED DOM MEAN MEAN DAY TEMP HIGH TIME LOW TIME DAYS DAYS RAIN AVG HI TIME DIR BAROM HUM --------------------------------------------------------------------------------------- 1 55.5 72.5 1:14pm 39.2 4:34am 11 2 0.00 3 18 1:03pm SSW 30.13 65 2 57.5 72.9 1:44pm 42.4 6:09am 9 1 0.00 5 20 10:38am NNE 30.19 63 3 53.5 66.9 3:37pm 37.0 6:38am 12 0 0.00 4 19 8:46am NE 30.28 48 4 54.8 68.9 3:06pm 39.2 11:55pm 10 1 0.00 3 18 3:06pm NW 30.29 59 5 54.3 70.9 1:41pm 36.9 1:42am 12 1 0.00 4 18 1:17pm S 30.32 59 6 61.6 72.9 2:26pm 46.8 3:17am 5 2 0.00 9 32 10:20am SSW 30.07 61 7 65.3 76.3 2:08pm 58.8 6:17am 2 3 0.00 10 30 9:22am SSW 29.99 60 8 61.1 70.7 1:27pm 52.0 3:40am 5 1 0.00 6 19 12:05pm SSW 30.10 74 9 61.1 68.5 12:59pm 54.1 6:58am 5 1 0.00 2 13 3:28pm NE 30.22 81 10 59.2 70.9 12:22pm 48.4 7:00am 7 1 0.00 4 18 3:59pm NNE 30.25 82 11 49.5 60.4 3:15pm 41.0 6:48am 16 0 0.00 2 13 12:40pm NNE 30.25 93 12 52.4 65.5 1:56pm 41.4 5:13am 13 0 0.00 4 14 2:46pm SE 30.04 69 13 57.0 66.2 12:33pm 46.4 6:27am 8 0 0.00 8 30 11:51am S 29.80 58 14 62.7 71.6 2:25pm 56.1 2:17am 4 1 0.00 6 19 11:09am SSW 29.83 75 15 58.4 67.6 1:32pm 48.7 11:55pm 7 0 0.46 5 24 2:04pm S 29.92 96 16 41.0 48.7 12:00am 35.1 11:57pm 24 0 0.08 10 25 6:14pm W 29.97 100 17 38.0 40.1 12:27pm 34.7 12:22am 25 0 0.06 9 20 11:01am WNW 29.97 100 18 40.6 44.2 3:43pm 36.9 11:53pm 24 0 0.00 5 15 3:19am WNW 29.99 98 19 49.3 65.1 2:13pm 32.5 3:34am 16 0 0.00 4 20 2:56pm ESE 30.04 72 20 53.0 58.3 10:37am 47.1 6:54am 12 0 0.18 1 9 9:07am ESE 30.10 80 21 53.9 63.1 2:33pm 44.1 11:58pm 11 0 0.00 2 15 12:08pm SE 30.04 72 22 53.8 67.5 1:56pm 40.3 5:23am 11 0 0.00 3 14 10:50am ENE 29.97 63 23 53.0 61.0 3:18pm 41.5 5:48am 12 0 0.00 5 17 10:19am SE 29.96 78 24 47.0 55.4 12:46am 37.0 10:54pm 18 0 0.00 11 33 3:31pm W 30.01 74 25 42.3 57.6 12:52pm 28.6 7:11am 23 0 0.00 7 25 2:15pm W 30.11 60 26 34.0 45.9 1:49pm 25.7 6:45am 31 0 0.00 4 25 2:17pm WNW 30.18 66 27 48.5 67.5 2:08pm 27.0 12:00am 17 0 0.00 6 19 11:02am SSW 30.03 54 28 54.9 66.0 2:37pm 43.0 1:38am 10 0 0.00 7 24 4:04pm SSW 29.89 54 29 51.9 61.3 10:31am 38.3 11:53pm 12 0 0.25 9 29 10:46am SW 29.91 90 30 38.3 51.6 2:33pm 27.5 7:14am 27 0 0.00 3 14 2:58pm N 30.14 77 --------------------------------------------------------------------------------------- TOT 52.1 76.3 11/7/09 25.7 11/26/09 397 14 1.02 5 33 11/24/09 SSW 30.06 73 HEAT BASE: 65.0 COOL BASE: 65.0