NOAA style reports

NOAA-Style Climate Reports for Bentonville Arkansas (nwarwx.com)


Report for 2009 Dec
                  MONTHLY CLIMATOLOGICAL SUMMARY FOR 12/2009
                                        HEAT  COOL        
     MEAN                               DEG   DEG       WIND SPEED       DOM MEAN  MEAN
DAY  TEMP  HIGH   TIME     LOW   TIME   DAYS  DAYS RAIN AVG  HI  TIME    DIR BAROM HUM
---------------------------------------------------------------------------------------
1    39.4  53.4   2:41pm  27.3   6:35am   26    0  0.00   3  16  11:22am SSE 29.93   66
2    38.4  42.8  11:12am  32.2  11:59pm   27    0  0.00   7  25   9:35am   N 29.75   66
3    29.5  37.4   1:32pm  23.2  11:22pm   35    0  0.00   5  24   2:18pm  NW 30.16   56
4    24.6  34.9   2:26pm  14.2   7:04am   40    0  0.00   2  17   1:56pm WNW 30.25   55
5    30.2  41.5   2:16pm  17.1   2:31am   35    0  0.00   5  23  11:35am   S 30.10   50
6    34.1  42.8   1:56pm  25.5   4:39am   31    0  0.00   6  22   2:26pm  SE 30.04   68
7    35.8  37.4   3:24pm  32.7   9:03am   29    0  0.00   5  22   9:51pm  NE 30.14   91
8    40.4  46.8   4:12pm  34.5  11:58pm   24    0  0.31   9  40   8:37pm  NE 29.67   96
9    20.3  34.5  12:00am  12.9  11:58pm   45    0  0.00  15  48  12:18am WNW 29.90   64
10   19.2  33.6   2:57pm   8.1   6:13am   46    0  0.00   2  14   1:52pm WNW 30.23   57
11   31.8  43.0  11:58am  19.9   1:59am   33    0  0.00   5  20  11:59am ESE 30.27   48
12   40.8  47.7   1:40pm  33.4  12:00am   24    0  0.12   6  18   7:51pm ESE 30.05   79
13   44.8  54.3   3:39pm  40.6   7:37am   20    0  0.00   6  19   1:58am SSW 29.92   86
14   41.1  52.0  11:07am  25.2  11:55pm   24    0  0.00  10  28   9:28am SSW 29.98   70
15   26.4  36.7   3:07pm  19.4   7:41am   39    0  0.00   6  22  10:11am NNE 30.41   63
16   34.9  52.3   2:43pm  21.6  12:27am   30    0  0.00   4  18   2:47pm SSE 30.40   51
17   42.3  56.3   2:01pm  29.1   1:17am   23    0  0.00   3  20  11:58am   S 30.15   41
18   38.1  46.4   2:08pm  32.2   3:06am   27    0  0.00   6  20   3:59pm WNW 29.94   55
19   29.7  33.3  12:56am  26.2   7:47am   35    0  0.00   6  20   9:48am  NW 30.10   82
20   36.1  52.3   3:16pm  29.1  11:41pm   29    0  0.00   6  25   2:55pm WSW 30.13   73
21   42.5  62.2   3:55pm  24.8   6:35am   23    0  0.00   3  16   2:43pm  SE 30.07   68
22   52.1  56.1  11:05am  45.3  12:00am   13    0  0.00   7  21  12:41pm SSE 29.89   76
23   55.5  58.3   1:17pm  52.5  11:32pm    9    0  0.16   8  22  12:20pm  SE 29.76   94
24   42.1  52.9  12:00am  19.6  11:54pm   23    0  0.47   9  35  10:27pm  NW 29.50  100
25   20.8  24.1  10:41pm  16.2   7:56am   44    0  0.00  16  35   1:21pm  NW 29.71   68
26   25.6  30.0   2:43pm  21.6   7:09am   32    0  0.00  13  33   2:22pm WSW 29.90   60
27   23.8  27.1  11:41am  19.0   7:00am   41    0  0.00   8  25  11:24am WNW 30.11   71
28   27.3  37.0   3:37pm  21.2   6:58am   38    0  0.00   6  18  12:12pm   W 30.32   79
29   30.2  37.6   3:11pm  21.7   5:56am   35    0  0.00   3  14   9:37am SSE 30.30   81
30   35.6  38.1   3:08pm  32.5   1:30am   29    0  0.24   4  16  11:00am SSW 30.00  100
31   31.3  37.2  12:03pm  19.6  11:57pm   34    0  0.00   5  15   6:30pm   N 30.15   93
---------------------------------------------------------------------------------------
TOT  34.4  62.2 12/21/09   8.1 12/10/09  943    0  1.30   6  48  12/9/09 WNW 30.04   71

HEAT BASE: 65.0
COOL BASE: 65.0