NOAA style reports

NOAA-Style Climate Reports for Bentonville Arkansas (nwarwx.com)


Report for 2010 Jan
                  MONTHLY CLIMATOLOGICAL SUMMARY FOR 1/2010
                                        HEAT  COOL        
     MEAN                               DEG   DEG       WIND SPEED       DOM MEAN  MEAN
DAY  TEMP  HIGH   TIME     LOW   TIME   DAYS  DAYS RAIN AVG  HI  TIME    DIR BAROM HUM
---------------------------------------------------------------------------------------
1    25.7  40.8   3:30pm  13.8   6:12am   39    0  0.00   3  17   9:17pm NNE 30.37   78
2    23.1  27.9   3:30pm  14.7   7:47am   42    0  0.00   7  16   1:50am  NE 30.36   63
3    24.8  28.0  12:58pm  19.8  11:54pm   40    0  0.13   5  16   9:13pm   E 30.28   93
4    14.7  21.9   2:39pm   6.6  11:28pm   50    0  0.02   5  14   1:11am   N 30.41   66
5    14.2  26.1   3:06pm   2.7   3:20am   49    0  0.00   2  13  11:55am   N 30.37   55
6    27.4  36.3   2:49pm  12.9  12:00am   38    0  0.00   4  17  10:46pm  SE 30.16   72
7    11.1  25.5  12:00am   5.0  11:27pm   54    0  0.00  12  33   4:49pm WNW 30.33   82
8     5.1  11.1   3:50pm  -0.0   7:28am   60    0  0.00   7  27   4:28am WNW 30.48   81
9    12.2  22.8   3:40pm   4.3   7:29am   53    0  0.00   4  14  11:24am NNE 30.49   71
10   18.2  33.6   4:04pm   2.3   4:44am   44    0  0.00   5  20   2:27pm  SW 30.48   56
11   32.9  44.4   3:38pm  25.5  11:56pm   32    0  0.00   8  19  12:47am  SW 30.32   56
12   27.5  40.1   3:36pm  20.5   4:15am   37    0  0.00   3  14   3:42am  NE 30.41   79
13   39.5  54.5   2:48pm  23.7   6:28am   25    0  0.00   6  23  11:15am   S 30.20   59
14   46.0  51.4  12:30pm  38.7   2:00am   19    0  0.00   5  19  10:40am   S 30.11   79
15   46.6  50.4   2:09pm  43.9   6:20am   18    0  0.00   2  10   8:44pm NNE 30.21  100
16   46.6  53.8   1:40pm  43.2   8:37pm   18    0  0.08   4  14   1:18pm NNE 30.05   90
17   41.6  46.9   3:17pm  32.2  11:19pm   23    0  0.04   3  14   2:43am   N 29.93   99
18   45.5  60.1   3:21pm  30.7   5:12am   20    0  0.00   4  23   4:14pm  SE 29.94   82
19   56.0  64.4   3:36pm  46.4   1:05am    9    0  0.05   5  21  11:38am   E 29.79   82
20   56.4  63.7   2:50pm  50.2   6:45pm    9    0  0.24   7  25  10:13pm  SW 29.63   76
21   43.7  54.0  12:31am  40.3  11:35pm   21    0  0.39   7  23  12:42am WNW 29.60   99
22   46.7  62.2   3:43pm  38.1   6:34am   18    0  0.00   7  20   7:52pm ESE 29.78   83
23   49.7  52.2   4:49am  47.7  12:00am   15    0  0.51   6  24   9:39pm  SE 29.54   93
24   41.9  49.1  12:00am  33.8  11:58pm   23    0  0.04   9  25  10:00pm WNW 29.56   78
25   32.7  37.4   2:36pm  28.8   9:41pm   32    0  0.00  15  42  11:26am   W 29.81   54
26   32.1  41.5   3:07pm  24.6   7:14am   32    0  0.00   8  32  12:01am WNW 30.13   55
27   42.4  51.4   4:41pm  26.8  12:00am   23    0  0.00   5  29  12:57pm SSW 30.15   54
28   31.9  46.4  12:00am  26.8   7:30am   33    0  0.28  10  23   9:39pm  NE 30.31   62
29   24.5  29.5  12:00am  18.9  11:58pm   40    0  0.37   8  20   1:09am  NE 30.10   98
30   22.3  32.9   3:44pm  16.0   4:22am   43    0  0.04   3  13   2:46am NNE 30.15   92
31   24.9  29.8   3:53pm  21.2   1:25am   40    0  0.00   0   0  12:00am   N 30.24   99
---------------------------------------------------------------------------------------
TOT  24.7  64.4  1/19/10  -0.0   1/8/10 1001    0  2.19   6  42  1/25/10 WNW 30.25   75

HEAT BASE: 65.0
COOL BASE: 65.0