NOAA style reports

NOAA-Style Climate Reports for Bentonville Arkansas (nwarwx.com)


Report for 2010 Feb
                  MONTHLY CLIMATOLOGICAL SUMMARY FOR 2/2010
                                        HEAT  COOL        
     MEAN                               DEG   DEG       WIND SPEED       DOM MEAN  MEAN
DAY  TEMP  HIGH   TIME     LOW   TIME   DAYS  DAYS RAIN AVG  HI  TIME    DIR BAROM HUM
---------------------------------------------------------------------------------------
1    31.1  40.1   3:02pm  19.9   4:50am   34    0  0.04   1  12   1:41pm  SE 30.09   80
2    33.8  39.9  11:34am  25.3  11:57pm   31    0  0.00   5  16   8:24am WNW 30.15   86
3    34.6  46.6   2:38pm  23.5   3:28am   30    0  0.00   3  13  10:20pm ENE 30.20   77
4    34.8  38.3  12:05am  32.7   7:09am   30    0  0.35   5  14  11:54am ENE 30.03   90
5    34.8  36.5   1:20pm  33.4   9:41am   30    0  0.16   6  21   9:09pm WNW 29.84   99
6    34.7  37.6   3:22pm  33.1  12:33am   30    0  0.00   4  21   3:01am   N 30.07   88
7    34.7  37.4   2:06pm  32.9   6:34am   30    0  0.00   3  11  11:26am ENE 30.06   79
8    32.4  34.7   3:14pm  21.0  11:58pm   33    0  0.22   3  21   9:11pm NNE 29.96   99
9    20.9  28.2   3:09pm  11.8   7:02am   44    0  0.00   3  21  12:00am  NW 30.14   65
10   24.0  34.3   4:14pm  16.9   7:05am   41    0  0.00   3  14   1:23am WNW 30.23   72
11   32.0  36.1   3:46pm  27.9   1:40am   33    0  0.00   2  10   9:35am ESE 30.09   61
12   33.9  41.0   3:40pm  28.8   9:40pm   31    0  0.00   6  17   3:32pm WSW 30.02   78
13   37.9  50.7   3:45pm  29.5   3:09am   27    0  0.00   8  29   2:43pm  SW 29.94   83
14   30.8  38.3  12:00am  21.6  11:44pm   34    0  0.00  10  35   5:53pm WNW 30.01   75
15   23.2  27.9   4:35pm  17.6   5:32am   42    0  0.00   9  25  11:22am WNW 30.07   60
16   26.5  34.3   2:05pm  18.7   7:17am   38    0  0.00   6  21   3:33pm WNW 30.15   61
17   31.2  44.8   2:34pm  20.7   7:22am   34    0  0.00   5  20  12:20pm WNW 30.16   57
18   38.3  56.7   4:09pm  18.5   3:35am   26    0  0.00   3  14  12:48pm SSW 30.15   48
19   47.6  56.3   4:22pm  37.0   7:21am   17    0  0.00   6  27  12:47pm  SE 30.04   41
20   51.3  58.5  12:17pm  44.6   1:34am   14    0  0.00   3  14   3:27pm  SE 30.00   76
21   45.5  53.1  12:44am  31.6  11:57pm   19    0  0.63   7  23   3:50pm WNW 29.82   96
22   30.6  34.7   5:28pm  24.8  11:59pm   34    0  0.00   2  16  12:02am  NW 29.95   86
23   29.3  40.6   2:55pm  19.8   7:04am   36    0  0.00   6  22   8:16pm   N 30.05   63
24   26.7  38.8   3:45pm  15.8   7:05am   38    0  0.00   4  19  12:11am   N 30.16   50
25   36.0  50.9   3:40pm  21.9  12:02am   29    0  0.00   5  17   1:36pm   E 30.07   43
26   40.4  48.7   3:29pm  28.8  11:44pm   25    0  0.00   3  14  10:23am  NE 30.06   47
27   34.7  47.1  12:00pm  23.9   7:03am   30    0  0.00   4  27   1:03pm  NW 30.05   62
28   37.0  52.2   2:26pm  20.5   6:00am   28    0  0.00   3  14  12:35pm  NE 30.05   53
---------------------------------------------------------------------------------------
TOT  33.9  58.5  2/20/10  11.8   2/9/10  870    0  1.36   5  35  2/14/10 WNW 30.06   71

HEAT BASE: 65.0
COOL BASE: 65.0