NOAA style reports

NOAA-Style Climate Reports for Bentonville Arkansas (nwarwx.com)


Report for 2010 Mar
                  MONTHLY CLIMATOLOGICAL SUMMARY FOR 3/2010
                                        HEAT  COOL        
     MEAN                               DEG   DEG       WIND SPEED       DOM MEAN  MEAN
DAY  TEMP  HIGH   TIME     LOW   TIME   DAYS  DAYS RAIN AVG  HI  TIME    DIR BAROM HUM
---------------------------------------------------------------------------------------
1    39.0  44.4   2:20pm  34.5   1:20am   26    0  0.00   7  28  10:07pm NNE 30.07   52
2    32.1  37.2   5:42pm  21.9  10:53pm   33    0  0.00   6  19  12:00am NNE 30.09   69
3    33.9  50.4   3:21pm  19.8   3:42am   31    0  0.00   3  20   2:09pm NNE 30.11   64
4    40.1  57.4   3:13pm  21.0   6:43am   25    0  0.00   1  11   3:14pm   S 30.15   48
5    51.7  67.6   2:47pm  36.0   2:56am   14    0  0.00   3  16  11:12am ESE 30.14   42
6    55.1  66.2   3:04pm  43.7   4:07am   10    0  0.00   7  24  11:30am  SE 30.19   42
7    57.9  69.3   2:48pm  46.4  11:56pm    8    1  0.00   7  27   1:19pm  SW 30.11   44
8    51.9  64.6   1:37pm  41.9   1:34am   13    0  0.55   6  25   3:37pm  SE 29.92   61
9    57.4  65.7  12:43pm  50.5  11:59pm    8    0  0.00  11  44   1:29pm  SW 29.58   67
10   56.1  72.7  12:15pm  39.9   5:42am   10    1  0.04   8  36   8:11pm SSW 29.52   64
11   44.6  48.9   4:16pm  40.3  11:25pm   20    0  0.00   9  22   7:20am WSW 29.63   78
12   40.7  44.8  11:21am  38.3   2:07am   24    0  0.11  10  27   2:16pm   W 29.67   88
13   41.8  47.1   5:08pm  37.8   6:32am   23    0  0.00   9  29   1:26pm WNW 29.74   90
14   45.8  48.6   4:02pm  43.3   8:08am   18    0  0.00   6  19   8:28pm  NW 29.92   89
15   48.6  58.6   5:01pm  44.2   6:41am   16    0  0.00   6  22   1:21pm   N 30.19   85
16   45.1  53.6   4:23pm  38.3   6:02am   20    0  0.00   5  21   8:17pm NNE 30.26   85
17   42.7  45.5   3:23pm  39.7   8:49am   22    0  0.00   5  15  11:03pm NNE 30.18   91
18   50.2  62.2   4:41pm  41.4  11:58pm   15    0  0.00   3  17   3:25pm NNE 30.09   60
19   52.7  67.1   5:21pm  36.3   4:25am   13    0  0.00   5  23   1:09pm SSW 29.93   51
20   36.8  56.3  12:00am  30.7  10:18pm   28    0  0.59   9  27   2:12am   N 29.92   93
21   32.9  36.5  10:28pm  29.5   5:16am   32    0  0.69  10  24   6:49pm   N 29.83   98
22   41.5  52.9   5:11pm  32.4   7:41am   24    0  0.12   4  16  12:29am WNW 29.95   63
23   50.7  70.0   4:41pm  29.5   6:33am   15    1  0.00   5  23   4:30pm SSE 29.91   59
24   56.1  64.4  11:29am  47.5   1:19am    9    0  0.08   4  22  11:23am   E 29.86   66
25   47.7  55.2  12:00am  34.5  11:57pm   17    0  1.06   4  28   4:11pm   N 29.82   95
26   46.4  62.8   4:38pm  30.0   6:31am   19    0  0.00   5  21   2:51pm ESE 29.98   68
27   54.1  64.4   1:15pm  46.4   2:32am   11    0  0.05  13  38   1:12pm WSW 29.66   59
28   45.8  53.2   2:10pm  36.1  11:57pm   18    0  0.08   7  26   4:40pm  NW 29.92   79
29   48.9  66.0   4:24pm  31.5   6:16am   16    0  0.00   2  14   2:39pm SSW 30.01   65
30   60.9  76.3   4:22pm  44.2   1:00am    7    3  0.00   8  33   4:03pm SSE 29.85   41
31   69.7  81.3   4:06pm  61.9   6:54am    1    5  0.00  12  35  10:57am SSW 29.76   39
---------------------------------------------------------------------------------------
TOT  47.7  81.3  3/31/10  19.8   3/3/10  546   12  3.37   6  44   3/9/10   N 29.93   68

HEAT BASE: 65.0
COOL BASE: 65.0