NOAA style reports

NOAA-Style Climate Reports for Bentonville Arkansas (nwarwx.com)


Report for 2010 Apr
                  MONTHLY CLIMATOLOGICAL SUMMARY FOR 4/2010
                                        HEAT  COOL        
     MEAN                               DEG   DEG       WIND SPEED       DOM MEAN  MEAN
DAY  TEMP  HIGH   TIME     LOW   TIME   DAYS  DAYS RAIN AVG  HI  TIME    DIR BAROM HUM
---------------------------------------------------------------------------------------
1
2
3
4
5
6
7    47.7  50.7   7:54pm  45.7  11:44pm    3    0  0.00  11  25   8:51pm WNW 29.89   57
8    48.7  61.9   3:57pm  36.3   7:06am   16    0  0.00   7  25   3:59pm WNW 30.00   48
9    54.9  70.5   5:01pm  36.0   6:32am   11    1  0.00   4  24  12:52pm  SW 30.07   56
10   61.6  74.7   3:21pm  45.1   6:33am    6    3  0.00   5  23  11:27am SSE 30.14   48
11   58.6  78.3   3:52pm  48.7   4:00am    5    4  0.00   3  25   3:14pm  SE 30.19   65
12   66.7  79.3   4:09pm  53.2   6:21am    3    5  0.00   4  20   2:59pm  SE 30.18   56
13   68.9  80.1   4:07pm  51.4   6:31am    2    6  0.00   6  24   2:53pm ESE 30.15   48
14   69.3  79.7   3:32pm  55.2   6:29am    2    6  0.00   5  23  11:16am  SE 30.22   51
15   68.3  80.2   4:42pm  55.9   3:49am    2    5  0.00   5  22  11:04am SSW 30.22   58
16   62.4  76.3   1:21pm  52.0   6:33am    5    3  0.01   5  25   4:06pm NNE 30.17   84
17   54.2  56.7   4:06pm  48.6   9:55pm   11    0  0.11   4  17  10:52am  NE 30.13   98
18   55.4  62.6   2:46pm  50.4   7:17am   10    0  0.00   4  15   9:46am  NE 30.11   65
19   55.4  67.1   3:30pm  44.8  11:50pm   10    0  0.04   2  14  12:57pm NNE 30.11   77
20   55.0  69.6   3:11pm  39.9   6:15am   11    1  0.00   2  16  10:46am WSW 30.00   76
21   58.9  66.9   2:51pm  47.5  12:06am    6    0  0.00   2  15   1:17pm  SW 29.89   84
22   68.1  78.1   3:49pm  57.7   4:15am    2    5  0.00   5  24   4:07pm   S 29.76   72
23   68.4  74.1  11:23am  61.7  11:58pm    0    3  0.01   7  26   8:39am   S 29.63   90
24   58.5  66.4   4:07pm  51.8   9:57pm    7    0  1.43   5  29   3:16pm WSW 29.51   98
25   56.6  64.2   4:50pm  52.0   5:47am    8    0  0.00   9  32   5:03pm   W 29.61   94
26   53.6  61.5   1:10pm  44.6  11:09pm   11    0  0.00   8  23  11:00am WNW 29.81   86
27   50.2  61.5   5:45pm  42.3   3:49am   15    0  0.00   6  23   8:09am WNW 29.92   78
28   56.2  70.5   3:36pm  37.6   4:29am   10    1  0.00   6  25   5:55pm   S 29.89   71
29   70.7  80.4   3:52pm  62.6  12:00am    1    6  0.00  12  39   1:33pm   S 29.59   55
30   67.0  74.1  11:47am  59.2   3:29pm    2    4  0.47   9  37   4:37am SSW 29.52   92
---------------------------------------------------------------------------------------
TOT  58.3  80.4  4/29/10  36.0   4/9/10  157   53  2.82   5  39  4/29/10   S 30.00   64

HEAT BASE: 65.0
COOL BASE: 65.0