NOAA style reports

NOAA-Style Climate Reports for Bentonville Arkansas (nwarwx.com)


Report for 2010 May
                  MONTHLY CLIMATOLOGICAL SUMMARY FOR 5/2010
                                        HEAT  COOL        
     MEAN                               DEG   DEG       WIND SPEED       DOM MEAN  MEAN
DAY  TEMP  HIGH   TIME     LOW   TIME   DAYS  DAYS RAIN AVG  HI  TIME    DIR BAROM HUM
---------------------------------------------------------------------------------------
1    61.6  71.6   3:10pm  54.0   4:56am    4    1  0.04   4  20   7:59pm NNE 29.63   85
2    61.0  70.9   5:38pm  51.6   6:03am    5    1  0.00   3  14   2:15pm  SW 29.68   82
3    64.0  77.9   3:58pm  48.2   6:48am    5    4  0.00   4  20   3:19pm   W 29.88   72
4    65.8  79.2   5:02pm  48.7   6:21am    4    5  0.00   6  31   2:33pm SSW 29.90   68
5    69.9  82.8   4:14pm  56.7   6:43am    2    7  0.00   3  17   4:48pm NNE 29.82   62
6    72.0  84.7   5:54pm  56.3   2:47am    2    9  0.00   8  25   1:49pm   S 29.83   62
7    67.7  74.7  11:20am  53.1  11:57pm    1    4  0.00   9  28   8:49am  SW 29.84   69
8    53.6  66.9   4:54pm  41.5   6:53am   11    0  0.00   4  17   8:48am   N 30.28   57
9    56.2  64.0   2:49pm  50.2  12:27am    9    0  0.20   6  20  10:33pm ESE 30.23   65
10   57.5  66.4   9:40pm  50.2   3:00am    8    0  0.87   9  36   7:46pm ESE 29.90  100
11   69.9  74.8   3:06pm  64.9  12:00am    0    5  0.00   7  21   1:45am  SW 29.84  100
12   75.2  82.0   3:05pm  67.6   6:26am    0   10  0.00   7  31  12:48pm SSE 29.85   84
13   67.1  75.0  12:16am  59.7   9:09pm    1    3  0.35   6  50   6:34am  SW 30.00   96
14   63.1  71.6   3:31pm  57.7   6:33am    3    1  2.05   6  32   5:27am NNE 30.16   99
15   66.4  73.2   5:44pm  61.5  12:00am    1    2  0.12   4  15  12:34am ESE 30.06  100
16   66.7  74.1   4:19pm  61.5  11:56pm    1    2  0.71   1  16   6:28am   W 30.00   98
17   63.0  70.7   1:59pm  56.3   4:17am    3    1  0.04   4  23   2:27pm WNW 30.02   93
18   62.8  74.3   5:33pm  50.7   6:14am    5    2  0.00   3  17   8:07am  NE 30.02   76
19   62.1  68.7   4:35pm  57.0   2:48am    4    1  0.71   5  29  11:07pm   E 29.88   99
20   65.0  74.3   3:51pm  59.2   1:30am    2    2  0.67   8  27   5:36pm WSW 29.77   92
21   65.7  76.6   5:37pm  52.9   6:18am    3    4  0.00   5  25   1:08pm   W 29.94   85
22   75.4  86.0   2:40pm  60.6   3:09am    0   11  0.00   6  26  12:14pm   S 29.90   84
23   78.1  85.3   3:11pm  71.8   5:22am    0   13  0.00   8  27  11:59am SSW 29.94   86
24   79.3  87.3   3:40pm  71.8   6:33am    0   14  0.00   5  19   2:50pm   S 29.98   81
25   74.3  86.7   2:30pm  66.4   7:10pm    0    9  0.20   4  20   5:26pm   E 30.00   89
26   75.2  88.0   3:20pm  63.1   4:20am    0   10  0.00   2  13  12:23pm NNE 30.04   84
27   75.7  87.4   2:31pm  64.6   4:36am    0   11  0.00   2  14   1:20pm NNE 30.02   81
28   75.3  88.0   5:04pm  62.8   6:41am    0   11  0.00   3  14  11:48am NNE 29.97   80
29
30   78.7  86.5   3:31pm  63.9   6:39am    0   10  0.00   3  14  11:54am NNE 29.89   71
31   75.1  85.6   5:34pm  66.9  11:57pm    0   10  0.00   3  17  12:16pm WNW 29.94   84
---------------------------------------------------------------------------------------
TOT  68.2  88.0  5/26/10  41.5   5/8/10   75  165  5.94   5  49  5/19/10 NNE 29.94   83

HEAT BASE: 65.0
COOL BASE: 65.0