NOAA style reports

NOAA-Style Climate Reports for Bentonville Arkansas (nwarwx.com)


Report for 2010 Jun
                  MONTHLY CLIMATOLOGICAL SUMMARY FOR 6/2010
                                        HEAT  COOL        
     MEAN                               DEG   DEG       WIND SPEED       DOM MEAN  MEAN
DAY  TEMP  HIGH   TIME     LOW   TIME   DAYS  DAYS RAIN AVG  HI  TIME    DIR BAROM HUM
---------------------------------------------------------------------------------------
1    78.2  89.4   3:52pm  64.6   4:32am    0   13  0.00   5  22   3:26pm  SW 29.90   80
2    80.1  89.1   3:40pm  70.2   6:31am    0   15  0.00   6  24   2:50pm  SW 29.78   80
3    74.6  86.0   4:08pm  64.2   7:02am    0   10  1.18   5  24   6:06am NNE 29.80   81
4    76.9  87.4   4:25pm  64.4   6:08am    0   12  0.00   4  18   2:28pm  SW 29.82   85
5    79.1  88.7   4:54pm  67.5   6:24am    0   14  0.00   5  18  10:45am  SW 29.82   84
6    77.4  85.5   3:35pm  70.5   9:50pm    0   12  0.00   5  21   3:35pm NNE 29.98   70
7    70.5  77.2   4:18pm  64.8   9:57am    0    6  0.19   4  32   9:00am ESE 30.02   91
8    79.3  88.7   2:56pm  70.3   1:52am    0   14  0.00   6  25   2:31pm  SW 29.94   88
9    77.3  85.5   4:00pm  71.1   5:20am    0   12  0.01   3  30  10:48am  SW 29.98   93
10   76.7  83.8   2:34pm  69.4   5:55am    0   12  0.00   7  23   9:50am   S 29.90   92
11   78.8  86.0   5:58pm  73.0  12:21am    0   14  0.00   7  26  10:12am   S 29.89   92
12   82.0  89.8   4:51pm  76.6   6:22am    0   17  0.00   7  25  12:20pm  SW 30.01   87
13   81.7  89.8   2:54pm  72.9   6:21am    0   17  0.13   6  24   9:42am  SW 30.01   88
14   74.3  85.8   1:21pm  67.1   7:10am    0    9  0.31   5  39   5:47am  SW 29.97   94
15   74.7  84.9   5:09pm  67.1   5:28am    0   10  0.20   5  24   2:49pm WSW 29.98   89
16   75.7  88.5   1:35pm  67.6   4:18am    0   11  0.24   4  25   5:02pm WSW 30.06   94
17   81.1  90.7   4:04pm  70.0   1:40am    0   16  0.00   6  22  10:16am  SW 30.01   79
18   82.3  90.5   4:10pm  73.9   6:34am    0   17  0.00   6  22  11:56am  SW 29.99   77
19   81.5  93.7   4:47pm  72.3   8:14pm    0   17  0.31   5  33   7:17pm  SW 30.05   84
20   82.6  93.4   5:01pm  70.2   3:44am    0   18  0.00   4  17   3:34pm  SW 30.04   78
21   84.7  93.4   4:31pm  73.6   5:07am    0   20  0.00   5  20  12:37pm  SW 30.01   75
22   84.8  94.3   4:17pm  74.8   3:50am    0   20  0.00   5  17   1:34pm  SW 30.04   76
23   84.1  93.6   4:13pm  74.1   5:52am    0   19  0.00   4  20  10:10am  SW 30.04   74
24   82.5  91.9   3:16pm  73.9   5:10am    0   17  0.00   3  17   3:04am NNE 30.06   86
25   80.8  92.3   4:37pm  69.6   5:05am    0   16  0.00   4  17   5:06pm  SW 30.02   84
26   81.5  90.3   3:50pm  73.4   5:08am    0   16  0.00   7  24  11:23am  SW 29.92   85
27   80.5  92.1   3:12pm  70.7  11:58pm    0   16  0.09   8  35   5:57pm  SW 29.82   86
28   77.1  89.1   4:33pm  69.6  11:11pm    0   12  0.00   4  19   5:21pm NNE 29.91   83
29   77.4  89.2   3:59pm  63.5   6:09am    0   12  0.00   3  14   8:02pm NNE 30.05   75
30   75.7  86.0   4:16pm  64.2   6:22am    0   11  0.00   5  19   4:38pm NNE 30.12   72
---------------------------------------------------------------------------------------
TOT  79.1  94.3  6/22/10  63.5  6/29/10    0  424  2.66   5  39  6/14/10  SW 29.97   83

HEAT BASE: 65.0
COOL BASE: 65.0