NOAA style reports

NOAA-Style Climate Reports for Bentonville Arkansas (nwarwx.com)


Report for 2010 Jul
                  MONTHLY CLIMATOLOGICAL SUMMARY FOR 7/2010
                                        HEAT  COOL        
     MEAN                               DEG   DEG       WIND SPEED       DOM MEAN  MEAN
DAY  TEMP  HIGH   TIME     LOW   TIME   DAYS  DAYS RAIN AVG  HI  TIME    DIR BAROM HUM
---------------------------------------------------------------------------------------
1    75.2  86.7   4:38pm  63.5   1:41am    0   10  0.00   5  16  11:02am  NE 30.17   69
2    77.4  88.7   5:00pm  67.3   5:24am    0   12  0.00   5  14   8:26am ESE 30.10   66
3    75.4  80.2  10:36am  72.3   1:42pm    0   10  0.47   4  20  10:56am SSE 30.01   93
4    79.4  87.3   3:46pm  72.9   5:04am    0   14  0.04   6  23  12:48pm SSE 29.95   88
5    80.7  89.1   4:51pm  72.5   5:59am    0   16  0.00   6  26  10:35am  SW 29.91   82
6    77.8  85.5   4:49pm  72.5  12:59pm    0   13  0.00   4  16  10:08pm ESE 29.97   93
7    75.7  85.3   3:25pm  68.7   5:33am    0   11  0.31   2  28   4:22pm ESE 30.02   98
8    74.3  77.2   2:55pm  72.7  11:12pm    0    9  0.36   1  11   9:56am  SW 30.05  100
9    76.1  85.8   3:06pm  71.6  10:38pm    0   11  1.18   3  17   7:25pm WSW 30.06   95
10   77.8  89.2   5:15pm  69.8   5:24am    0   13  0.00   1  12   3:47pm WNW 30.01   88
11   81.0  90.9   4:19pm  71.6   1:03am    0   16  0.00   8  29   6:06pm  SW 29.84   88
12   77.9  83.5   5:41pm  70.0  11:04pm    0   13  0.83   5  19   6:00am  SW 29.78   98
13   79.3  89.1   4:46pm  68.9   6:04am    0   14  0.59   4  16   2:40pm   S 29.86   95
14   82.9  91.0   3:56pm  75.7   6:23am    0   18  0.00   5  22   5:32pm  SW 29.98   88
15   82.5  93.2   4:21pm  73.8  11:52pm    0   18  0.00   6  24  11:19pm  SW 30.02   91
16   78.3  89.6  11:10am  70.7   6:19am    0   13  0.02   2  22   3:20pm NNE 30.02   94
17   84.0  96.6   5:27pm  72.7   5:34am    0   19  0.00   3  12   9:21am  SW 29.98   84
18   84.8  94.6   4:29pm  74.5   6:48am    0   20  0.00   5  17   3:20pm  SW 29.97   78
19   84.4  92.5   4:22pm  75.7   2:06am    0   19  0.00   5  20  11:37am  SW 29.96   81
20   83.5  91.2   3:54pm  75.4   6:18am    0   19  0.00   6  19   2:13pm  SW 30.00   85
21   84.1  91.2   3:18pm  76.6   5:26am    0   19  0.00   5  19   5:15pm  SW 30.07   81
22   83.6  91.8   4:58pm  75.0   3:52am    0   19  0.00   6  23  10:08am  SW 30.02   78
23   83.4  90.7   4:01pm  76.3   3:03am    0   18  0.00   7  22   2:11pm SSW 30.01   81
24   82.7  91.4   5:10pm  75.9  11:56pm    0   18  0.00   7  26   9:11am  SW 30.02   81
25   81.6  93.0   4:56pm  70.0   5:57am    0   17  0.00   4  19  12:25am NNE 30.06   81
26   81.6  93.0   4:51pm  72.9   3:48am    0   17  0.00   4  17   7:18pm  SW 30.04   79
27   80.5  90.7   3:44pm  70.7   5:49am    0   15  0.00   4  17  10:40am  SW 30.03   82
28   81.7  91.2   4:28pm  72.3   6:31am    0   17  0.00   5  17  10:56am  SW 30.09   84
29   82.3  92.1   4:25pm  73.6   6:29am    0   17  0.00   5  17   6:37pm  SW 30.10   82
30   83.1  94.3   4:54pm  73.6   3:50am    0   18  0.00   6  22   1:05pm  SW 29.98   71
31   84.4  96.8   1:44pm  71.2   5:03am    0   19  0.00   3  20  12:10pm  SW 29.89   71
---------------------------------------------------------------------------------------
TOT  80.6  96.8  7/31/10  63.5   7/1/10    0  482  3.81   5  29  7/11/10  SW 30.00   85

HEAT BASE: 65.0
COOL BASE: 65.0