NOAA style reports

NOAA-Style Climate Reports for Bentonville Arkansas (nwarwx.com)


Report for 2010 Sep
                  MONTHLY CLIMATOLOGICAL SUMMARY FOR 9/2010
                                        HEAT  COOL        
     MEAN                               DEG   DEG       WIND SPEED       DOM MEAN  MEAN
DAY  TEMP  HIGH   TIME     LOW   TIME   DAYS  DAYS RAIN AVG  HI  TIME    DIR BAROM HUM
---------------------------------------------------------------------------------------
1    77.4  87.3  10:22am  71.2   7:05pm    0   12  0.10   7  26   9:38am SSW 29.93   89
2    78.5  91.8   3:04pm  66.2  11:58pm    0   14  1.34   6  35   8:47pm SSW 29.90   83
3    67.3  80.1   4:19pm  55.2  11:32pm    2    4  0.04   5  23  11:05am   N 30.12   70
4    65.5  82.6   4:34pm  47.7   6:50am    5    5  0.00   2  13   2:49pm NNE 30.09   64
5    72.5  86.4   4:04pm  54.3   6:23am    2    9  0.00   5  20  12:01pm   S 29.93   46
6    79.1  90.5   4:05pm  67.3   5:49am    0   14  0.00   8  31  11:42am   S 29.87   43
7    74.5  83.3   1:23pm  70.3   5:56am    0    9  0.00   3  17   3:39pm  SW 30.06   94
8    71.9  76.5  12:45pm  69.8   1:58am    0    7  0.47   4  13  10:21pm ESE 30.05  100
9    72.9  81.0   6:13pm  68.9   2:31am    0    8  1.69   6  22  11:42am  SW 29.82   98
10   81.4  91.4   4:05pm  72.9  12:47am    0   16  0.00   6  23   1:29pm SSW 29.80   82
11   74.9  85.8   4:14pm  61.9  11:38pm    0   10  0.07   4  31   3:02am NNE 29.95   82
12   71.5  86.5   4:49pm  58.3   7:05am    2    8  0.00   2  14  10:57am ESE 30.13   65
13   68.6  79.2   6:01pm  61.7   4:17am    1    4  0.67   1  14   8:56am ESE 30.09   90
14   68.4  74.3   3:12pm  62.6   8:18am    0    4  1.10   4  30   7:23am   S 30.04   96
15   75.7  87.8   3:03pm  66.7  12:00am    0   11  0.00   4  22  11:47pm  SW 29.97   82
16   73.2  83.8   3:45pm  65.7  11:58pm    0    8  0.04   4  19  12:19am NNE 29.99   89
17   75.3  90.0   5:26pm  63.9   5:21am    0   10  0.00   2  14   7:24pm SSW 30.04   84
18   79.1  91.4   4:08pm  68.7   7:10am    0   14  0.00   2  12  11:43am  SW 30.07   79
19   78.3  92.1   2:40pm  67.1   6:29am    0   13  0.00   1  11  12:48pm NNE 30.09   78
20   77.7  90.5   2:02pm  65.8   7:23am    0   13  0.00   3  19   4:09pm  SE 30.01   66
21   75.9  86.4   4:29pm  64.8   4:03am    0   11  0.00   5  32   3:08pm SSW 29.94   72
22   77.0  86.0   3:45pm  67.5   2:22am    0   12  0.00   4  19   4:04pm SSE 29.99   75
23   78.0  85.8   3:12pm  69.6   6:20am    0   13  0.00   7  34  11:27am SSW 29.97   70
24   73.4  83.5   4:15pm  57.6  11:32pm    1    9  0.55   4  20   4:41am   N 30.08   82
25   64.4  77.2   5:32pm  53.8   6:57am    4    3  0.00   3  16   4:32pm  SW 30.07   81
26   57.8  63.1   1:35am  50.5  10:16pm    7    0  0.00   8  23   3:13am NNE 30.04   89
27   55.9  69.3   4:12pm  44.1   5:37am   10    1  0.00   2  14  10:00am   N 29.99   80
28   61.0  76.1   2:49pm  49.1   2:14am    7    3  0.00   4  17   9:45am  SW 29.86   81
29   63.3  78.4   4:22pm  49.8   6:35am    6    4  0.00   1  12  11:42am NNE 29.85   81
30   63.6  77.7   3:44pm  53.1   4:56am    5    4  0.00   4  22   1:57pm NNE 29.98   74
---------------------------------------------------------------------------------------
TOT  71.8  92.1  9/19/10  44.1  9/27/10   51  255  6.07   4  35   9/2/10  SW 29.99   79

HEAT BASE: 65.0
COOL BASE: 65.0