NOAA style reports

NOAA-Style Climate Reports for Bentonville Arkansas (nwarwx.com)


Report for 2010 Oct
                  MONTHLY CLIMATOLOGICAL SUMMARY FOR 10/2010
                                        HEAT  COOL        
     MEAN                               DEG   DEG       WIND SPEED       DOM MEAN  MEAN
DAY  TEMP  HIGH   TIME     LOW   TIME   DAYS  DAYS RAIN AVG  HI  TIME    DIR BAROM HUM
---------------------------------------------------------------------------------------
1    59.9  75.6   3:21pm  46.4   5:32am    8    3  0.00   2  15  11:12am NNE 30.12   73
2    56.9  70.2  12:30pm  46.4   5:09am    9    1  0.00   5  26   1:55pm NNE 30.14   75
3    49.5  62.8   4:29pm  37.6   5:32am   15    0  0.00   4  17  10:34am NNE 30.30   73
4    51.6  66.9   3:51pm  37.2   6:24am   14    0  0.00   2  12  10:00am ESE 30.31   70
5    54.9  71.6   4:26pm  39.4   6:39am   11    1  0.00   2  15  11:34am  SW 30.32   69
6    57.4  75.9   3:37pm  39.0   7:09am   10    3  0.00   3  16   1:50pm WSW 30.25   70
7    64.3  83.5   3:32pm  47.7   7:27am    6    6  0.00   3  14  11:27am WSW 30.16   72
8    66.3  83.5   3:17pm  52.2   7:01am    4    6  0.00   2  14   3:12pm  SW 30.10   72
9    65.1  81.7   3:39pm  50.5   7:32am    5    5  0.00   3  20   2:17pm  SW 30.05   66
10   65.3  81.9   2:43pm  49.8   6:42am    4    5  0.00   3  22   3:01pm  SW 29.96   64
11   64.8  74.8   2:24pm  55.6  11:49pm    3    2  0.00   4  20   2:46pm  SW 29.85   79
12   58.3  68.2   3:49pm  52.2   4:43am    7    0  0.00   2  17   2:50pm WNW 29.94   95
13   59.5  70.7   3:54pm  44.6  11:57pm    7    1  0.00   4  19  12:00pm   N 30.17   74
14   53.7  70.7   3:33pm  36.1   5:35am   12    1  0.00   4  22  12:23pm WSW 30.20   67
15   57.8  76.6   3:55pm  40.5   7:02am   10    3  0.00   1  12   1:48pm  SW 30.09   66
16   61.0  80.1   3:00pm  43.5   7:52am    8    4  0.00   3  17  12:47pm  SW 30.11   68
17   61.4  79.7   2:48pm  46.9   6:36am    8    4  0.00   3  17  11:46am  SW 30.07   68
18   62.5  80.6   3:01pm  48.9   4:03am    5    3  0.00   3  22  10:08pm  SW 29.95   76
19   59.2  64.0   3:49pm  49.8  11:59pm    6    0  0.35   2  20  12:07am NNE 29.98   99
20   56.1  73.4   3:34pm  41.7   5:12am   10    2  0.00   4  22   3:53pm  SW 30.01   84
21   62.0  79.3   3:43pm  47.1   6:13am    7    4  0.00   2  16   2:24pm WSW 30.02   73
22   66.5  76.3  12:39pm  55.4  12:48am    2    4  0.00   5  22   1:05pm ESE 29.99   69
23   66.5  72.9  12:02pm  58.8  11:39pm    2    3  0.51   8  31  12:20pm SSE 29.92   85
24   66.3  76.5   4:05pm  57.7  12:41am    2    3  0.00   5  26  12:20pm  SW 29.78   90
25   67.8  76.8   4:12pm  57.0   1:01am    2    5  0.00   8  32   7:32pm   S 29.47   82
26   59.1  74.7  12:29am  49.3  11:40pm    6    1  0.16  11  59  12:39am   W 29.59   55
27   53.6  63.1   5:45pm  41.7  11:04pm   11    0  0.00   4  17  12:19pm   W 29.93   55
28   47.8  59.2   4:32pm  34.0  11:59pm   17    0  0.00   4  22   9:14am WNW 30.34   50
29   45.2  66.4   3:42pm  27.7   7:03am   20    0  0.00   2  14   3:19pm SSW 30.31   63
30   54.1  71.1   2:36pm  36.9  12:00am   12    1  0.00   5  26  10:57am SSW 29.99   49
31   60.7  78.1   2:57pm  46.0   2:25am    8    3  0.00   4  24   4:42pm ENE 29.91   55
---------------------------------------------------------------------------------------
TOT  59.2  83.5  10/7/10  27.7 10/29/10  252   72  1.02   4  59 10/26/10  SW 30.04   71

HEAT BASE: 65.0
COOL BASE: 65.0