NOAA style reports

NOAA-Style Climate Reports for Bentonville Arkansas (nwarwx.com)


Report for 2010 Nov
                  MONTHLY CLIMATOLOGICAL SUMMARY FOR 11/2010
                                        HEAT  COOL        
     MEAN                               DEG   DEG       WIND SPEED       DOM MEAN  MEAN
DAY  TEMP  HIGH   TIME     LOW   TIME   DAYS  DAYS RAIN AVG  HI  TIME    DIR BAROM HUM
---------------------------------------------------------------------------------------
1    61.4  70.5   1:26pm  55.0   7:39am    4    1  0.00   5  20  11:25pm  NE 30.03   65
2    53.5  62.6   3:29pm  46.4  11:51pm   11    0  0.00   8  26  11:43am NNE 30.13   69
3    53.5  69.6   3:28pm  38.1   5:54am   12    1  0.00   5  25   9:29pm   N 30.09   53
4    50.0  59.4   3:37pm  42.4   7:28am   15    0  0.00   6  32   2:46pm   N 30.09   46
5    40.0  52.0   3:46pm  27.5  11:57pm   25    0  0.00   3  20   2:28pm   N 30.17   50
6    42.9  63.0   3:32pm  23.9   7:17am   22    0  0.00   2  18  12:47pm SSE 30.29   52
7    53.2  68.0   1:38pm  39.0   4:06am   12    0  0.00   5  22  12:19pm SSW 30.24   40
8    57.0  70.2   2:02pm  43.5  12:08am    9    1  0.00   6  32  11:32am SSW 30.00   53
9    60.3  70.7   2:22pm  48.7   2:49am    6    1  0.00   6  24   1:22pm   S 29.90   61
10   62.7  72.0   3:25pm  55.6  11:58pm    3    1  0.00   4  27  12:50pm SSW 29.96   84
11   63.7  74.8   3:00pm  54.7   6:53am    3    2  0.00   3  17  12:42pm   S 30.18   88
12   61.1  72.5   1:36pm  43.3  11:33pm    5    1  0.18   7  30   8:39pm SSE 30.10   76
13   41.2  52.0   2:49pm  31.1  10:27pm   24    0  0.00   7  26   3:08am WNW 30.13   86
14   42.2  55.8   2:34pm  28.2   7:08am   23    0  0.00   3  16  12:52pm  SW 30.03   77
15   47.8  58.1   2:02pm  35.2   5:26am   17    0  0.00   4  22   7:54pm  NE 29.81   67
16   46.8  58.3   2:45pm  37.6  11:44pm   18    0  0.08   5  24   1:27pm   W 29.76   83
17   48.3  58.3   1:17pm  38.1  12:00am   17    0  0.10   6  22   1:34pm   E 29.93   83
18   38.6  43.9   2:59pm  32.4   9:29pm   26    0  0.00   3  22  12:33am   N 30.28   96
19   45.7  60.3   2:33pm  33.4   2:28am   19    0  0.00   6  28  12:08pm SSW 30.11   75
20   52.0  61.7  11:45am  37.8   1:16am   13    0  0.00   8  25  12:32pm   S 30.03   84
21   63.2  68.7   1:09pm  54.3  12:00am    3    1  0.00  12  34  11:19am   S 29.93   93
22   64.0  71.6   3:26pm  45.9  11:28pm    3    2  0.03  11  35   6:37pm SSW 29.87   92
23   48.7  59.2   1:25pm  36.9   5:59am   16    0  0.17   8  22  10:55am  NE 30.05   68
24   63.5  72.5   2:29pm  48.4  12:35am    4    3  0.12  11  40   2:07pm SSW 29.74   94
25   33.9  66.7  12:00am  23.2  11:58pm   31    0  1.46   3  38  12:00am   N 29.92  100
26   31.3  47.8   2:51pm  18.3   6:32am   34    0  0.04   4  27   2:30pm WSW 30.16   77
27   41.0  57.9   3:01pm  25.0   6:47am   24    0  0.00   3  17   1:01pm SSW 30.14   55
28   47.4  58.3   1:21pm  30.6   6:37am   18    0  0.00   8  30   2:12pm  SE 29.93   48
29   50.5  61.2   2:59pm  32.7  11:00pm   15    0  0.08  10  31   5:51pm SSE 29.75   76
30   30.9  38.3   2:53pm  22.6  11:58pm   34    0  0.00  11  38  12:41pm WNW 30.05   62
---------------------------------------------------------------------------------------
TOT  49.9  74.8 11/11/10  18.3 11/26/10  467   13  2.24   6  40 11/24/10 SSW 30.03   72

HEAT BASE: 65.0
COOL BASE: 65.0