NOAA style reports

NOAA-Style Climate Reports for Bentonville Arkansas (nwarwx.com)


Report for 2010 Dec
                  MONTHLY CLIMATOLOGICAL SUMMARY FOR 12/2010
                                        HEAT  COOL        
     MEAN                               DEG   DEG       WIND SPEED       DOM MEAN  MEAN
DAY  TEMP  HIGH   TIME     LOW   TIME   DAYS  DAYS RAIN AVG  HI  TIME    DIR BAROM HUM
---------------------------------------------------------------------------------------
1    30.8  43.7   2:18pm  19.8   4:42am   34    0  0.00   2  20  11:48am   W 30.18   63
2    42.3  59.4   2:50pm  28.6   2:32am   23    0  0.00   3  22  10:00am WNW 30.13   56
3    46.4  63.7   1:13pm  29.1   7:04am   19    0  0.00   4  23   1:13pm SSE 30.04   67
4    41.2  52.0   2:51am  28.0  11:54pm   24    0  0.00   8  30   8:03am   N 30.13   71
5    27.6  36.9   3:16pm  19.9  11:25pm   37    0  0.00   5  17   5:48am   N 30.43   69
6    26.2  39.7   3:01pm  16.7   4:01am   39    0  0.00   3  17  12:34pm WNW 30.38   71
7    32.8  48.4   2:34pm  17.1   5:52am   32    0  0.00   3  14   7:14pm NNE 30.21   69
8    33.0  46.6   2:03pm  19.4   6:52am   32    0  0.00   2  14   2:22pm WNW 30.24   61
9    40.5  52.0   2:36pm  29.1   1:03am   24    0  0.00   6  27   1:04pm SSW 30.07   72
10   43.2  52.7   3:14pm  30.0   4:28am   22    0  0.00   3  13  10:51pm ESE 29.98   79
11   42.0  53.2   4:03am  23.5  11:43pm   23    0  0.00  13  50   5:53pm WNW 29.85   75
12   23.5  30.2   2:31pm  17.8  11:59pm   41    0  0.00  12  38  12:04am WNW 30.15   52
13   19.8  30.7   3:21pm  10.4   6:27am   45    0  0.00   3  16   3:20am NNE 30.24   45
14   32.1  44.4   3:11pm  22.3  12:42am   33    0  0.00   6  17   2:39pm   E 30.05   43
15   38.2  48.0  12:51pm  30.0  12:45am   27    0  0.00   8  20   3:18pm   E 29.68   80
16   35.9  45.3   2:52pm  30.2   7:31pm   29    0  0.00   5  18   5:20am   N 29.90   82
17   37.5  44.6  12:24pm  32.2   4:48am   27    0  0.00   2  11   8:02pm NNE 30.16   68
18   34.2  43.5   1:25pm  20.5   7:23am   31    0  0.00   2  10  11:52am WSW 30.11   77
19   40.0  52.2   2:25pm  28.2   6:50am   25    0  0.00   5  20  12:18pm  SE 29.99   68
20   47.8  55.4   2:33pm  39.6  12:00am   17    0  0.00   8  30  10:19am  SE 29.79   72
21   48.5  58.8   1:11pm  42.3   7:17am   16    0  0.00   4  17   7:51pm   N 29.89   92
22   33.8  44.1  12:00am  26.1   7:39am   31    0  0.00   7  20   6:08am NNE 30.30   66
23   34.7  46.9   2:53pm  24.3   7:34am   30    0  0.00   7  19  10:50pm ENE 30.30   70
24   36.1  39.9   1:35am  34.2  11:59pm   29    0  0.20   6  17  12:11pm WNW 30.17   92
25   30.3  34.2  12:00am  27.7  11:41pm   35    0  0.00   1  17   1:00am NNW 30.30   91
26   23.7  28.9   3:53pm  16.9  10:00pm   41    0  0.00   0   0  12:00am   N 30.34   77
27   28.1  42.4   3:20pm  14.4   4:50am   37    0  0.00   3  17  11:56am SSE 30.25   73
28   36.9  44.8   3:16pm  24.3  12:09am   28    0  0.00   4  19  12:28pm   S 30.13   84
29   48.9  54.9  11:45pm  40.5   1:36am   15    0  0.08   6  32  11:34pm SSE 29.74  100
30   58.9  63.9   3:41pm  54.9  12:00am    6    0  0.00  10  35  12:20pm SSE 29.58   93
31   52.5  64.0   5:54am  27.7  11:59pm   12    0  0.00  13  40  12:40pm WSW 29.73   66
---------------------------------------------------------------------------------------
TOT  37.0  64.0 12/31/10  10.4 12/13/10  866    0  0.96   5  50 12/11/10 SSE 30.08   72

HEAT BASE: 65.0
COOL BASE: 65.0