NOAA style reports

NOAA-Style Climate Reports for Bentonville Arkansas (nwarwx.com)


Report for 2011 Jan
                  MONTHLY CLIMATOLOGICAL SUMMARY FOR 1/2011
                                        HEAT  COOL        
     MEAN                               DEG   DEG       WIND SPEED       DOM MEAN  MEAN
DAY  TEMP  HIGH   TIME     LOW   TIME   DAYS  DAYS RAIN AVG  HI  TIME    DIR BAROM HUM
---------------------------------------------------------------------------------------
1    23.7  32.2   2:02pm  16.2  11:41pm   41    0  0.00   7  22  12:31pm WNW 30.16   52
2    25.6  40.6   3:26pm  11.7   5:37am   39    0  0.00   3  17   3:33pm SSW 30.28   57
3    36.7  50.9   2:58pm  22.6  12:21am   28    0  0.00   6  32   1:19pm SSW 30.10   51
4    38.1  49.3   2:23pm  25.3   6:23am   27    0  0.00   5  17  10:00am NNE 30.08   57
5    42.1  50.0   2:53pm  32.7   9:20pm   23    0  0.00   6  22   2:02pm   W 29.93   50
6    39.8  52.7   3:59pm  25.9   7:28am   25    0  0.00   8  35   2:42pm   W 29.91   57
7    41.5  52.9   2:00pm  32.5  11:55pm   23    0  0.00   9  40   2:13pm WNW 29.75   53
8    29.9  38.7   3:48pm  23.5   7:46am   35    0  0.00   6  17   5:30am WNW 29.93   57
9    25.8  29.5   2:54pm  23.2   4:59am   39    0  0.00   9  21  10:34pm   E 30.05   60
10   26.3  29.3   3:01pm  23.4   1:25am   39    0  0.00   6  18  11:29pm   E 30.11   97
11   16.2  25.9  12:00am  10.0   7:47am   49    0  0.00  12  32  10:50am WNW 30.43   77
12   11.0  20.7   3:34pm   3.7   7:23am   54    0  0.00   6  18  12:23am WNW 30.63   65
13   21.7  38.1   3:27pm   5.4   2:54am   42    0  0.00   5  20   1:03pm SSW 30.46   61
14   34.9  47.3   2:21pm  23.4   6:02am   30    0  0.00   6  17  10:40am SSW 30.26   57
15   38.8  53.4   2:20pm  27.0   5:53am   26    0  0.00   5  20   1:00pm  SW 30.18   72
16   35.0  47.3   3:39pm  26.8   7:29am   30    0  0.00   5  14  10:06am  NE 30.08   78
17   40.4  46.8   2:06pm  32.0   1:45am   25    0  0.01   6  26   3:47pm SSW 29.76   98
18   36.0  42.6   3:11am  29.3  11:58pm   29    0  0.00   4  19   7:47am   N 29.91   97
19   31.2  37.6   3:17pm  25.3   5:12am   34    0  0.00   3  20   7:14pm ENE 30.03   85
20   22.1  34.0  12:00am   9.3  10:34pm   43    0  0.26   5  22  12:35pm   N 30.15   87
21   22.4  31.8   1:11pm   8.8   1:32am   42    0  0.00   4  17  11:56am SSW 30.06   78
22   31.6  41.4   3:57pm  16.5   7:26am   33    0  0.00   5  14   9:44pm  SW 29.93   79
23   32.1  37.6  12:00am  24.3  11:44pm   33    0  0.00   6  19   4:52pm WNW 30.00   89
24   31.4  45.7   4:33pm  24.1  12:49am   33    0  0.00   3  11  12:45am   W 30.08   85
25   30.4  43.0   2:21pm  22.1   3:36am   35    0  0.00   3  18  10:16am   N 30.10   82
26   32.4  46.0   1:56pm  20.8   3:42am   33    0  0.00   5  22   2:43pm WNW 30.08   78
27   36.5  56.8   2:59pm  19.2   4:01am   28    0  0.00   7  32   3:03pm  SW 30.01   70
28   44.5  66.9   3:59pm  25.9   7:06am   21    0  0.00   4  25   2:51pm  SW 29.94   66
29   52.1  73.9   1:47pm  34.5   7:27am   14    2  0.00   4  24   1:34pm  SW 29.91   48
30   42.7  51.3   1:48am  37.6   9:03am   22    0  0.00   7  20   3:35pm NNE 30.02   69
31   42.0  48.9   9:36am  32.5  11:44pm   23    0  0.29   7  20  10:53pm NNE 29.98   93
---------------------------------------------------------------------------------------
TOT  32.8  73.9  1/29/11   3.7  1/12/11 1000    2  0.29   6  40   1/7/11 WNW 30.08   71

HEAT BASE: 65.0
COOL BASE: 65.0