NOAA style reports

NOAA-Style Climate Reports for Bentonville Arkansas (nwarwx.com)


Report for 2011 Feb
                  MONTHLY CLIMATOLOGICAL SUMMARY FOR 2/2011
                                        HEAT  COOL        
     MEAN                               DEG   DEG       WIND SPEED       DOM MEAN  MEAN
DAY  TEMP  HIGH   TIME     LOW   TIME   DAYS  DAYS RAIN AVG  HI  TIME    DIR BAROM HUM
---------------------------------------------------------------------------------------
1    19.8  32.5  12:00am  11.1  11:58pm   45    0  0.80  16  36  12:11pm   N 29.94  100
2     8.9  15.6   3:50pm   1.2  11:11pm   56    0  0.00  12  21  12:00am   N 30.46   88
3    13.2  26.4   3:15pm  -2.2   4:33am   52    0  0.00   5   5  12:00am  NE 30.48   68
4    23.3  27.7  11:04am  19.8   1:31am   42    0  0.17   2   5  12:00am NNE 30.13   87
5    28.9  41.0   4:08pm  17.6   2:53am   36    0  0.00   3  20   2:23pm SSW 29.79   82
6    34.6  43.0   2:25pm  27.3   6:28am   30    0  0.08   3  17   5:29pm   N 29.92   89
7    29.6  33.8  12:00am  19.4  11:32pm   35    0  0.00   6  22   7:44am   N 30.13   87
8    23.0  28.0   3:15pm  18.7   4:20am   42    0  0.00   7  24   9:26am  NE 30.26   75
9    16.6  25.9   1:39pm   2.1  11:58pm   48    0  0.00   7  22   1:19am  NE 30.27   90
10    6.8  26.6   3:35pm -13.2   6:54am   58    0  0.00   3  17   2:05pm  SW 30.27   67
11   22.5  41.4   3:43pm   1.6   2:26am   42    0  0.04   6  22   2:00pm  SW 30.22   52
12   34.6  51.8   3:10pm  16.0   5:38am   30    0  0.00   4  16   1:48pm  SW 30.27   63
13   47.0  61.0   3:43pm  28.2   7:08am   18    0  0.00   6  17  11:02am  SW 30.06   49
14   46.6  60.8   3:14pm  30.9   6:02am   18    0  0.00   4  14  11:38am NNE 30.20   55
15   53.3  61.9   4:03pm  45.3   5:46am   12    0  0.00   7  29  12:09pm ESE 30.07   67
16   57.4  64.2   3:33pm  49.3   1:00am    8    0  0.00   8  29   3:55pm   S 29.95   94
17   63.6  71.4   3:24pm  59.0  12:00am    2    1  0.00  14  40  12:29pm SSW 29.85   83
18   60.9  68.9   1:40pm  55.8   8:09am    5    1  0.00   6  21  12:05pm   E 30.11   68
19   62.0  72.5   3:46pm  54.7   7:04am    4    1  0.00   7  22   3:11pm ESE 30.10   77
20   60.6  63.9  10:24am  57.2  12:00am    4    0  0.00  10  40  10:18am SSW 29.81   89
21   46.6  62.6   3:26am  32.2  11:48pm   18    0  0.08   6  23   4:19am   N 29.83   88
22   39.0  54.7   4:20pm  22.3   7:17am   26    0  0.00   5  14  11:19am ENE 30.12   54
23   55.1  67.6   3:53pm  42.8   1:07am   10    0  0.00   7  27  12:44pm SSE 29.96   63
24   50.5  60.3  12:11pm  35.6  11:59pm   14    0  0.59   5  25   2:27pm ENE 29.77  100
25   34.7  37.4   4:32pm  32.5   3:07am   30    0  0.00   4  17   2:10am ENE 30.08   95
26   43.9  55.8   1:40pm  35.1  12:00am   21    0  0.00   5  23   1:45pm ESE 29.90   90
27   63.7  69.4   2:20pm  50.0  12:00am    2    1  0.00  10  32   2:41pm SSW 29.64   94
28   44.9  64.0  12:00am  30.4  11:23pm   20    0  0.08   7  30   6:45am   N 30.01   81
---------------------------------------------------------------------------------------
TOT  39.0  72.5  2/19/11 -13.2  2/10/11  732    4  2.28   7  40  2/17/11   N 30.06   78

HEAT BASE: 65.0
COOL BASE: 65.0