NOAA style reports

NOAA-Style Climate Reports for Bentonville Arkansas (nwarwx.com)


Report for 2011 Mar
                  MONTHLY CLIMATOLOGICAL SUMMARY FOR 3/2011
                                        HEAT  COOL        
     MEAN                               DEG   DEG       WIND SPEED       DOM MEAN  MEAN
DAY  TEMP  HIGH   TIME     LOW   TIME   DAYS  DAYS RAIN AVG  HI  TIME    DIR BAROM HUM
---------------------------------------------------------------------------------------
1    45.3  66.7   3:59pm  26.4   5:08am   20    0  0.00   4  23   2:11pm  SW 30.22   64
2    50.8  68.0   4:20pm  32.7   5:59am   14    0  0.00   3  16   3:46pm ENE 30.19   60
3    56.4  69.4   2:46pm  44.6   4:47am    9    1  0.00   7  28   1:38pm ESE 30.01   57
4    57.2  68.0  11:58am  41.7  11:54pm    8    0  0.31   7  30   9:48am ESE 29.90   81
5    35.1  44.1   4:21pm  27.5  11:42pm   30    0  0.00   5  22   6:46am NNE 30.20   91
6    38.5  53.8   4:08pm  23.5   4:47am   27    0  0.00   4  16  12:35pm ESE 30.16   73
7    44.2  54.7   4:11pm  37.0   5:42am   21    0  0.00   8  20  12:06pm  SE 29.97   60
8    49.0  55.2   3:19pm  42.3   1:11am   16    0  0.00   7  22  11:18pm ESE 29.80   99
9    39.4  45.9  12:00am  36.5  11:53pm   26    0  0.00  10  34  12:49pm WNW 30.05   92
10   38.9  52.9   3:56pm  27.5   6:36am   26    0  0.00   6  24   1:40pm WNW 30.28   66
11   51.9  68.5   4:00pm  29.8   3:46am   14    1  0.00   7  32   2:54pm SSW 30.06   48
12   58.6  72.9   3:59pm  42.4   4:26am    8    1  0.00   5  20   5:41pm NNE 30.02   43
13   54.5  62.6   3:17pm  45.1  11:35pm   10    0  0.08   9  27  11:16pm  NE 30.09   54
14   38.5  45.1  12:00am  35.4  11:21pm   26    0  0.91   7  31   3:22am   N 30.11  100
15   42.3  56.3   5:58pm  33.8   6:30am   23    0  0.00   4  18   2:11pm WNW 30.16   82
16   54.8  69.1   4:58pm  36.9  12:28am   11    1  0.00   6  22   2:27pm SSE 30.13   71
17   66.0  73.4   5:51pm  60.4   7:40am    1    2  0.00  11  34   3:43pm SSW 29.99   78
18   62.6  71.4  12:18pm  55.6  11:56pm    3    1  0.00   7  23  10:40pm NNE 30.12   80
19   59.6  69.8   3:51pm  51.3   6:51am    6    1  0.00   9  24   9:54am ESE 30.18   64
20   67.5  77.9   4:26pm  58.8   6:59am    2    4  0.00   9  28  12:44pm SSW 30.08   64
21   66.5  73.9   1:58pm  60.4   3:21am    1    2  0.00   7  27  12:37pm SSW 30.05   70
22   67.2  73.4   5:17pm  63.1   2:10am    0    2  0.00  11  42   4:50pm SSW 29.78   68
23   62.5  68.2  12:00am  50.9  11:56pm    3    1  0.00  12  36   1:46pm WNW 29.80   54
24   46.7  57.4   5:30pm  34.7   7:35am   18    0  0.00   6  19  10:06am   N 30.05   54
25   50.5  61.2   5:29pm  40.8   6:37am   14    0  0.00   8  23   5:28am ESE 29.84   65
26   40.4  44.6  12:00am  34.3  11:42pm   25    0  0.43   9  29   5:21am  NE 29.78   99
27   37.0  42.8   5:28pm  33.8   2:32am   28    0  0.00   7  20   4:56am  NE 29.97   96
28   44.4  54.7   4:17pm  35.4   3:21am   21    0  0.00   6  17  12:49pm  NE 30.01   81
29   46.0  49.5   1:08am  42.4  11:42pm   19    0  0.16   5  14   1:43am  NE 30.03   95
30   39.1  42.4  12:00am  35.8   7:25am   26    0  0.00   5  19   6:45am NNE 30.03   91
31   37.5  41.2  10:07am  32.2   7:19am   27    0  0.31   3  22   1:18am  SW 29.83   99
---------------------------------------------------------------------------------------
TOT  50.0  77.9  3/20/11  23.5   3/6/11  483   18  2.20   7  29  3/26/11  NE 30.03   74

HEAT BASE: 65.0
COOL BASE: 65.0