NOAA style reports

NOAA-Style Climate Reports for Bentonville Arkansas (nwarwx.com)


Report for 2011 Apr
                  MONTHLY CLIMATOLOGICAL SUMMARY FOR 4/2011
                                        HEAT  COOL        
     MEAN                               DEG   DEG       WIND SPEED       DOM MEAN  MEAN
DAY  TEMP  HIGH   TIME     LOW   TIME   DAYS  DAYS RAIN AVG  HI  TIME    DIR BAROM HUM
---------------------------------------------------------------------------------------
1    48.8  65.8   4:29pm  32.2   2:16am   16    0  0.08   4  26   1:30pm WNW 29.84   81
2    57.9  75.7   4:43pm  38.1   4:47am   10    3  0.00   4  20   4:14pm SSE 29.96   62
3    73.3  82.8   3:42pm  63.5  12:00am    0    8  0.00  14  41  11:31pm SSW 29.64   57
4    50.1  73.0  12:00am  35.8  11:57pm   16    1  0.12  10  42   1:36am WNW 29.81   67
5    49.5  67.1   4:54pm  28.6   5:44am   16    0  0.00   8  35   4:01pm  SW 29.98   49
6    63.7  75.4   4:02pm  54.0   2:03am    4    3  0.00  10  36  11:17am SSW 29.80   40
7    62.6  69.1  11:44am  55.6   1:59am    3    1  0.00   5  20   4:23pm SSE 29.79   78
8    73.3  87.3   5:28pm  63.9  12:00am    0    8  0.00   8  21   7:41pm SSW 29.80   78
9    76.8  86.0   5:07pm  68.0   5:58am    0   12  0.00   9  38  11:59am SSE 29.85   58
10   75.2  80.2  11:50am  66.9  11:56pm    0   10  0.04  11  40  12:39pm SSW 29.76   63
11   60.4  67.1  12:14am  47.7  11:59pm    5    0  0.55   5  30   3:13pm WNW 29.87   71
12   57.1  72.7   5:16pm  39.0   6:42am   10    2  0.00   2  14  11:16am  SW 30.07   56
13   63.2  77.2   5:26pm  43.0   7:01am    6    4  0.00   3  20  12:09pm SSW 29.98   56
14   67.4  77.4   4:40pm  57.0   1:48am    2    4  0.31   9  35   1:45pm ESE 29.77   57
15   48.3  60.1  12:00am  41.7  11:57pm   16    0  0.24  16  47   7:16pm ESE 29.58   87
16   47.3  62.2   5:37pm  38.5   8:08am   18    0  0.00  11  40   1:18am WNW 29.91   65
17   60.7  74.3   5:04pm  43.7   5:37am    7    3  0.00   8  33   5:30pm SSW 29.85   45
18   67.4  76.1   3:02pm  59.7   6:41am    1    4  0.00   7  24   2:23pm   S 29.69   73
19   70.3  82.8   2:36pm  49.5  11:57pm    2    7  0.00  12  34   2:48am SSW 29.63   81
20   53.7  66.7   4:38pm  43.7   5:48am   11    0  0.00   8  23  11:35am NNE 30.08   72
21   57.3  69.3   1:56pm  50.4   5:56am    8    0  1.87   8  27   4:09pm   E 30.02   77
22   69.7  80.2   2:36pm  58.3  12:00am    1    5  0.31  10  36  11:46am SSW 29.74   91
23   58.3  66.9  12:38am  51.6   7:33am    7    0  2.47   4  37   6:43am NNE 29.84  100
24   56.4  59.7   5:53pm  52.3   3:03am    9    0  2.53   6  23  12:06am  NE 29.88  100
25   59.0  61.3   9:45am  58.1   7:34pm    6    0  3.65   7  30   2:48am ENE 29.63  100
26   55.5  64.6   4:52pm  50.0   8:16am    9    0  0.12   6  23   9:33pm   W 29.53   94
27   50.5  54.9   3:49am  41.2  11:41pm   14    0  0.46   6  25   2:12pm NNE 29.59   96
28   55.1  69.8   5:27pm  40.1   6:13am   11    1  0.00   9  34  11:32am   W 29.99   71
29   62.3  76.1   3:46pm  44.6   4:59am    6    4  0.00   7  32   6:32pm SSE 29.87   59
30   66.3  72.0   5:09pm  61.0  11:49pm    1    2  0.00   9  28   7:43am  SW 29.70   67
---------------------------------------------------------------------------------------
TOT  60.6  87.3   4/8/11  28.6   4/5/11  215   83 12.90   8  47  4/15/11 SSW 29.81   72

HEAT BASE: 65.0
COOL BASE: 65.0