NOAA style reports

NOAA-Style Climate Reports for Bentonville Arkansas (nwarwx.com)


Report for 2011 May
                  MONTHLY CLIMATOLOGICAL SUMMARY FOR 5/2011
                                        HEAT  COOL        
     MEAN                               DEG   DEG       WIND SPEED       DOM MEAN  MEAN
DAY  TEMP  HIGH   TIME     LOW   TIME   DAYS  DAYS RAIN AVG  HI  TIME    DIR BAROM HUM
---------------------------------------------------------------------------------------
1    48.6  61.0  12:00am  42.1   6:45pm   16    0  1.19   7  24   3:04pm NNE 29.98   76
2    43.7  45.5   5:32pm  36.7  11:58pm   21    0  0.37   5  17  12:59pm NNE 30.16  100
3    49.0  66.4   3:31pm  33.8   6:28am   16    0  0.00   3  32   5:40pm   W 30.26   78
4    57.5  71.4   4:25pm  41.0   5:53am    9    2  0.00   4  18   2:08pm  SW 30.26   67
5    58.7  68.7   1:19pm  48.0   6:25am    7    0  0.19   5  24   1:09pm  SW 30.11   70
6    60.2  73.9   3:53pm  42.8   5:28am    7    3  0.00   4  22   4:41pm SSW 29.95   66
7    71.1  81.0   4:03pm  63.1   2:28am    0    6  0.00   6  20  10:53am  SW 29.76   60
8    75.0  87.6   2:49pm  63.7   5:15am    0   10  0.00   6  23   2:49pm   S 29.75   77
9    78.2  86.5   3:08pm  69.1   6:10am    0   13  0.00   9  30   1:32pm   S 29.68   71
10   77.0  83.8   1:16pm  73.0   9:59am    0   12  0.00   8  25   3:49pm SSW 29.74   68
11   75.1  83.8   4:00pm  63.9  11:55pm    0   10  0.25   8  41   7:34pm   S 29.80   74
12   67.6  79.2   4:21pm  58.8   7:05am    2    4  0.39   7  38   7:04pm SSW 29.83   85
13   55.5  61.0  12:00am  49.1  10:59pm    9    0  0.00   8  30   2:44pm   W 29.82   99
14   51.4  55.9   4:30pm  47.1   6:10am   13    0  0.00   6  25  10:15am WNW 29.93   75
15   52.7  59.7   5:47pm  42.4   5:42am   12    0  0.00   8  28   3:31pm WNW 29.94   68
16   55.7  68.5   4:54pm  43.3   6:13am   10    1  0.00   4  19  12:49pm   N 29.96   64
17   56.2  70.7   5:08pm  39.6   5:27am   10    1  0.00   3  15   4:42pm  NE 29.87   62
18   59.3  68.7   5:59pm  51.6   3:50am    6    1  0.05   6  18   1:02pm   E 29.74   72
19   69.3  77.4   3:56pm  61.0   3:40am    1    5  0.00   7  22   1:15pm  SE 29.78   75
20   66.9  70.9   8:29am  62.8   9:49pm    0    2  1.65   6  38   8:57am   S 29.81   93
21   70.9  80.2   4:20pm  61.3   4:53am    1    7  0.00   6  34   5:49pm   E 29.78   82
22   73.8  82.6   4:45pm  61.9   9:35pm    0    9  2.40  12  51  11:18pm   S 29.74   90
23   63.0  70.9  10:08am  60.3  12:36am    3    1  3.09   8  49   9:02pm ESE 29.84  100
24   69.1  78.4   4:44pm  57.9   4:18am    2    5  0.94   6  41  11:30pm  SE 29.76   90
25   68.5  76.6  11:20am  58.8  11:56pm    0    4  0.33  13  42   1:19am WSW 29.61   83
26   59.2  69.3   4:56pm  54.9   4:15am    6    0  0.00   6  22  12:27am WNW 29.91   88
27   65.5  78.4   5:24pm  53.4   6:12am    3    4  0.00   6  17   8:59am ESE 29.85   81
28   75.7  85.8   4:41pm  65.7   5:06am    0   10  0.00   6  24  12:37pm   E 29.69   81
29   79.2  87.6   4:23pm  71.6   4:22am    0   14  0.00  10  36  10:42am   S 29.75   58
30   78.3  84.6   4:05pm  72.5   6:42am    0   13  0.00  11  37  10:57am SSE 29.92   60
31   77.6  83.7   6:09pm  72.0  11:59pm    0   13  0.00   8  29  12:12pm  SW 30.11   77
---------------------------------------------------------------------------------------
TOT  64.8  87.6   5/8/11  33.8   5/3/11  155  150 10.90   7  42  5/25/11   S 29.87   77

HEAT BASE: 65.0
COOL BASE: 65.0