NOAA style reports

NOAA-Style Climate Reports for Bentonville Arkansas (nwarwx.com)


Report for 2011 Jun
                  MONTHLY CLIMATOLOGICAL SUMMARY FOR 6/2011
                                        HEAT  COOL        
     MEAN                               DEG   DEG       WIND SPEED       DOM MEAN  MEAN
DAY  TEMP  HIGH   TIME     LOW   TIME   DAYS  DAYS RAIN AVG  HI  TIME    DIR BAROM HUM
---------------------------------------------------------------------------------------
1    79.2  88.7   3:18pm  69.4   2:13am    0   14  0.00   4  24   5:10pm SSE 30.18   76
2    79.7  89.2   4:02pm  68.9   6:07am    0   15  0.00   6  27   3:14pm SSE 30.04   72
3    82.1  91.6   3:24pm  70.5   6:33am    0   17  0.00   6  25  10:34am SSW 30.01   70
4    79.8  91.6   3:48pm  66.9   6:12am    0   15  0.00   6  31   2:37pm WSW 30.13   68
5    79.2  92.3   3:53pm  66.0   5:52am    0   14  0.00   4  21   1:30pm  SW 30.10   72
6    80.4  90.9   2:39pm  68.0   6:22am    0   15  0.00   5  24  12:40pm  SW 29.99   69
7    80.8  90.7   3:44pm  67.1   5:06am    0   16  0.00   5  28  11:35am   S 29.90   64
8    79.9  89.4   2:56pm  72.9   6:39am    0   13  0.00   6  28  11:11am   S 29.88   63
9    80.0  89.2   3:02pm  70.0   6:17am    0   15  0.00   7  28   9:34am   S 29.90   61
10   79.5  88.9   4:03pm  71.2   2:02am    0   15  0.00   7  28   9:16am  SW 29.90   69
11   78.7  87.6   3:55pm  69.8   6:09am    0   14  0.00   5  22   1:03pm WNW 29.92   76
12   75.8  85.8   6:00pm  67.8   7:23am    0   11  0.22   5  31   5:13am ESE 29.94   79
13   81.8  91.0   3:49pm  72.5   6:05am    0   17  0.00   9  28  10:51am  SE 29.92   67
14   80.6  88.7   4:38pm  67.6  11:48pm    0   16  0.31   9  57  11:36pm   S 29.82   62
15   76.9  90.9   4:59pm  62.4   5:31am    0   12  0.04   6  48  12:39am   W 29.83   65
16   74.7  86.7   2:53pm  69.3  12:00am    0   10  0.18   8  49  10:31am ESE 29.81   68
17   81.1  89.2   4:57pm  70.5   5:42am    0   16  0.00   8  31   8:58am   S 29.75   70
18   83.9  90.3   2:49pm  78.8   2:54am    0   19  0.00   7  23  10:11am  SW 29.76   66
19   81.6  90.1   4:13pm  70.9   4:22am    0   17  0.00   8  29   2:28pm   S 29.72   63
20   84.0  89.8   4:39pm  78.4   6:56am    0   19  0.00  11  35  10:28am SSW 29.64   50
21   77.0  85.6   3:53pm  68.4  11:58pm    0   12  0.20  10  39   4:28pm WSW 29.72   63
22   74.3  86.0   3:42pm  62.2   4:53am    0   10  0.00   6  35   1:34pm WNW 29.86   61
23   76.2  89.6   5:16pm  60.6   6:00am    1   12  0.00   3  22  11:46am WNW 29.88   63
24   81.0  92.1   3:15pm  66.7   6:38am    0   16  0.04   6  24   4:08pm SSE 29.84   65
25   83.1  93.4   4:39pm  72.1   5:08am    0   18  0.00   8  30  12:15pm SSW 29.80   60
26   84.8  93.6   5:09pm  76.5   5:57am    0   20  0.00   8  37   5:34pm   S 29.81   59
27   85.3  92.5   4:23pm  80.4  11:55pm    0   20  0.00   8  25   3:22am  SW 29.83   62
28   78.7  84.4  10:52am  71.2  12:41pm    0   13  0.04   5  34  12:14pm NNE 30.00   82
29   81.4  93.9   4:15pm  70.0   4:36am    0   16  0.00   5  21   4:55pm SSE 30.00   71
30   85.5  96.6   5:04pm  74.7   6:20am    0   19  0.00   5  24   7:31pm SSE 29.98   65
---------------------------------------------------------------------------------------
TOT  80.2  96.6  6/30/11  60.6  6/23/11    1  453  1.02   7  49  6/16/11  SW 29.89   67

HEAT BASE: 65.0
COOL BASE: 65.0