NOAA style reports

NOAA-Style Climate Reports for Bentonville Arkansas (nwarwx.com)


Report for 2011 Jul
                  MONTHLY CLIMATOLOGICAL SUMMARY FOR 7/2011
                                        HEAT  COOL        
     MEAN                               DEG   DEG       WIND SPEED       DOM MEAN  MEAN
DAY  TEMP  HIGH   TIME     LOW   TIME   DAYS  DAYS RAIN AVG  HI  TIME    DIR BAROM HUM
---------------------------------------------------------------------------------------
1    85.3  97.2   4:45pm  71.6   5:40am    0   20  0.00   4  18  12:31pm SSE 29.99   57
2    83.5  99.0   4:09pm  71.2   6:10am    0   18  0.00   3  27   5:44pm   W 30.04   64
3    84.7  97.9   4:22pm  70.5   5:53am    0   19  0.00   4  22  10:07pm  SW 29.96   57
4    77.9  91.8   6:07pm  68.9  10:22am    0   13  1.63   3  23  10:11am ESE 29.94   76
5    82.8  95.9   5:26pm  68.2   6:25am    0   18  0.00   2  15  10:13am  SW 29.94   64
6    82.5  93.4   4:58pm  70.5   5:44am    0   18  0.00   3  18   2:04pm NNE 29.96   70
7    84.7  97.5   3:18pm  76.8   6:45am    0   20  0.00   6  27   2:35pm  SW 29.84   67
8    80.4  90.5   4:18pm  71.1   6:21am    0   15  0.00   5  18   4:25pm NNE 29.83   74
9    84.9  98.1   5:01pm  73.0   6:11am    0   20  0.00   6  18   5:45pm ESE 29.84   64
10   89.0 100.4   4:36pm  78.1   5:09am    0   24  0.00   6  25  11:07am  SW 29.90   53
11   87.7  99.5   5:30pm  74.1   6:29am    0   23  0.00   4  23  11:06am  SW 29.95   50
12   88.3  99.7   5:14pm  74.7   5:38am    0   23  0.00   5  28  10:44pm  SW 29.94   46
13   76.3  86.0   6:15pm  71.2   1:31pm    0   11  0.72   4  21  10:25am  NE 29.94   91
14   83.7  95.0   4:33pm  74.5   6:30am    0   19  0.00   4  15   4:40am ESE 29.87   74
15   85.6  96.6   4:40pm  74.7   6:18am    0   21  0.00   5  15   2:37pm ESE 29.87   69
16   86.1  96.8   4:50pm  75.0   6:02am    0   21  0.00   4  15   3:08pm ESE 29.95   66
17   85.6  95.5   5:13pm  77.2   5:26am    0   21  0.00   4  15   5:12pm ESE 30.06   65
18   84.9  96.1   5:05pm  73.2   5:56am    0   20  0.00   4  23   3:38pm ESE 30.07   63
19   84.5  95.9   3:52pm  70.5   6:14am    0   19  0.00   3  23   5:40pm  SE 29.99   58
20   86.1  97.2   4:33pm  72.1   5:36am    0   21  0.00   5  24   9:15am  SW 29.91   56
21   88.6  99.1   4:20pm  74.8   5:39am    0   24  0.00   5  21   4:21pm  SE 29.88   47
22   87.4  99.9   2:44pm  76.6   5:33am    0   22  0.00   5  20   4:56pm  SW 29.89   52
23   88.2  99.0   2:52pm  78.1   6:37am    0   23  0.00   5  22   5:25pm  SW 29.94   55
24   87.5 101.5   1:45pm  74.5   6:35am    0   22  0.00   4  32   2:29pm  SW 29.98   57
25   83.7  95.5   5:37pm  73.6   7:05am    0   19  0.00   3  15   2:11am NNE 29.95   64
26   88.0 100.4   4:10pm  73.4   6:13am    0   23  0.00   4  18   2:49pm SSE 29.85   56
27   89.3 100.6   4:14pm  78.1   6:16am    0   24  0.00   7  23   1:08pm SSE 29.86   48
28   88.4 100.0   5:23pm  76.6   3:47am    0   23  0.00   5  24   7:12pm SSE 29.93   49
29   86.5  99.5   3:01pm  74.7   5:57am    0   20  0.00   4  18   4:24pm  SE 29.99   59
30   84.1  99.7   4:49pm  74.7  10:47pm    0   19  0.45   4  24   5:44pm  SW 30.04   70
31   86.2 100.4   5:49pm  72.1   6:03am    0   21  0.00   2  17  12:04pm WNW 30.05   63
---------------------------------------------------------------------------------------
TOT  85.2 101.5  7/24/11  68.2   7/5/11    0  625  2.81   4  32  7/24/11 ESE 29.94   61

HEAT BASE: 65.0
COOL BASE: 65.0