NOAA style reports

NOAA-Style Climate Reports for Bentonville Arkansas (nwarwx.com)


Report for 2011 Aug
                  MONTHLY CLIMATOLOGICAL SUMMARY FOR 8/2011
                                        HEAT  COOL        
     MEAN                               DEG   DEG       WIND SPEED       DOM MEAN  MEAN
DAY  TEMP  HIGH   TIME     LOW   TIME   DAYS  DAYS RAIN AVG  HI  TIME    DIR BAROM HUM
---------------------------------------------------------------------------------------
1    91.0 104.4   4:27pm  75.7   5:14am    0   26  0.00   3  16  11:38am   W 29.97   50
2    92.8 106.2   2:37pm  80.2   6:17am    0   28  0.00   4  21  12:15pm  SW 29.87   44
3    93.7 108.1   3:53pm  77.4   6:53am    0   29  0.00   4  24  12:14pm WNW 29.81   38
4    86.6  95.4   6:12pm  77.2   7:04am    0   22  0.00   6  27   5:27am  NE 29.87   58
5    92.6 105.3   4:34pm  81.3   4:44am    0   28  0.00   7  24   9:51pm  SW 29.85   49
6    92.1 104.7   3:15pm  73.2  11:54pm    0   27  0.09   8  36  10:16pm  SW 29.86   43
7    87.3 102.6   4:14pm  73.2  12:00am    0   22  0.04   7  29  11:38am  SW 29.86   55
8    81.8  96.8   1:26pm  68.9  10:29pm    0   17  1.46   7  31   9:54pm  NE 29.80   61
9    78.9  93.6   4:47pm  68.5   1:52am    0   13  0.20   4  18   1:04am  NE 29.83   76
10   72.8  80.2  12:00am  67.8   5:05am    0    8  0.87   5  53   4:36am  NE 29.88   95
11   74.4  85.6  12:18pm  66.7   6:37am    0    9  0.51   4  26   4:45am ESE 29.92   88
12   72.4  85.3  11:36am  66.0   1:13am    0    7  0.28   5  28   3:33pm ESE 29.93   89
13   75.5  88.0   4:13pm  66.7   3:02am    0   10  0.39   4  18   3:12am WNW 29.98   82
14   75.1  88.2   5:08pm  63.7   5:27am    0   10  0.00   2  19   2:34pm NNE 30.01   70
15   77.2  88.7   4:15pm  66.4   6:18am    0   12  0.00   5  18   7:28pm ESE 29.94   68
16   79.7  90.5   3:37pm  72.1   4:30am    0   15  0.03   6  21  10:39am  SE 29.93   70
17   83.8  96.4   3:08pm  71.8   6:59am    0   19  0.00   4  19   1:10pm  SW 29.99   69
18   85.4  97.2   4:38pm  74.1   7:12am    0   20  0.00   4  18   1:44pm  SW 29.94   67
19   85.1  98.1   3:46pm  73.4   6:12am    0   20  0.00   4  21   1:31pm  SW 29.85   65
20   85.7  98.8   3:26pm  75.0   6:11am    0   21  0.00   4  18   3:29pm WNW 29.88   69
21   82.0  92.7   4:04pm  72.3   7:01am    0   17  0.00   4  21   1:24pm   W 29.99   72
22   78.3  87.1  10:48am  71.2   3:54am    0   13  0.01   2  21  11:36am WNW 30.02   85
23   81.3  91.9   3:45pm  73.6   6:03am    0   16  0.20   3  19   8:27am   S 29.91   72
24   84.9  93.0   2:32pm  77.2  11:58pm    0   20  0.00   6  27   3:01pm  SW 29.87   66
25   81.1  93.6   4:14pm  72.1  11:58pm    0   16  0.00   4  19  10:28am  NE 29.96   55
26   78.0  94.6   4:35pm  63.5   4:46am    0   13  0.00   2  14   1:53pm  NE 29.98   60
27   78.7  95.2   4:49pm  64.8   6:24am    0   14  0.00   1  12   3:21pm NNE 29.95   65
28   81.0  95.9   4:27pm  64.2   6:09am    0   16  0.00   2  12  11:26am ESE 29.88   59
29   81.3  91.4   3:56pm  72.0   4:24am    0   16  0.24   4  16   3:02pm  SW 29.87   66
30   79.6  87.3   1:09pm  72.3   6:04am    0   15  0.00   5  23   1:03pm  SE 29.89   59
31   86.7  96.8   3:22pm  78.4   6:02am    0   22  0.00   6  24   1:39pm SSW 29.92   50
---------------------------------------------------------------------------------------
TOT  82.5 108.1   8/3/11  63.5  8/26/11    0  540  4.30   4  53  8/10/11  SW 29.91   65

HEAT BASE: 65.0
COOL BASE: 65.0