NOAA style reports

NOAA-Style Climate Reports for Bentonville Arkansas (nwarwx.com)


Report for 2011 Sep
                  MONTHLY CLIMATOLOGICAL SUMMARY FOR 9/2011
                                        HEAT  COOL        
     MEAN                               DEG   DEG       WIND SPEED       DOM MEAN  MEAN
DAY  TEMP  HIGH   TIME     LOW   TIME   DAYS  DAYS RAIN AVG  HI  TIME    DIR BAROM HUM
---------------------------------------------------------------------------------------
1    85.9  96.1   2:51pm  72.7   6:46am    0   21  0.00   4  20   2:23pm SSE 29.98   53
2    83.3  94.5   3:01pm  69.3   6:24am    0   18  0.00   4  23  11:13am  SE 29.95   55
3    82.6  93.7   4:06pm  71.6   7:04am    0   18  0.00   3  15   4:06pm ESE 29.89   58
4    72.3  77.9   4:25pm  63.9  11:57pm    0    7  0.00   8  27  12:27pm NNE 29.95   69
5    65.0  77.5   4:45pm  53.4   6:08am    4    4  0.00   7  27  11:20am NNE 30.03   52
6    62.4  80.6   4:30pm  46.0   6:33am    7    4  0.00   4  19   1:20pm NNE 30.07   54
7    62.4  79.3   3:53pm  45.7   6:02am    7    4  0.00   3  21   3:24pm NNE 30.14   53
8    63.5  80.4   4:16pm  48.7   7:13am    6    4  0.00   3  23   4:34pm NNE 30.11   53
9    64.5  81.9   2:44pm  49.3   3:26am    6    5  0.00   3  21   1:07pm WNW 29.99   61
10   65.4  79.3   2:19pm  54.5   4:49am    4    4  0.01   2  16  12:04pm   W 29.97   72
11   68.4  85.1   3:47pm  54.7   6:25am    3    7  0.00   2  18   3:22pm NNE 30.04   70
12   73.4  91.0   4:56pm  56.3   6:27am    2   10  0.00   3  18   2:37pm  SW 30.04   60
13   78.7  95.9   4:06pm  66.0   6:03am    0   14  0.05   4  25   8:15am ESE 29.90   47
14   64.7  76.1  12:00am  53.2  11:59pm    2    2  0.00   6  27   3:00pm NNE 29.96   83
15   56.3  61.9  11:33am  48.4   7:42am    9    0  0.00   6  24  11:41am  NE 30.21   59
16   55.7  58.3  11:41am  52.2   4:51am    9    0  0.15   5  14   8:24am ESE 30.16   81
17   57.9  62.2   7:48pm  53.8   8:43am    7    0  1.18   5  23   9:45pm ESE 30.07   99
18   66.7  75.7   3:49pm  60.1   2:03am    1    3  0.75   3  24   3:40am SSE 29.97   98
19   66.7  78.8   3:48pm  52.7  11:54pm    2    4  0.00   3  21   2:29pm NNE 30.03   78
20   64.1  81.5   5:00pm  50.7   3:45am    5    4  0.00   1  12  12:43pm ESE 30.00   73
21   66.1  79.9   3:16pm  55.0   7:07am    3    4  0.00   4  18  10:12am NNE 30.07   63
22   56.7  63.0   5:27pm  50.2  11:13pm    8    0  1.26   2  24   4:54am  NE 30.14   92
23   59.8  73.8   3:27pm  45.5   7:01am    7    2  0.00   4  23   2:56pm  SW 30.07   75
24   64.1  74.7   2:24pm  55.6   3:57am    3    2  0.01   3  15  10:16pm WSW 29.88   72
25   60.8  68.2   5:39pm  48.7  11:55pm    5    0  0.01   6  22   3:28pm  NE 29.79   79
26   56.5  72.9   4:12pm  41.2   6:45am   10    2  0.00   2  19   1:40pm WNW 29.90   70
27   62.2  78.4   4:20pm  47.3   6:22am    7    4  0.00   3  21   1:19pm WNW 29.92   72
28   65.9  83.3   3:39pm  50.2   6:24am    5    6  0.00   3  18   1:03pm WSW 29.90   71
29   70.2  86.7   4:00pm  55.4   7:27am    3    8  0.00   5  24   5:23pm NNE 29.94   59
30   58.8  72.3   4:00pm  46.4  11:29pm    8    2  0.00   3  18   4:11pm NNE 30.16   50
---------------------------------------------------------------------------------------
TOT  66.0  96.1   9/1/11  41.2  9/26/11  131  162  3.42   4  27   9/4/11 NNE 30.01   68

HEAT BASE: 65.0
COOL BASE: 65.0