NOAA style reports

NOAA-Style Climate Reports for Bentonville Arkansas (nwarwx.com)


Report for 2011 Nov
                  MONTHLY CLIMATOLOGICAL SUMMARY FOR 11/2011
                                        HEAT  COOL        
     MEAN                               DEG   DEG       WIND SPEED       DOM MEAN  MEAN
DAY  TEMP  HIGH   TIME     LOW   TIME   DAYS  DAYS RAIN AVG  HI  TIME    DIR BAROM HUM
---------------------------------------------------------------------------------------
1    59.8  71.1   3:31pm  46.9   6:49am    6    1  0.00   5  27  12:58pm   S 30.04   51
2    60.0  70.0   2:49pm  44.1  11:55pm    6    1  0.47   8  35  10:34pm SSE 29.96   64
3    44.9  51.1   2:54pm  37.9   4:53am   22    1  0.04   8  34  12:08pm WNW 30.12   66
4    46.5  62.4   3:39pm  30.9   8:00am   19    0  0.00   2  15   9:55pm ESE 30.15   69
5    52.2  62.2   3:32pm  42.1   2:51am   13    0  0.00   7  25   5:41pm  SE 30.00   76
6    61.4  65.5   5:22pm  56.5   1:23am    4    0  0.00   7  24  12:56am SSE 29.98   82
7    63.8  68.4   3:16pm  60.6   7:57am    2    1  0.47   5  24  11:45pm  SE 30.01   94
8    58.5  67.6   1:22am  47.8  11:52pm    7    0  3.35   7  38   8:26pm ESE 29.87   98
9    45.0  54.7   1:58pm  33.3  11:58pm   20    0  0.00   8  34   1:16am WNW 30.17   70
10   41.2  55.9   2:28pm  27.9   6:57am   24    0  0.00   4  27  11:53am   W 30.24   65
11   51.4  65.5   1:54pm  35.2  12:00am   14    0  0.00   9  34   2:52pm  SW 29.99   48
12   57.1  63.9   3:56pm  50.4   1:48am    8    0  0.00  13  40   4:17pm SSW 29.79   52
13   67.3  73.9   2:01pm  62.4   6:07am    1    3  0.00  13  38   3:28am  SW 29.65   62
14   63.4  70.7  12:51am  50.4   7:26pm    4    2  0.17  10  34   5:21am  SW 29.74   72
15   60.1  70.3   1:17pm  52.9  12:19am    5    0  0.35   4  16   3:07am  NE 29.76   98
16   44.4  57.6  12:00am  32.5  11:52pm   21    0  0.00   9  32   2:17pm NNE 30.06   63
17   36.3  47.5   3:25pm  24.4   6:46am   29    0  0.00   4  18   2:29pm SSW 30.30   73
18   48.2  58.6   2:49pm  37.0  12:38am   17    0  0.00  10  32  12:31pm   S 30.02   42
19   60.2  65.7   3:40pm  50.7  12:08am    5    0  0.00  12  32  10:57am SSW 29.84   81
20   47.8  58.8  12:00am  41.2   9:15pm   17    0  0.23   5  19   7:26pm NNE 30.06   94
21   44.7  51.3  10:48pm  40.3   5:25am   20    0  1.47   4  28  11:24pm NNE 30.05  100
22   45.9  48.6   1:02pm  43.5   6:24am   19    0  0.04   5  21  12:30am WNW 29.98  100
23   48.6  61.0   2:13pm  43.2   7:12am   16    0  0.00   1  14   1:07am WNW 30.21   85
24   48.9  63.9   2:02pm  35.6   6:12am   16    0  0.00   4  19  12:50pm SSE 30.19   82
25   53.3  62.8   3:17pm  43.0   3:16am   12    0  0.00   8  32   2:39pm   S 29.98   77
26   51.7  61.0   5:26am  40.6   5:43pm   13    0  0.37   9  28   2:51am SSE 29.88   93
27   36.7  41.5  12:00am  34.5  11:00pm   28    0  0.00   7  28   1:00am   N 30.12   67
28   35.7  44.6   3:02pm  29.5  11:32pm   29    0  0.00   6  18   4:20am   N 30.02   68
29   37.3  49.5   2:51pm  27.5  11:21pm   28    0  0.00   6  25   1:26pm  NW 30.09   69
30   36.8  52.5   3:45pm  21.2   7:06am   28    0  0.00   3  14   1:49pm  SE 30.11   56
---------------------------------------------------------------------------------------
TOT  50.3  73.9 11/13/11  21.2 11/30/11  451   10  6.96   7  40 11/12/11   S 30.01   74

HEAT BASE: 65.0
COOL BASE: 65.0