NOAA style reports

NOAA-Style Climate Reports for Bentonville Arkansas (nwarwx.com)


Report for 2012 Jan
                  MONTHLY CLIMATOLOGICAL SUMMARY FOR 1/2012
                                        HEAT  COOL        
     MEAN                               DEG   DEG       WIND SPEED       DOM MEAN  MEAN
DAY  TEMP  HIGH   TIME     LOW   TIME   DAYS  DAYS RAIN AVG  HI  TIME    DIR BAROM HUM
---------------------------------------------------------------------------------------
1    43.9  51.1   1:58pm  36.1  11:59pm   21    0  0.00  10  42  12:13am WNW 30.33   48
2    30.9  39.0   3:00pm  20.3  10:55pm   34    0  0.00   7  28   3:10pm WNW 30.57   40
3    33.5  49.8   2:47pm  15.6   4:49am   32    0  0.00   7  28   1:12pm SSW 30.37   47
4    42.0  56.8   1:52pm  29.8  11:42pm   23    0  0.00   6  26   3:17pm  SW 30.25   49
5    44.1  64.0   2:42pm  26.8   6:32am   21    0  0.00   6  27  12:17pm  SW 30.18   56
6    51.9  65.8   3:18pm  36.0   5:21am   13    0  0.00   8  34  12:17pm  SW 29.95   63
7    48.4  58.1   3:10pm  38.1   7:46am   17    0  0.00   8  22  10:15am  NE 30.10   47
8    46.3  48.7  12:00am  43.3  11:57pm   19    0  0.00   7  18  10:34am  NE 30.19   45
9    42.3  57.0   2:45pm  30.7   8:16am   23    0  0.00   4  17   1:14pm NNE 30.21   56
10   40.9  48.6   2:02pm  32.4   5:47am   24    0  0.18   5  16   2:07pm  NE 29.97   66
11   42.6  55.9   4:09pm  27.1  11:58pm   22    0  0.04   6  34   6:58pm WNW 29.76   84
12   22.6  27.1  12:00am  19.4   8:49am   42    0  0.00  10  40  11:23am WNW 30.03   67
13   26.8  38.7   3:25pm  16.0   5:24am   38    0  0.00   7  21   3:28pm   W 30.15   46
14   37.0  48.4   2:39pm  26.2  11:54pm   28    0  0.00   8  32  10:19am WNW 30.19   54
15   44.7  58.1  12:52pm  26.8   1:05am   20    0  0.00   8  33   1:28pm   S 30.18   54
16   61.7  68.0   2:44pm  54.3  12:00am    4    0  0.00  17  46  12:04pm SSW 29.89   73
17   38.3  65.1  12:23am  22.5  11:38pm   27    0  0.00  10  36   4:14am  NW 30.16   63
18   28.9  43.3   2:57pm  15.8   4:35am   36    0  0.00   4  21  12:56pm SSW 30.21   60
19   41.0  58.1   3:11pm  28.0   5:19am   23    0  0.00   4  18  12:07pm  NE 29.94   55
20   42.9  60.3  12:23pm  30.4  11:59pm   22    0  0.00   7  27  12:22pm ENE 29.85   84
21   31.2  44.6   4:02pm  18.9   7:30am   34    0  0.00   7  18  11:45am NNE 30.04   71
22   51.8  60.1  12:04pm  38.5  12:00am   13    0  0.00  13  43  11:21pm   S 29.69   83
23   41.7  54.0   3:26pm  30.7  11:52pm   23    0  0.00  10  43  12:32am   W 30.01   58
24   47.1  64.2   2:56pm  29.1   2:01am   18    0  0.00   6  21  12:52pm   E 30.17   47
25   41.8  50.2  12:00am  39.9   2:16am   23    0  1.42   7  21   6:19pm  NE 30.04   95
26   43.2  51.1   5:14pm  33.8  11:50pm   22    0  0.04   5  26   4:57pm   N 29.92   79
27   42.0  54.7   3:20pm  26.6   4:23am   23    0  0.00   4  27   9:46pm SSE 30.00   60
28   36.4  46.4   3:18pm  24.3   7:19am   29    0  0.00   6  25   1:10pm  SW 30.38   53
29   41.3  56.8   3:29pm  28.0   3:03am   24    0  0.00   8  30  10:25am  SW 30.32   47
30   52.4  64.0   3:21pm  40.5   4:47am   13    0  0.00  10  33   1:43pm SSW 30.14   49
31   58.8  63.7   2:47pm  54.0  11:24pm    6    0  0.00  12  40   1:29pm SSW 30.04   82
---------------------------------------------------------------------------------------
TOT  41.9  68.0  1/16/12  15.6   1/3/12  716    0  1.67   8  46  1/16/12  SW 30.10   61

HEAT BASE: 65.0
COOL BASE: 65.0