NOAA style reports

NOAA-Style Climate Reports for Bentonville Arkansas (nwarwx.com)


Report for 2012 Feb
                  MONTHLY CLIMATOLOGICAL SUMMARY FOR 2/2012
                                        HEAT  COOL        
     MEAN                               DEG   DEG       WIND SPEED       DOM MEAN  MEAN
DAY  TEMP  HIGH   TIME     LOW   TIME   DAYS  DAYS RAIN AVG  HI  TIME    DIR BAROM HUM
---------------------------------------------------------------------------------------
1    55.0  64.6   3:40pm  41.2  11:55pm   10    0  0.00   4  15   9:08am NNE 30.13   66
2    50.7  66.0   3:00pm  33.4   7:00am   14    0  0.00   6  21   1:33pm   E 30.21   54
3    55.9  60.8   2:51pm  52.3  12:58am    9    0  0.95   9  23   1:36pm ESE 30.05   82
4    45.7  56.5   1:49am  36.5  11:18pm   19    0  0.00  11  27   1:57am WNW 30.15   97
5    35.9  42.4   4:13pm  28.4  11:39pm   29    0  0.00   5  22   2:50am WNW 30.33   87
6    37.9  53.1   2:44pm  24.3   5:47am   25    0  0.00   2  14   1:00pm  SW 30.29   74
7    38.8  48.7   2:36pm  28.6   3:59am   26    0  0.00   3  15   9:56pm NNE 30.29   81
8    36.7  39.7   1:52pm  33.3   9:15pm   28    0  0.00   5  15   7:24am NNE 30.42   85
9    39.5  46.4   2:32pm  33.8  12:57am   26    0  0.00   4  18  11:58am SSW 30.28   70
10   34.1  39.9  12:00am  20.7  11:56pm   31    0  0.12   4  25   1:37pm WNW 30.19   85
11   19.3  29.3   3:40pm  11.8   6:58am   46    0  0.00   1  20   4:40pm NNE 30.57   53
12   27.2  41.9   3:43pm   9.7   6:46am   38    0  0.00   4  15   4:01pm SSE 30.46   44
13   32.1  36.0  12:06am  27.9   2:57am   33    0  0.04   7  24   1:19am SSE 29.95   94
14   42.3  55.6   3:46pm  33.3   7:18am   23    0  0.16   5  18  12:37am WSW 29.91   78
15   49.6  55.9   4:09pm  45.1  12:09am   15    0  0.39   6  18   2:26pm  SE 29.93   94
16   47.1  57.2   3:31pm  38.3  10:54pm   18    0  0.00   4  18  12:44pm NNE 30.18   77
17   46.9  55.6   3:06pm  38.1   3:05am   18    0  0.00   2  16  11:15am  SW 30.13   74
18   45.5  50.0   3:06pm  37.9  11:59pm   19    0  0.00   7  21   4:02pm  NE 30.05   79
19   45.5  57.9   3:33pm  36.0   1:35am   19    0  0.00   4  13  12:31pm  NE 30.05   51
20   47.3  55.9  11:54am  39.2   5:52am   18    0  0.16  11  41  11:21pm ESE 29.94   59
21   46.9  58.8   3:04pm  35.1   7:18am   18    0  0.00  10  38  12:16am WSW 29.95   52
22   52.9  69.3   3:12pm  35.1   6:48am   13    1  0.00   6  35   2:15pm  SW 29.66   54
23   57.7  70.5   1:24pm  43.0  11:57pm    8    1  0.00  11  42   7:31pm WNW 29.46   42
24   40.1  51.1   2:43pm  30.4   9:12pm   25    0  0.00  10  36   1:07pm WNW 30.10   49
25   42.6  56.3   3:16pm  24.8   6:43am   22    0  0.00   5  18   3:22pm SSE 30.23   46
26   51.4  63.3   3:42pm  41.7   2:48am   14    0  0.00   8  38  10:10am   S 30.08   40
27   54.6  64.8   3:27pm  45.5   2:16am   10    0  0.00   6  24   8:37am  NE 30.28   43
28   58.9  68.0   2:14pm  48.4   5:26am    6    0  0.00  10  40  11:35pm   S 30.01   70
29   54.2  66.9  12:23am  38.1  11:19pm   11    0  0.04  10  42   1:06am   W 29.89   44
---------------------------------------------------------------------------------------
TOT  44.6  70.5  2/23/12   9.7  2/12/12  592    2  1.85   6  42  2/29/12  NE 30.11   66

HEAT BASE: 65.0
COOL BASE: 65.0