NOAA style reports

NOAA-Style Climate Reports for Bentonville Arkansas (nwarwx.com)


Report for 2012 Mar
                  MONTHLY CLIMATOLOGICAL SUMMARY FOR 3/2012
                                        HEAT  COOL        
     MEAN                               DEG   DEG       WIND SPEED       DOM MEAN  MEAN
DAY  TEMP  HIGH   TIME     LOW   TIME   DAYS  DAYS RAIN AVG  HI  TIME    DIR BAROM HUM
---------------------------------------------------------------------------------------
1    56.6  74.3   4:16pm  34.3   3:28am   10    2  0.00   8  36   1:26pm SSW 29.75   42
2    53.2  66.6   5:03am  31.1  11:32pm   11    0  0.00  11  38  10:16am WNW 29.69   68
3    40.9  50.9   1:53pm  29.8   6:54am   24    0  0.00   7  35   3:17pm   W 30.00   59
4    48.5  65.7   3:31pm  28.2   2:42am   16    0  0.00  11  44   2:22pm   W 30.00   45
5    52.6  69.3   3:00pm  33.6   6:22am   13    0  0.00   7  24   3:35pm  SE 30.22   39
6    61.4  70.0   3:03pm  53.6  12:50am    4    1  0.00  14  49  11:08am   S 30.02   41
7    63.8  67.5   1:27pm  59.5   1:46am    2    0  0.00  12  39  11:32am   S 29.95   65
8    43.9  64.6  12:01am  30.2  11:14pm   20    0  0.24   8  34   7:32am NNE 30.19   86
9    43.7  63.1   3:54pm  25.5   6:27am   21    0  0.00   4  22   1:55pm  NE 30.43   59
10   51.0  66.2   3:26pm  32.0   6:57am   14    0  0.00   4  20  11:52am ESE 30.28   46
11   54.0  58.3  12:25pm  47.3   3:23am   11    0  0.80   7  24   5:43am ESE 29.98   89
12   62.0  74.8   4:53pm  52.7   5:33am    5    2  0.00   9  31  10:37am SSW 29.92   68
13   65.3  79.5   5:30pm  49.6   3:25am    5    5  0.00   6  23  12:50pm   S 30.03   69
14   69.9  78.1   3:02pm  62.6   2:16am    0    5  0.00   9  33   1:09pm SSW 30.04   72
15   68.8  75.0   3:11pm  63.1   5:37am    0    4  0.00   7  27  11:10am SSW 30.07   78
16   69.1  77.9   4:12pm  60.6   4:37am    1    5  0.00   6  24   4:14pm SSW 30.04   80
17   71.0  80.4   4:29pm  64.8   4:16am    0    6  0.00   9  27   3:14pm SSW 29.98   66
18   70.0  78.6   4:12pm  64.6   5:05am    0    5  0.01   8  30  11:34am SSE 29.95   66
19   66.9  71.6  12:00am  55.2  10:45pm    1    3  0.72  10  46  10:06pm SSE 29.80   82
20   57.1  59.7   3:13pm  54.9   9:53am    8    0  1.99   5  22   7:11am   E 29.79  100
21   54.4  56.8  12:06am  50.2  10:56pm   11    0  0.75   5  18  11:47am   E 29.81  100
22   51.6  58.3  11:59am  48.0  11:57pm   12    0  0.24   7  24   5:17pm   E 29.86   96
23   49.2  57.6   6:10pm  42.6   2:02am   16    0  0.04   8  23   1:53pm  SW 29.91   96
24   55.5  71.4   4:32pm  39.4   7:34am   11    1  0.00   4  24   2:27pm WNW 29.99   76
25   61.6  80.1   5:09pm  43.9   6:25am    7    4  0.00   2  15   2:49pm  SW 30.05   69
26   66.5  81.0   4:29pm  50.4   7:30am    4    5  0.00   4  18   2:51pm SSE 30.04   65
27   69.4  78.8   5:33pm  60.3   6:08am    1    5  0.00   7  27  11:46am SSE 30.00   64
28   67.5  79.3   4:19pm  55.4   6:51am    3    5  0.00   5  20  11:57am SSW 29.99   71
29   67.2  77.9   4:34pm  53.2   6:27am    2    5  0.00   5  24   2:29pm SSW 29.89   66
30   68.3  79.7   4:54pm  59.0   2:19am    1    5  0.00   6  21  11:06am  SW 29.82   76
31   68.8  82.4   4:24pm  55.9   6:28am    2    6  0.00   3  17   2:06pm  SW 29.84   75
---------------------------------------------------------------------------------------
TOT  59.8  82.4  3/31/12  25.5   3/9/12  237   76  4.78   7  49   3/6/12 SSW 29.98   70

HEAT BASE: 65.0
COOL BASE: 65.0