NOAA style reports

NOAA-Style Climate Reports for Bentonville Arkansas (nwarwx.com)


Report for 2012 Apr
                  MONTHLY CLIMATOLOGICAL SUMMARY FOR 4/2012
                                        HEAT  COOL        
     MEAN                               DEG   DEG       WIND SPEED       DOM MEAN  MEAN
DAY  TEMP  HIGH   TIME     LOW   TIME   DAYS  DAYS RAIN AVG  HI  TIME    DIR BAROM HUM
---------------------------------------------------------------------------------------
1    73.4  86.7   4:12pm  61.0   2:20am    0    9  0.00   7  24  11:56am SSW 29.71   72
2    73.6  86.2   4:44pm  65.1  11:23pm    0    9  0.00   7  25   9:30am   S 29.71   64
3    68.1  77.4   5:00pm  61.9   6:37am    1    4  0.05   6  29   8:59pm  SW 29.85   74
4    62.5  70.7   1:33pm  55.4   6:46am    3    1  0.00   7  32   2:01pm  SW 29.77   83
5    57.2  68.7   1:36pm  46.4   6:33am    8    1  0.00   6  26   3:48pm  SW 29.82   83
6    59.0  71.2   4:34pm  47.1   6:36am    7    1  0.00   5  17   1:16am  NE 30.04   68
7    57.7  68.7  11:36am  50.2   5:29am    8    0  0.31   4  18   1:23pm ESE 30.15   75
8    60.3  70.2   4:36pm  50.9   7:17am    5    1  0.00   6  18   9:43am  NE 30.27   70
9    63.5  73.6   4:25pm  53.6   5:46am    4    2  0.00   3  15   1:37pm  SW 30.15   72
10   62.3  73.0   5:05pm  55.9   1:04am    4    2  0.04   5  20  10:20am  NE 30.11   63
11   57.8  68.0   3:49pm  51.4   4:12am    8    0  0.00   5  18   6:54pm  NE 30.17   47
12   58.2  66.6   3:48pm  52.2   6:45am    7    0  0.00   7  21  10:30am ESE 30.07   47
13   65.3  70.2  12:29pm  56.1  12:09am    2    2  0.00   9  34   9:44am   S 29.93   75
14   71.6  75.9   6:08pm  66.2   5:40am    0    5  0.09  10  34   2:44pm   S 29.84   74
15   65.3  72.7  12:00am  53.6  11:57pm    2    2  0.83  10  32   1:19am SSW 29.71   81
16   56.4  68.7   4:48pm  43.3   7:00am    9    1  0.00   4  19   9:20am   W 30.09   68
17   58.1  72.5   4:22pm  41.0   5:24am    9    2  0.00   3  18  10:26am ESE 30.23   68
18   61.7  73.6   4:38pm  47.3   4:56am    6    2  0.00   5  18  12:21pm  SW 30.10   59
19   64.9  76.6   3:48pm  49.3   3:59am    4    4  0.00   6  30   3:23pm   S 29.88   52
20   52.3  64.0  12:00am  38.8  11:06pm   13    0  0.16   5  25   1:17pm   N 29.92   86
21   50.7  66.7   4:45pm  33.6   5:46am   14    0  0.00   3  25   4:22pm WNW 30.00   72
22   53.1  62.2   4:40pm  43.3  11:48pm   12    0  0.00   6  26   1:58pm   N 30.05   68
23   51.4  64.6   4:19pm  37.0   6:26am   14    0  0.00   3  24   5:03pm WNW 30.12   69
24   62.1  78.4   4:07pm  42.6   6:33am    8    5  0.00   8  29   4:08pm  SW 29.87   65
25   73.6  83.7   4:05pm  65.3   3:04am    0    9  0.01  10  33  11:41am  SW 29.72   62
26   73.2  84.2   4:06pm  61.9   7:12am    0    8  0.00   4  20   2:04pm  NE 29.87   63
27   72.8  81.5   5:18pm  67.3  12:00am    0    8  0.00   9  34   4:32pm ESE 29.79   58
28   70.9  75.7   1:13pm  66.7   6:43am    0    6  0.00   5  20   9:09am SSW 29.85   80
29   71.6  77.2   5:23pm  66.2   1:52am    0    7  0.00   6  21  10:37am SSW 29.94   79
30   68.8  77.7   4:57pm  60.1   7:25am    1    5  0.75   6  21   6:11am SSW 29.95   86
---------------------------------------------------------------------------------------
TOT  63.2  86.7   4/1/12  33.6  4/21/12  148   95  2.23   6  34  4/13/12  SW 29.96   69

HEAT BASE: 65.0
COOL BASE: 65.0