NOAA style reports

NOAA-Style Climate Reports for Bentonville Arkansas (nwarwx.com)


Report for 2012 May
                  MONTHLY CLIMATOLOGICAL SUMMARY FOR 5/2012
                                        HEAT  COOL        
     MEAN                               DEG   DEG       WIND SPEED       DOM MEAN  MEAN
DAY  TEMP  HIGH   TIME     LOW   TIME   DAYS  DAYS RAIN AVG  HI  TIME    DIR BAROM HUM
---------------------------------------------------------------------------------------
1    72.2  81.7   4:50pm  59.7   4:23am    1    8  0.94   9  32  11:47am SSW 29.86   78
2    75.8  83.7   2:30pm  68.5  11:58pm    0   11  0.00   9  32  11:29am SSW 29.86   68
3    74.9  83.8   3:06pm  65.8   6:00am    0   10  0.00   6  23   6:40pm SSE 29.90   84
4    75.8  85.6   4:37pm  69.1   7:05am    0   11  0.00   6  25  11:34am   S 29.90   82
5    77.7  87.4   3:25pm  66.9   6:42am    0   13  0.00   5  22   2:50pm   S 29.87   72
6    75.5  86.0   1:10pm  66.6   4:46am    0   11  0.05   4  21  11:31am SSE 29.85   84
7    68.4  79.0   1:58pm  60.1  11:55pm    1    4  0.23   5  35   3:05am NNE 29.92   87
8    62.7  73.4   3:21pm  51.6  11:49pm    4    2  0.00   3  18   3:10pm NNE 30.01   75
9    61.2  74.8   3:43pm  47.8   5:55am    7    3  0.00   3  20   1:38pm   N 30.01   67
10   63.7  78.3   3:23pm  45.7   6:18am    6    4  0.00   2  15   2:21pm ESE 29.95   64
11   64.1  71.8   4:33pm  55.8   2:27am    2    2  0.00   5  16   7:49pm   E 30.02   65
12   66.5  77.0   3:27pm  57.9   6:41am    2    3  0.01   4  18  12:09pm NNE 30.12   68
13   65.8  77.4   3:44pm  56.3   2:34am    3    4  0.00   4  20   3:01pm NNE 30.13   76
14   64.9  76.1   5:04pm  53.6   5:52am    4    4  0.00   3  16  12:00pm NNE 30.09   70
15   65.1  80.6   4:43pm  49.1   5:35am    5    5  0.00   2  14  11:48am WNW 30.05   67
16   68.4  84.2   3:08pm  50.7   5:29am    4    7  0.00   3  18   1:36pm WNW 30.02   67
17   71.8  86.9   4:06pm  55.6   4:11am    2    9  0.00   2  14  12:35pm ESE 29.98   60
18   74.6  85.3   3:34pm  61.0   6:19am    0   10  0.00   5  24  11:08am SSE 29.92   49
19   74.5  85.1   4:13pm  61.9   4:21am    0    9  0.00   6  26  11:24am SSE 29.93   54
20   72.9  82.0   3:09pm  66.0  11:58pm    0    8  0.00   6  26   3:59pm WNW 30.07   64
21   67.7  77.5   4:03pm  56.5   6:29am    2    4  0.00   5  21  12:28pm NNE 30.14   62
22   64.8  82.4   4:49pm  43.7   6:20am    6    5  0.00   3  15   9:45am ESE 29.99   55
23   74.5  87.1   4:38pm  57.6   2:30am    1   11  0.00   7  28   5:17pm SSE 29.73   50
24   77.2  83.1   1:53pm  70.9   6:37am    0   12  0.00   8  27   8:53am   S 29.63   64
25   79.0  87.6   4:47pm  71.2   5:54am    0   14  0.00   6  21   9:44am SSE 29.87   70
26   81.0  91.0   2:50pm  72.3   4:26am    0   16  0.00   6  22  10:59am   S 29.98   61
27   80.0  90.1   4:08pm  69.1   3:51am    0   15  0.00   8  29  12:25pm SSW 29.93   50
28   80.4  90.5   2:59pm  73.0   6:10am    0   15  0.00   7  25  10:51am  SW 29.85   54
29   77.9  91.8   4:13pm  63.9   2:58am    0   13  1.18   3  22   2:11am  NE 29.87   63
30   76.4  87.8   4:33pm  64.0   6:42am    0   11  0.12   7  40  12:03am  NE 29.85   56
31   67.0  74.8  12:00am  56.3  11:56pm    1    3  0.16   6  38   3:02am   N 29.83   76
---------------------------------------------------------------------------------------
TOT  71.7  91.8  5/29/12  43.7  5/22/12   52  258  2.68   5  38  5/31/12   S 29.94   67

HEAT BASE: 65.0
COOL BASE: 65.0