NOAA style reports

NOAA-Style Climate Reports for Bentonville Arkansas (nwarwx.com)


Report for 2012 Jul
                  MONTHLY CLIMATOLOGICAL SUMMARY FOR 7/2012
                                        HEAT  COOL        
     MEAN                               DEG   DEG       WIND SPEED       DOM MEAN  MEAN
DAY  TEMP  HIGH   TIME     LOW   TIME   DAYS  DAYS RAIN AVG  HI  TIME    DIR BAROM HUM
---------------------------------------------------------------------------------------
1    84.4  96.4   3:20pm  69.1   5:01am    0   19  0.00   5  22   6:50pm  SW 29.97   48
2    83.0  92.8   3:33pm  72.1   5:21am    0   18  0.00   7  27   2:22pm  SW 30.02   56
3    84.2  97.7   4:11pm  72.0   6:07am    0   19  0.00   7  28   2:05pm  SW 29.98   50
4    84.8  98.8   4:11pm  70.9   3:54am    0   20  0.00   5  24  10:58am  SW 29.97   44
5    86.4  99.7   4:24pm  70.5   6:21am    0   21  0.00   4  21   1:21pm  SW 30.00   40
6    86.6 101.8   3:55pm  70.2   6:31am    0   22  0.00   3  18   7:08pm  SW 30.01   46
7    81.9  99.3   1:34pm  71.6  10:02pm    0   17  0.09   4  36   4:50pm NNE 30.02   67
8    79.4  97.2   2:27pm  70.0   5:14am    0   14  0.01   3  21   2:49pm  NE 30.00   76
9    79.3  89.4   4:01pm  69.6   6:08am    0   14  0.00   5  24   4:12pm  NE 29.98   74
10   81.9  94.5   4:01pm  70.0   6:17am    0   17  0.00   4  22   1:00pm  NE 29.97   62
11   81.1  94.1   4:47pm  66.6   5:02am    0   16  0.00   4  24   3:50pm  NE 29.99   58
12   82.5  95.4   4:59pm  67.3   6:21am    0   17  0.00   4  21  10:41am  NE 29.98   55
13   82.3  96.8   4:04pm  67.6   6:35am    0   17  0.00   3  23   5:37pm NNE 30.00   58
14   77.8  91.9  12:51pm  69.6   6:21am    0   13  0.01   3  18   1:22pm ESE 30.02   68
15   78.6  92.1   2:36pm  66.0   5:39am    0   14  0.02   2  18   2:51pm ESE 30.03   72
16   83.0  94.5   4:21pm  72.3   6:20am    0   18  0.00   6  23   5:51pm  SW 29.99   61
17   85.6  96.8   4:50pm  74.1   5:29am    0   21  0.00   7  29  10:00am  SW 29.94   52
18   86.9 100.2   4:38pm  72.0   5:47am    0   22  0.00   5  27   2:46pm  SW 29.97   49
19   89.8 102.9   3:59pm  76.3   4:17am    0   25  0.00   7  24   2:03pm  SW 29.99   44
20   87.4 103.6   3:00pm  70.5   5:49am    0   22  0.00   4  20   2:06pm NNE 29.99   47
21   86.4  99.0   4:45pm  74.8   6:25am    0   21  0.00   5  18   1:10pm  NE 30.01   44
22   86.2 100.0   4:50pm  70.7   5:07am    0   21  0.00   4  17   2:36pm ESE 30.04   44
23   88.4  99.0   3:29pm  77.0   6:28am    0   23  0.00   5  21   4:04pm SSW 30.07   48
24   87.2  97.7   5:58pm  75.6   6:36am    0   22  0.00   7  21   4:21pm  SW 30.01   50
25   89.1 100.6   4:09pm  77.4   6:24am    0   24  0.00   8  28  10:15am  SW 29.91   44
26   82.2  96.8  12:38pm  72.5   9:15pm    0   17  0.32   8  24   9:45am   S 29.92   68
27   83.2 101.8   3:56pm  68.4   6:24am    0   18  0.00   5  24   3:02pm   S 29.99   64
28   88.1 105.6   4:56pm  69.1   6:53am    0   23  0.00   3  18   2:23pm ESE 30.24   46
29   92.0 105.6   3:55pm  76.6   6:21am    0   27  0.00   7  27   1:42pm  SW 30.01   36
30   91.5 104.4   4:27pm  75.0   5:30am    0   26  0.00   7  31  10:00am  SW 29.95   32
31   89.9 102.7   5:39pm  74.1   6:16am    0   25  0.00   3  20  12:03pm  SW 29.95   36
---------------------------------------------------------------------------------------
TOT  84.9 105.6  7/28/12  66.0  7/15/12    0  616  0.45   5  36   7/7/12  SW 30.00   53

HEAT BASE: 65.0
COOL BASE: 65.0