NOAA style reports

NOAA-Style Climate Reports for Bentonville Arkansas (nwarwx.com)


Report for 2012 Aug
                  MONTHLY CLIMATOLOGICAL SUMMARY FOR 8/2012
                                        HEAT  COOL        
     MEAN                               DEG   DEG       WIND SPEED       DOM MEAN  MEAN
DAY  TEMP  HIGH   TIME     LOW   TIME   DAYS  DAYS RAIN AVG  HI  TIME    DIR BAROM HUM
---------------------------------------------------------------------------------------
1    91.1 104.7   2:30pm  80.1   3:46am    0   26  0.00   6  25   5:22pm SSE 29.89   38
2    91.3 103.6   5:14pm  79.5  11:52pm    0   26  0.09   7  31  12:30pm SSW 29.81   43
3    88.7 105.1   2:57pm  76.8   7:37am    0   24  0.08   5  22  11:19pm SSW 29.84   58
4    92.1 105.6   4:44pm  77.7  10:08pm    0   27  0.01   9  39   9:33pm  SW 29.91   39
5    80.9  93.4   5:34pm  72.9   5:28am    0   16  0.08   4  24   3:29am NNE 30.12   69
6    84.9  98.6   3:52pm  69.8   4:51am    0   20  0.00   3  18   1:50pm  NE 30.09   51
7    88.4 102.7   4:49pm  74.7   4:34am    0   23  0.00   3  18   3:15pm ESE 29.99   43
8    81.5  91.2  10:28am  72.0  11:58pm    0   17  0.00   5  30  11:38am ESE 29.98   51
9    79.9  93.6   4:28pm  66.7   6:11am    0   15  0.04   5  23   9:36am   N 29.93   65
10   76.9  89.2   4:03pm  64.2   6:39am    0   12  0.00   5  30  11:03am NNE 29.98   52
11   74.5  89.8   5:24pm  55.6   7:03am    2   11  0.00   3  15   2:12pm  NE 30.02   46
12   80.8  94.5   5:15pm  69.4  12:55am    0   16  0.00   5  21   2:14pm   S 29.96   44
13   73.4  82.0  12:00am  64.2   7:18am    0    8  0.94   5  35   1:05am NNE 29.99   73
14   70.7  80.4   3:39pm  60.1   4:04am    1    7  0.00   3  15  10:35am NNE 30.02   70
15   81.0  94.1   4:06pm  67.3   6:44am    0   16  0.00   5  21   1:36pm  SW 29.94   54
16   80.8  97.9   2:12pm  69.3  11:41pm    0   16  0.71   6  39   3:02pm  SW 29.97   69
17   72.2  83.3   4:29pm  64.2   5:57am    0    7  0.04   3  15   9:55am NNE 30.03   72
18   72.4  83.1  12:45pm  63.5   4:20am    0    8  0.00   4  18   2:48pm WSW 29.96   74
19   71.1  85.6   1:43pm  62.4  10:43pm    0    6  0.01   3  21   2:44pm  SW 29.96   80
20   72.2  86.9   3:57pm  57.7   6:31am    2    9  0.00   2  18   2:19pm  NE 30.01   59
21   74.9  91.2   3:34pm  57.6   7:07am    1   11  0.00   2  14   1:10pm SSW 30.06   47
22   76.5  91.9   4:45pm  60.6   4:31am    1   12  0.00   3  22   1:38pm  SW 30.10   50
23   75.7  88.3   1:40pm  58.6   7:04am    1   11  0.00   5  27  12:34pm SSW 30.08   47
24   78.1  89.6   2:15pm  66.0   6:04am    0   13  0.00   5  25   2:09pm ESE 29.99   45
25   79.4  85.6   5:46pm  73.6   5:44am    0   14  0.00   6  23   1:39pm SSE 29.94   71
26   74.0  81.5   4:38pm  69.4   5:17am    0    9  1.24   4  24   3:20am SSW 30.01   95
27   78.2  91.0   5:31pm  67.6  11:59pm    0   13  0.12   4  21   5:58pm NNE 30.07   78
28   75.4  90.3   3:44pm  61.3   6:22am    0   11  0.00   4  25   5:16pm  NE 30.07   64
29   76.4  92.3   4:09pm  62.1   3:38am    0   12  0.00   4  21   2:55pm  NE 29.99   55
30   79.2  93.6   4:57pm  64.4   2:31am    0   14  0.00   7  31   7:28pm  NE 29.92   54
31   73.0  76.6   2:46pm  69.8  11:32pm    0    8  1.06   8  28   6:49pm NNE 29.81   99
---------------------------------------------------------------------------------------
TOT  78.9 105.6   8/4/12  55.6  8/11/12    9  439  4.42   5  39   8/4/12  NE 29.98   60

HEAT BASE: 65.0
COOL BASE: 65.0