NOAA style reports

NOAA-Style Climate Reports for Bentonville Arkansas (nwarwx.com)


Report for 2012 Sep
                  MONTHLY CLIMATOLOGICAL SUMMARY FOR 9/2012
                                        HEAT  COOL        
     MEAN                               DEG   DEG       WIND SPEED       DOM MEAN  MEAN
DAY  TEMP  HIGH   TIME     LOW   TIME   DAYS  DAYS RAIN AVG  HI  TIME    DIR BAROM HUM
---------------------------------------------------------------------------------------
1    76.8  86.0   5:46pm  69.8  12:00am    0   12  0.11  10  35   2:05pm   W 29.95   80
2    81.6  95.0   5:08pm  65.3   6:07am    0   13  0.00   2  16   1:40pm WNW 29.94   67
3    83.8  99.7   3:51pm  68.5   6:35am    0   19  0.00   3  17   1:06pm   W 29.93   66
4    84.5  99.3   5:10pm  71.8   5:58am    0   20  0.00   3  18  11:52am  SW 29.90   58
5    83.2  97.5   4:18pm  74.3  11:59pm    0   18  0.00   3  19   4:47am  SW 29.88   56
6    80.8  96.8   3:43pm  70.5   2:26am    0   16  0.00   3  20   5:01pm ESE 29.92   68
7    75.8  91.0   3:36pm  63.5  11:58pm    0   11  0.70   5  62   5:02pm   N 29.90   80
8    64.5  75.7   4:47pm  53.1  11:55pm    3    3  0.00   5  23  11:32am   N 30.09   71
9    65.2  82.9   3:33pm  49.5   6:35am    5    6  0.04   4  21  12:02pm NNE 30.11   67
10   66.5  82.4   4:38pm  50.4   5:31am    4    6  0.00   3  14   9:53am ESE 30.13   67
11   73.5  86.7   4:26pm  60.4   7:21am    1    9  0.00   5  20  11:57am ESE 30.09   57
12   73.9  84.6   3:48pm  63.5   3:44am    0    9  0.00   5  21   2:27pm ESE 30.10   60
13   73.4  86.7   1:39pm  64.4   9:50pm    0    8  0.00   6  24   7:15pm ESE 30.15   70
14   62.2  64.8  12:12am  59.5   9:30am    3    0  1.50   6  19   5:33am  NE 30.23   97
15   64.7  66.4  12:42pm  63.0   3:42am    1    0  0.59   3  12   3:16pm  NE 30.16  100
16   67.6  73.0   2:18pm  63.9  12:27am    0    3  0.00   2  12   5:10pm  SW 30.06   96
17   66.6  75.0   2:59pm  61.9  11:08pm    1    2  0.00   1  12  11:55pm NNE 29.93   95
18   61.8  71.8   4:11pm  51.1  11:47pm    5    2  0.00   5  25   1:34am NNE 30.06   65
19   63.6  76.8   4:27pm  49.3   7:07am    5    4  0.00   5  24   2:23pm SSW 30.09   60
20   70.6  84.0   4:56pm  60.8   7:31am    1    7  0.00   6  24  10:06am  SW 30.02   55
21   72.3  83.7   4:04pm  63.3  11:40pm    0    7  0.00   7  27  10:41am  SW 29.95   64
22   66.7  81.5   1:10pm  52.0   6:46am    4    6  0.00   3  17   2:51pm NNE 30.11   55
23   61.8  73.9   4:29pm  51.6   6:34am    5    2  0.00   5  16  11:35am  NE 30.23   45
24   67.4  77.2   2:34pm  58.8   4:49am    2    5  0.00   6  28  10:52am ESE 30.08   55
25   78.1  88.2   3:15pm  69.4  12:00am    0   13  0.00  10  34  11:57am  SW 29.93   54
26   72.4  78.1  10:50am  64.9  11:46pm    0    7  0.25   5  23  11:28am  SW 30.01   80
27   69.3  79.9   3:17pm  64.2   3:51am    0    4  0.07   2  17   4:52am  NE 30.12   89
28   70.7  80.8   2:01pm  61.7   6:53am    0    6  0.00   2  15   4:40pm NNE 30.09   88
29   67.8  71.8   4:38pm  62.8  11:54pm    0    3  0.00   3  15   9:17am  NE 30.05   93
30   63.6  69.8   1:22pm  58.5   7:15am    3    1  0.00   2  16   1:02pm  NE 29.94   80
---------------------------------------------------------------------------------------
TOT  70.8  99.7   9/3/12  49.3  9/19/12   43  220  3.25   4  62   9/7/12  NE 30.04   71

HEAT BASE: 65.0
COOL BASE: 65.0