NOAA style reports

NOAA-Style Climate Reports for Bentonville Arkansas (nwarwx.com)


Report for 2012 Oct
                  MONTHLY CLIMATOLOGICAL SUMMARY FOR 10/2012
                                        HEAT  COOL        
     MEAN                               DEG   DEG       WIND SPEED       DOM MEAN  MEAN
DAY  TEMP  HIGH   TIME     LOW   TIME   DAYS  DAYS RAIN AVG  HI  TIME    DIR BAROM HUM
---------------------------------------------------------------------------------------
1    64.8  75.9   3:25pm  56.5  11:57pm    3    2  0.00   3  21   2:51pm NNE 29.83   66
2    59.9  73.9   3:46pm  49.8   7:15am    7    2  0.00   2  18   1:08pm WNW 29.92   70
3    62.0  76.1   2:29pm  46.9   5:04am    6    3  0.00   3  20   3:48pm  SW 30.00   71
4    68.2  81.5   3:23pm  54.3   7:30am    2    6  0.00   5  21  11:49am  SW 30.13   68
5    51.3  64.9  12:00am  40.1  11:57pm   14    0  0.08   7  24   5:48pm NNE 30.15   91
6    41.1  48.7   1:48pm  36.7   5:07am   24    0  0.04   4  23   6:23pm NNE 30.25   91
7    44.0  53.1  12:49pm  31.3   7:10am   21    0  0.00   3  14  10:14pm NNE 30.25   74
8    46.5  60.3   3:42pm  31.6   5:32am   18    0  0.00   4  21   3:14pm  SW 30.16   72
9    52.6  64.0   2:46pm  39.0   2:40am   12    0  0.00   4  22   1:00pm  SW 30.01   82
10   56.6  66.7   3:29pm  39.7   7:30am    8    0  0.00   4  18   2:35am  NE 30.20   62
11   62.7  70.5   5:54pm  54.0   6:54am    3    1  0.00   4  18  12:34pm SSW 30.14   73
12   64.7  68.7   3:40pm  61.7  10:18pm    1    1  2.28   4  21   7:45am ESE 30.18   97
13   67.3  75.2   2:24pm  61.5  12:03am    1    3  0.79   8  32  10:32am   S 29.97   94
14   62.9  71.1   3:21pm  48.4  11:58pm    3    1  0.00   9  29   2:46pm   W 29.93   77
15   61.0  78.3   4:05pm  45.5   3:11am    7    3  0.00   3  20  12:54pm  SW 30.02   69
16   65.5  76.3   2:04pm  56.8   6:34am    3    3  0.00   6  30  12:51pm SSW 29.82   48
17   62.0  70.0   2:07pm  47.3  11:57pm    4    1  0.04   6  24   5:22pm SSW 29.62   82
18   53.4  63.5   3:47pm  41.0   5:55am   12    0  0.00  10  37   3:34pm   W 29.82   52
19   53.2  60.8   4:34pm  41.2  11:52pm   12    0  0.00   9  34  11:15am   W 29.84   50
20   57.9  77.2   3:30pm  37.2   6:32am   10    3  0.00   3  20  12:37pm SSW 29.86   65
21   69.1  77.9   4:30pm  61.2   1:36am    1    5  0.00   6  24   3:10pm SSE 29.87   75
22   71.9  76.3  12:13pm  68.2  11:40pm    0    7  0.00   8  27  12:18pm SSW 29.95   86
23   70.7  75.7   3:24pm  66.7   7:10am    0    6  0.04   7  28  10:42am SSW 29.94   84
24   71.8  80.1   4:01pm  63.7   7:38am    0    7  0.00   7  30   2:59pm   S 29.93   74
25   59.1  72.0  10:25am  44.1  10:42pm    8    2  0.04   8  31   9:58am SSW 29.96   90
26   43.0  49.6   3:24pm  34.7  11:54pm   22    0  0.00   8  25   4:48am NNE 30.28   65
27   39.0  53.6   3:15pm  28.6   7:03am   26    0  0.00   4  22   4:05pm NNE 30.27   70
28   39.3  56.5   4:01pm  25.2   6:46am   26    0  0.00   2  16   3:07pm NNE 30.25   69
29   43.8  59.4   2:56pm  31.1   6:10am   21    0  0.00   1  10  11:58am ESE 30.23   64
30   47.9  63.7   4:42pm  32.0   7:16am   17    0  0.00   2  14  10:23am  SW 30.02   66
31   51.9  68.4   3:47pm  37.6   7:25am   14    0  0.00   2  11  12:48pm  NE 30.02   59
---------------------------------------------------------------------------------------
TOT  56.9  81.5  10/4/12  25.2 10/28/12  307   58  3.27   5  37 10/18/12 SSW 30.02   73

HEAT BASE: 65.0
COOL BASE: 65.0