NOAA style reports

NOAA-Style Climate Reports for Bentonville Arkansas (nwarwx.com)


Report for 2012 Nov
                  MONTHLY CLIMATOLOGICAL SUMMARY FOR 11/2012
                                        HEAT  COOL        
     MEAN                               DEG   DEG       WIND SPEED       DOM MEAN  MEAN
DAY  TEMP  HIGH   TIME     LOW   TIME   DAYS  DAYS RAIN AVG  HI  TIME    DIR BAROM HUM
---------------------------------------------------------------------------------------
1    53.5  74.8   3:29pm  36.7   4:43am   13    2  0.00   2  13   3:42pm WSW 30.01   68
2    61.6  80.8   2:11pm  43.2   6:31am    8    4  0.00   3  17   2:14pm  SW 29.94   68
3    56.9  66.2   2:07am  43.3  11:42pm    8    0  0.00   5  16   5:55am NNE 30.07   58
4    50.0  67.3   3:00pm  35.4   6:06am   15    0  0.00   1  10   8:28am  NE 30.15   67
5    51.1  60.1  11:14am  45.0  11:47pm   14    0  0.00   6  20  11:27am WNW 30.04   75
6    47.7  59.5   2:04pm  37.4  11:49pm   17    0  0.00   4  29   2:23pm WNW 30.07   77
7    45.3  60.4   3:05pm  31.6   6:23am   20    0  0.00   3  22  10:31am WNW 30.12   60
8    54.1  69.3   1:02pm  37.4   2:27am   12    1  0.00   5  23  12:36pm SSE 30.07   54
9    64.5  73.0   2:51pm  55.9  12:00am    3    2  0.00   9  28  11:28am   S 29.97   67
10   66.9  73.9   1:33pm  60.6   6:40am    1    3  0.00  10  29  10:55am   S 29.94   61
11   52.8  67.3   7:55am  32.0  11:56pm   13    1  0.84   8  40  10:01am WNW 29.95   89
12   34.4  48.0   2:59pm  23.2   7:11am   31    0  0.00   3  22   2:41pm   W 30.39   73
13   39.7  55.4   1:50pm  25.2   3:20am   25    0  0.00   1  11  11:05am SSW 30.43   63
14   42.6  56.8   2:44pm  28.9   5:53am   22    0  0.00   2  11  10:06am SSW 30.36   57
15   43.6  61.0   3:07pm  28.6   7:02am   21    0  0.00   1  11  12:00pm SSW 30.31   61
16   45.9  62.8   2:42pm  29.7   6:23am   19    0  0.00   2  14  12:29pm ESE 30.38   62
17   48.5  64.6   3:20pm  34.9   4:26am   16    0  0.00   3  15  12:24pm   E 30.36   50
18   53.2  66.0   1:28pm  39.7   7:02am   12    0  0.00   5  21  12:39pm SSE 30.27   42
19   53.9  63.7  12:38pm  46.2  11:52pm   11    0  0.12   5  20   1:41pm SSE 30.19   69
20   52.3  69.4   1:05pm  39.6  11:48pm   13    1  0.00   2  15  12:44pm WNW 30.18   74
21   52.0  72.3   2:22pm  34.5   7:25am   14    1  0.00   3  12   1:13pm SSW 30.21   65
22   59.5  67.5   1:07pm  51.8   2:26am    6    0  0.00   7  30   1:47pm SSW 30.07   54
23   42.5  58.6  12:00am  28.6  11:53pm   23    0  0.00   6  27   1:14pm WNW 30.37   50
24   37.3  52.2   2:50pm  21.6   7:02am   28    0  0.00   3  15   5:54pm SSW 30.24   52
25   49.2  63.9   2:27pm  39.0   4:50am   16    0  0.00   6  20   8:50am SSW 29.95   47
26   44.9  53.8  10:04am  33.8  11:57pm   20    0  0.01   7  35   6:01pm NNE 30.08   75
27   34.1  47.8   3:19pm  24.4   7:20am   31    0  0.00   3  17  12:02am NNE 30.35   72
28   40.5  57.9   3:10pm  23.7   7:19am   24    0  0.00   2  15   1:35pm  SE 30.33   65
29   49.2  64.4   2:01pm  34.3   2:02am   16    0  0.00   6  26   2:39pm   S 30.15   53
30   56.0  66.7   1:13pm  45.3   1:01am    9    0  0.00   5  21  10:49am   S 30.10   66
---------------------------------------------------------------------------------------
TOT  49.5  80.8  11/2/12  21.6 11/24/12  481   15  0.96   4  40 11/11/12 SSW 30.17   63

HEAT BASE: 65.0
COOL BASE: 65.0