NOAA-Style Climate Reports for Bentonville Arkansas (nwarwx.com)
Select data to display
Select a Year or Month report
Select a Year or Month report
Report for 2012 Dec
MONTHLY CLIMATOLOGICAL SUMMARY FOR 12/2012 HEAT COOL MEAN DEG DEG WIND SPEED DOM MEAN MEAN DAY TEMP HIGH TIME LOW TIME DAYS DAYS RAIN AVG HI TIME DIR BAROM HUM --------------------------------------------------------------------------------------- 1 63.4 70.5 2:18pm 50.2 12:04am 3 1 0.00 10 33 2:22pm S 29.98 86 2 67.5 75.0 2:07pm 63.1 5:16am 0 3 0.00 9 31 11:12am SSW 30.01 82 3 67.1 73.2 2:19pm 63.5 7:05am 0 2 0.00 11 34 12:38pm SSW 29.95 73 4 53.5 64.9 12:43am 37.2 11:47pm 12 0 1.42 6 25 2:24am NNE 30.17 71 5 46.4 60.8 2:17pm 30.9 7:30am 19 0 0.00 4 22 11:51am ESE 30.23 63 6 51.7 65.3 2:27pm 38.5 5:01am 13 0 0.00 4 18 11:21am ESE 29.94 69 7 53.5 57.9 12:46pm 46.8 1:43am 11 0 0.00 1 10 1:34pm SSW 29.87 98 8 53.4 57.9 2:22pm 49.5 8:26am 12 0 0.00 3 15 9:11am NE 29.88 97 9 47.0 53.4 9:47am 28.4 11:55pm 18 0 0.27 5 23 7:20pm N 29.87 91 10 26.2 34.2 2:58pm 18.7 11:10pm 38 0 0.00 6 23 3:33am WNW 30.05 64 11 30.0 46.9 2:36pm 16.5 4:30am 35 0 0.00 4 18 2:13pm SSW 30.12 62 12 36.4 51.1 1:53pm 20.7 7:09am 29 0 0.00 5 21 1:03pm S 30.23 45 13 44.5 57.9 2:36pm 30.0 1:51am 21 0 0.00 6 26 11:10am S 30.20 40 14 45.7 55.8 2:15pm 34.7 5:53am 19 0 0.04 5 23 6:47pm SSE 30.05 54 15 53.3 61.5 1:10pm 43.0 11:55pm 12 0 0.12 10 36 9:53am SW 29.75 68 16 51.6 65.1 2:40pm 42.6 12:09am 13 0 0.00 5 24 3:20pm SW 29.72 53 17 39.4 45.0 4:00pm 34.0 11:51pm 26 0 0.00 5 21 12:05pm WNW 29.78 93 18 47.0 62.4 2:39pm 33.8 12:00am 18 0 0.00 6 27 11:16am SSW 29.80 64 19 55.5 64.8 8:53pm 39.6 12:14am 10 0 0.03 7 31 10:21pm SSE 29.69 79 20 36.9 57.7 12:25am 29.8 11:56pm 28 0 0.00 19 46 6:07am WNW 29.95 63 21 34.6 50.5 3:43pm 20.3 6:40am 30 0 0.00 3 15 12:00am WSW 30.29 52 22 45.6 61.0 2:15pm 27.9 4:15am 19 0 0.00 6 28 1:46pm SW 30.12 41 23 51.9 62.1 2:51pm 39.7 11:58pm 13 0 0.00 5 22 11:52am SSW 29.89 68 24 33.1 42.8 2:16pm 25.0 7:48am 32 0 0.00 6 19 11:53pm NE 29.96 77 25 27.8 31.3 2:06pm 23.9 11:10pm 37 0 0.00 12 39 9:57pm NE 29.97 75 26 25.1 34.5 2:26pm 18.1 5:11am 40 0 0.00 6 22 12:00am N 30.11 70 27 31.6 41.0 1:21pm 23.5 12:00am 33 0 0.00 6 20 2:00pm ESE 30.01 66 28 32.5 37.0 12:21pm 23.2 11:51pm 32 0 0.00 5 20 12:28pm WNW 29.96 93 29 23.2 33.6 3:07pm 17.1 5:10am 42 0 0.00 7 19 3:21pm WNW 30.25 73 30 30.2 41.4 3:02pm 16.9 7:08am 35 0 0.00 5 18 3:08pm S 30.32 64 31 35.9 37.8 12:30am 33.6 2:19am 29 0 0.67 4 19 12:40am SE 30.08 96 --------------------------------------------------------------------------------------- TOT 43.3 75.0 12/2/12 16.5 12/11/12 679 6 2.54 6 46 12/20/12 SSW 30.01 71 HEAT BASE: 65.0 COOL BASE: 65.0