NOAA style reports

NOAA-Style Climate Reports for Bentonville Arkansas (nwarwx.com)


Report for 2013 Jan
                  MONTHLY CLIMATOLOGICAL SUMMARY FOR 1/2013
                                        HEAT  COOL        
     MEAN                               DEG   DEG       WIND SPEED       DOM MEAN  MEAN
DAY  TEMP  HIGH   TIME     LOW   TIME   DAYS  DAYS RAIN AVG  HI  TIME    DIR BAROM HUM
---------------------------------------------------------------------------------------
1    31.7  37.2  12:00am  24.3  11:53pm   33    0  0.00   2  15   8:17am   N 30.14  100
2    26.0  34.2   3:56pm  19.9   7:37am   39    0  0.00   2  13   2:00pm WSW 30.22   86
3    30.0  43.5   2:44pm  18.5   5:20am   35    0  0.00   2  14   1:43pm WNW 30.35   78
4    33.5  47.1   2:23pm  19.9   5:45am   32    0  0.00   4  17   1:03pm  SW 30.38   66
5    35.8  42.4   2:54pm  25.9   1:45am   29    0  0.00   5  23   1:26pm  SW 30.24   74
6    33.3  47.1   3:17pm  22.8  11:55pm   32    0  0.00   4  16   1:23pm WNW 30.30   71
7    36.7  52.0   2:33pm  21.9  12:26am   28    0  0.00   4  21  12:01pm SSE 30.23   60
8    43.1  59.2   1:55pm  27.9   6:15am   22    0  0.18   3  19   2:34pm SSE 30.11   71
9    50.0  54.3   3:36pm  46.4   8:19am   15    0  0.08   7  30  11:45pm  NE 30.26   82
10   50.4  57.6   3:40pm  45.7   6:17am   15    0  0.04   9  28   1:42am ENE 29.98   97
11   55.3  66.2   3:03pm  44.4   5:50am   10    0  0.00   9  32   2:30pm SSW 29.83   72
12   43.9  58.3   2:10am  29.1  11:59pm   21    0  0.36   9  33   5:08pm NNE 29.88   83
13   23.0  29.1  12:00am  16.0  11:56pm   40    0  0.00   9  17  11:12am NNE 30.16   87
14   22.5  35.1   3:20pm  13.3   5:43am   42    0  0.00   7  19   2:13pm NNE 30.33   73
15   25.0  34.9   2:41pm  15.4   5:24am   40    0  0.00   4  17   1:53pm  NE 30.21   71
16   27.6  42.6   3:11pm  14.9   6:15am   37    0  0.00   3  19  12:46pm  SW 30.14   68
17   34.4  49.1   3:36pm  23.2   3:39am   31    0  0.00   4  20  10:36am NNE 30.35   65
18   39.5  56.3   2:14pm  23.2   6:36am   26    0  0.00   6  26  12:24pm SSW 30.35   64
19   47.9  62.8   3:06pm  35.8  11:08pm   17    0  0.00   7  26   1:41pm SSW 30.15   52
20   43.9  61.3   3:07pm  28.6   7:16am   21    0  0.00   5  23  11:32pm  NE 30.20   58
21   29.2  39.9   2:40pm  21.4   7:04am   36    0  0.00   7  21  12:00am  NE 30.31   55
22   32.6  47.3   3:44pm  21.4   4:33am   32    0  0.00   4  17  10:35am ENE 30.25   57
23   42.5  61.7   3:35pm  25.9   4:01am   22    0  0.00   4  20  10:23am  SW 30.20   69
24   38.2  43.7  12:01am  33.1  11:56pm   27    0  0.00   9  23   2:39pm ENE 30.22   50
25   37.8  50.5   3:20pm  30.2   4:39am   27    0  0.00   2  14   1:50pm  NE 30.17   77
26   46.5  61.9   2:30pm  34.0   2:13am   18    0  0.00   6  20  10:26am  SE 30.20   48
27   53.9  59.5   2:32pm  46.9   1:01am   11    0  0.00   9  27   3:24pm   S 30.02   86
28   66.4  72.0   1:38pm  59.0  12:00am    1    2  0.00  12  35  10:59am SSW 29.93   86
29   60.4  68.4  10:23am  46.4  11:22pm    5    1  1.85   9  33   9:35pm   S 29.65   94
30   32.7  46.6  12:00am  22.1  11:39pm   32    0  0.04  12  34   5:58am WNW 29.80   86
31   29.5  47.8   1:08pm  18.7  11:53pm   35    0  0.00   6  26   4:59pm  SW 30.15   72
---------------------------------------------------------------------------------------
TOT  38.8  72.0  1/28/13  13.3  1/14/13  812    3  2.55   6  35  1/28/13 NNE 30.15   73

HEAT BASE: 65.0
COOL BASE: 65.0