NOAA style reports

NOAA-Style Climate Reports for Bentonville Arkansas (nwarwx.com)


Report for 2013 Feb
                  MONTHLY CLIMATOLOGICAL SUMMARY FOR 2/2013
                                        HEAT  COOL        
     MEAN                               DEG   DEG       WIND SPEED       DOM MEAN  MEAN
DAY  TEMP  HIGH   TIME     LOW   TIME   DAYS  DAYS RAIN AVG  HI  TIME    DIR BAROM HUM
---------------------------------------------------------------------------------------
1    26.6  45.7   4:11pm  12.2   5:39am   38    0  0.00   5  17   2:26am  SE 30.31   53
2    38.2  54.3   2:27pm  22.8   5:57am   27    0  0.00   5  24   4:28pm  SW 30.19   57
3    43.4  53.8   3:43pm  32.0   2:07am   22    0  0.00   4  20   2:20am SSE 30.17   49
4    49.4  60.6   4:32pm  35.6  11:57pm   16    0  0.14   6  57   5:20am SSW 29.90   60
5    45.7  65.7   2:45pm  28.9   6:51am   19    0  0.00   3  21  12:58pm WNW 29.99   68
6    51.0  64.6   2:37pm  35.2   1:31am   14    0  0.00   6  20   2:53pm ESE 30.04   56
7    51.4  56.8   9:52am  42.3  11:59pm   14    0  0.02   6  23   9:12pm   N 29.94   95
8    41.8  53.4   3:36pm  32.9   7:58am   23    0  0.00   6  22   6:51am NNE 30.21   73
9    40.7  48.4   1:57pm  33.6   5:55am   24    0  0.07   8  31   7:24pm ESE 30.07   79
10   52.4  60.6   2:01pm  39.9  11:56pm   13    0  0.24  13  36   3:26pm WSW 29.78   66
11   39.8  55.2   3:43pm  28.4   4:42am   25    0  0.00   3  16   9:36am WNW 30.12   55
12   37.8  46.0   2:26pm  28.6   4:53am   27    0  0.06   4  15   2:36pm  NE 30.02   70
13   39.3  51.1   3:46pm  33.1  12:00am   25    0  0.08   7  23   2:07pm  SW 29.96   81
14   45.1  57.2   3:40pm  33.6   3:49am   20    0  0.00   5  14   4:36pm  SW 30.03   59
15   34.8  44.2  12:00am  21.7  11:46pm   18    0  0.00   5  21   4:32pm WNW 30.25   49
16   32.7  37.0   1:58pm  21.7  12:00am   25    0  0.00   5  20  12:49pm  SW 30.22   57
17   48.2  63.1   2:33pm  31.6   5:20am   17    0  0.00   8  27   3:59pm SSE 29.98   41
18   50.8  58.5   1:29pm  34.3  11:56pm   14    0  0.03  13  40   3:22pm SSW 29.81   65
19   34.1  46.0   3:19pm  21.6   7:01am   31    0  0.00   4  28   1:32pm WNW 30.23   53
20   31.6  34.5   4:07pm  27.7  12:00am   33    0  0.00   6  19   5:04pm ENE 30.19   66
21   32.8  36.1   9:04pm  28.8   3:49am   31    0  0.39   5  30   9:34pm   E 29.82   96
22   29.0  37.8   3:39pm  21.0   6:45am   36    0  0.00   9  31   2:56am WNW 30.01   74
23   31.1  45.3   4:10pm  18.9   7:16am   33    0  0.00   3  17  12:57pm   W 30.01   69
24   43.8  59.2   3:30pm  26.1   6:07am   21    0  0.00   6  20   3:43pm ESE 29.92   58
25   39.1  41.7  12:00am  35.8   2:05am   26    0  0.21   9  29   5:27pm  NE 29.65   82
26   33.4  36.1  12:00am  32.2   7:05am   32    0  0.00   6  27   1:44pm WNW 29.60  100
27   34.1  39.4   3:09pm  31.8  10:17pm   31    0  0.04  10  33   3:43pm WNW 29.97   88
28   32.2  36.3   2:29pm  26.8   5:36am   33    0  0.00   7  20   7:20am WNW 30.13   79
---------------------------------------------------------------------------------------
TOT  39.8  65.7   2/5/13  12.2   2/1/13  688    0  1.27   6  33  2/27/13 WNW 30.01   68

HEAT BASE: 65.0
COOL BASE: 65.0