NOAA style reports

NOAA-Style Climate Reports for Bentonville Arkansas (nwarwx.com)


Report for 2013 Mar
                  MONTHLY CLIMATOLOGICAL SUMMARY FOR 3/2013
                                        HEAT  COOL        
     MEAN                               DEG   DEG       WIND SPEED       DOM MEAN  MEAN
DAY  TEMP  HIGH   TIME     LOW   TIME   DAYS  DAYS RAIN AVG  HI  TIME    DIR BAROM HUM
---------------------------------------------------------------------------------------
1    29.7  32.7  12:46pm  26.1  11:11pm   35    0  0.00   6  23   4:07pm  NW 30.19   70
2    30.2  40.3   3:46pm  24.3  10:45pm   34    0  0.00   4  18   1:51pm  NW 30.25   68
3    42.5  57.9   2:56pm  23.0  12:51am   23    0  0.00   6  23   2:22pm SSE 30.01   52
4    54.0  65.1   1:55pm  43.7  11:55pm   11    0  0.00   6  28  11:22pm  SE 29.70   55
5    38.4  44.6   3:53pm  31.5  11:57pm   27    0  0.01  11  43   3:23pm WNW 30.15   62
6    36.1  49.6   2:40pm  23.9   6:41am   29    0  0.00   5  20   8:47am  NE 30.31   54
7    49.7  63.7   3:35pm  36.9   6:33am   15    0  0.00   6  19  11:19am ESE 30.21   42
8    53.2  62.6  12:00pm  42.6   6:49am   12    0  0.01   8  23  12:03pm ESE 30.16   47
9    58.9  68.0  12:31pm  52.7   4:54am    6    0  1.43   8  28  12:17pm  SE 29.87   65
10   44.5  55.9  12:00am  29.8  11:59pm   20    0  0.67  10  34   1:29pm WNW 29.78   99
11   33.6  44.8   4:32pm  27.1   7:07am   31    0  0.00  11  31   2:48am WNW 29.96   74
12   42.7  56.3   3:18pm  27.7   2:45am   22    0  0.00   6  31   4:15pm WNW 30.16   54
13   38.9  53.8   4:04pm  26.4   4:57am   26    0  0.00   3  16   4:24pm   N 30.38   47
14   51.8  70.9   4:56pm  33.6   4:11am   14    1  0.00   7  37  12:08pm  SW 30.22   45
15   63.8  78.6   4:10pm  46.9   6:35am    5    4  0.00   9  34   3:31pm  SW 29.97   50
16   63.3  75.6   4:31pm  51.6  11:55pm    4    2  0.00   8  27   6:32pm  SW 29.82   50
17   44.2  51.6  12:00am  40.6   8:43am   21    0  0.04   7  22   3:39am  NE 29.79   91
18   45.3  56.3   4:56pm  34.0  11:59pm   20    0  0.02   5  20   9:35am WNW 29.88   79
19   43.9  57.0   2:51pm  33.3  12:43am   21    0  0.00   5  20   6:22pm  NE 30.14   51
20   37.7  48.7   4:19pm  27.7   7:39am   27    0  0.00   4  22   9:59am NNE 30.24   56
21   35.3  43.5  12:16pm  32.5   3:56am   30    0  0.23   8  22   1:13pm ENE 29.93   68
22   36.5  39.7   2:07pm  32.7   1:37am   29    0  0.28   6  18  12:43am ENE 29.88  100
23   38.2  40.6   4:41pm  36.1   3:01am   27    0  0.00   6  17   2:51pm ENE 29.83  100
24   33.0  40.5   4:07am  26.4  11:10pm   32    0  0.04  10  33   1:13pm WNW 29.87   90
25   28.3  34.3   4:08pm  23.2   4:04am   37    0  0.00  10  29  12:16pm WNW 30.19   72
26   31.8  45.1   4:40pm  20.3   7:16am   33    0  0.00   4  20  12:56pm WNW 30.34   66
27   44.7  59.9   4:21pm  26.8  12:10am   20    0  0.00   5  21  12:46pm ESE 30.24   49
28   57.7  69.3   3:15pm  46.6   1:24am    8    0  0.00   7  23   1:32pm  SE 30.17   48
29   59.1  68.0   4:06pm  52.2   6:02am    6    0  0.31   4  18   3:40pm  SE 30.15   79
30   59.7  68.5   3:30pm  53.6   9:55am    6    0  0.50   6  20   9:06am  SW 30.00   88
31   57.3  69.6   4:44pm  46.4  11:23pm    8    1  0.08   3  22   6:10am NNE 29.95   71
---------------------------------------------------------------------------------------
TOT  44.6  78.6  3/15/13  20.3  3/26/13  639    9  3.62   7  33  3/24/13 WNW 30.06   66

HEAT BASE: 65.0
COOL BASE: 65.0