NOAA-Style Climate Reports for Bentonville Arkansas (nwarwx.com)
Select data to display
Select a Year or Month report
Select a Year or Month report
Report for 2013 May
MONTHLY CLIMATOLOGICAL SUMMARY FOR 5/2013 HEAT COOL MEAN DEG DEG WIND SPEED DOM MEAN MEAN DAY TEMP HIGH TIME LOW TIME DAYS DAYS RAIN AVG HI TIME DIR BAROM HUM --------------------------------------------------------------------------------------- 1 70.7 82.4 2:52pm 60.3 6:23am 1 6 0.00 5 19 4:41pm ESE 29.98 61 2 48.7 63.1 1:32am 33.3 11:55pm 16 0 0.29 5 22 10:55pm N 30.19 95 3 37.5 45.5 5:10pm 32.7 4:07am 27 0 0.39 5 22 2:08pm WNW 30.08 91 4 39.2 45.1 4:59pm 34.3 2:08am 25 0 0.20 5 17 12:02am WNW 29.91 93 5 48.3 61.2 2:02pm 35.6 6:14am 17 0 0.00 4 20 1:26pm WNW 30.04 83 6 54.1 64.8 5:24pm 47.5 11:58pm 11 0 0.00 4 14 1:19am N 30.06 89 7 60.8 76.5 5:24pm 43.2 6:21am 8 3 0.00 2 16 2:45pm SW 30.06 72 8 66.5 79.0 4:31pm 54.0 3:42am 3 5 0.00 3 21 4:29pm ENE 30.01 69 9 64.8 76.3 2:33pm 58.3 8:46am 2 2 3.51 6 37 6:25am SW 29.96 87 10 61.5 70.0 3:34pm 52.7 11:59pm 4 1 1.81 4 19 12:04am N 29.99 91 11 59.8 72.7 1:52pm 46.8 6:21am 7 2 0.00 3 24 4:51pm N 30.13 68 12 54.3 68.9 3:05pm 37.6 6:42am 11 0 0.00 2 17 3:02pm NNE 30.23 57 13 65.1 79.7 4:45pm 48.4 4:54am 5 5 0.00 6 26 2:16pm SW 30.13 58 14 73.6 86.2 3:31pm 61.3 6:12am 0 9 0.00 9 26 10:07am SW 30.04 47 15 68.3 75.2 12:05pm 64.0 4:27pm 0 3 0.20 6 24 3:55pm SW 29.99 78 16 64.7 68.9 6:49pm 61.5 8:33am 1 1 0.00 3 13 12:57pm ESE 29.89 97 17 70.1 82.0 6:04pm 56.3 6:18am 2 7 0.00 2 11 2:43pm ESE 29.92 79 18 75.2 84.0 12:08pm 64.8 5:14am 0 10 0.00 5 23 12:28pm SE 29.90 87 19 78.4 87.3 3:58pm 71.2 3:37am 0 13 0.07 8 31 5:43pm S 29.79 69 20 70.5 77.9 4:25pm 60.8 7:39pm 1 6 0.64 6 45 7:16pm S 29.78 89 21 60.8 64.2 12:00am 58.1 5:07pm 4 0 0.96 7 33 6:54pm W 29.81 100 22 63.8 74.3 5:15pm 53.6 6:31am 4 3 0.00 7 24 11:44am SW 29.86 81 23 64.4 75.4 2:43pm 54.7 3:54am 3 3 0.00 3 16 6:36pm NNE 30.04 82 24 66.5 77.9 4:19pm 56.8 6:35am 2 4 0.00 6 18 8:19am NE 30.19 72 25 71.1 82.8 4:48pm 60.1 3:53am 1 7 0.00 6 19 12:30pm ESE 30.15 62 26 73.7 82.4 4:51pm 63.3 5:51am 0 9 0.00 6 26 11:18am SSW 30.05 72 27 75.1 83.3 3:50pm 68.7 5:31am 0 10 0.00 9 28 2:21pm S 29.90 74 28 75.8 82.8 3:08pm 71.6 6:19am 0 11 0.00 10 30 1:22pm SSW 29.83 68 29 75.0 79.5 2:28pm 70.3 6:32am 0 10 0.00 8 26 10:57am SSE 29.84 70 30 70.6 78.4 12:42pm 62.6 5:30am 0 6 0.91 8 39 3:05pm S 29.78 86 31 75.4 84.9 4:46pm 62.6 12:33am 0 11 0.04 8 34 10:03am SW 29.77 85 --------------------------------------------------------------------------------------- TOT 64.7 87.3 5/19/13 32.7 5/3/13 157 147 9.00 5 45 5/20/13 S 29.98 78 HEAT BASE: 65.0 COOL BASE: 65.0