NOAA style reports

NOAA-Style Climate Reports for Bentonville Arkansas (nwarwx.com)


Report for 2013 Jun
                  MONTHLY CLIMATOLOGICAL SUMMARY FOR 6/2013
                                        HEAT  COOL        
     MEAN                               DEG   DEG       WIND SPEED       DOM MEAN  MEAN
DAY  TEMP  HIGH   TIME     LOW   TIME   DAYS  DAYS RAIN AVG  HI  TIME    DIR BAROM HUM
---------------------------------------------------------------------------------------
1    68.9  77.4  12:00am  59.9  11:57pm    0    4  0.47   6  52   3:09am WNW 29.85   87
2    61.0  67.6  11:37am  54.1   6:18am    4    0  0.00   3  14  10:42am NNE 30.01   87
3    64.6  79.2   5:05pm  47.8   4:41am    5    5  0.00   3  11  12:15pm ESE 29.98   75
4    68.7  77.7   5:29pm  63.1   4:24am    0    4  0.00   4  19  11:00am ESE 29.94   82
5    69.3  78.3   3:21pm  63.3   2:54am    0    5  0.35   5  23   3:42pm WNW 29.91   88
6    65.7  74.3   3:20pm  57.4  11:36pm    2    3  0.00   3  17   2:53pm NNE 29.91   85
7    64.7  78.3   4:03pm  53.2   6:21am    4    4  0.00   3  16   5:05pm NNE 29.94   74
8    68.2  81.1   4:41pm  52.5   4:07am    3    7  0.00   3  14  12:14pm SSE 29.91   68
9    72.7  81.9   4:11pm  65.5   5:00am    0    8  0.01   5  21  12:13pm WNW 29.87   67
10   78.0  90.7   3:50pm  65.3   1:11am    0   13  0.00   8  26   1:42pm WSW 29.89   66
11   81.8  91.8   4:17pm  70.3   6:03am    0   17  0.00   7  26   2:37pm  SW 29.95   62
12   81.6  89.8   4:17pm  73.2   5:27am    0   17  0.00  11  33   3:31pm  SW 29.94   68
13   80.1  90.3   5:16pm  71.1   5:47am    0   15  0.00   4  14   6:35pm NNE 29.98   71
14   80.4  91.8   4:24pm  70.3   6:10am    0   15  0.00   5  15  12:18pm ESE 29.98   74
15   77.4  89.2   2:10pm  69.4   9:16pm    0   12  0.23   5  21   3:02pm SSE 30.00   77
16   76.4  87.8   4:46pm  69.1   6:20am    0   11  0.04   4  20  11:58am  SW 29.97   82
17   69.1  72.1  12:04pm  65.3  11:10pm    0    4  0.39   3  16  11:27am NNE 29.93   99
18   72.8  84.9   4:05pm  62.4   6:11am    0    8  0.00   2  17   3:13pm  NE 29.99   78
19   75.1  86.9   3:38pm  62.1   6:18am    0   10  0.00   3  17   5:53pm SSE 30.01   70
20   79.0  89.4   3:31pm  68.4   4:32am    0   14  0.00   5  19  10:25am SSE 30.03   71
21   82.1  90.3   3:05pm  73.9   6:10am    0   17  0.00   6  22  12:18pm   S 30.04   72
22   81.2  88.5   2:29pm  72.3   6:37am    0   16  0.00   6  22  11:45am   S 30.01   71
23   80.9  89.6   3:46pm  71.8   5:17am    0   16  0.00   6  24  10:28am   S 29.98   72
24   81.1  89.4   4:01pm  73.8   4:32am    0   16  0.00   7  23   8:55am   S 30.00   68
25   80.9  88.0   4:42pm  75.4   5:56am    0   16  0.00   8  27   3:15pm SSW 29.93   69
26   82.1  92.5   4:59pm  75.4   4:42am    0   17  0.01   8  26   6:21pm  SW 29.89   75
27   84.9  96.6   3:54pm  71.2   6:15am    0   20  0.00   4  14   1:44pm  SW 29.94   72
28   82.3  90.9   5:15pm  70.9  11:58pm    0   17  0.00   4  17   3:58pm   N 29.89   65
29   75.2  86.0   4:17pm  62.2   5:11am    0   11  0.00   4  27  12:38pm WNW 29.86   53
30   69.9  79.7   5:02pm  60.4   6:04am    1    5  0.00   5  19   4:03pm NNE 29.90   69
---------------------------------------------------------------------------------------
TOT  75.2  96.6  6/27/13  47.8   6/3/13   22  328  1.51   5  52   6/1/13  SW 29.95   74

HEAT BASE: 65.0
COOL BASE: 65.0