NOAA style reports

NOAA-Style Climate Reports for Bentonville Arkansas (nwarwx.com)


Report for 2013 Jul
                  MONTHLY CLIMATOLOGICAL SUMMARY FOR 7/2013
                                        HEAT  COOL        
     MEAN                               DEG   DEG       WIND SPEED       DOM MEAN  MEAN
DAY  TEMP  HIGH   TIME     LOW   TIME   DAYS  DAYS RAIN AVG  HI  TIME    DIR BAROM HUM
---------------------------------------------------------------------------------------
1    70.1  82.6   4:17pm  59.4   1:58am    1    7  0.00   5  21  12:25pm NNE 30.00   65
2    68.8  81.5   4:29pm  54.3   6:28am    3    6  0.00   3  17  11:49am NNE 30.05   62
3    69.6  84.4   4:32pm  54.0   5:05am    3    7  0.00   2  19   2:06pm SSW 30.05   60
4    73.7  87.4   3:34pm  59.4   3:47am    1   10  0.00   3  15  10:04am ESE 30.02   57
5    76.9  89.2   4:28pm  59.7   6:36am    0   12  0.00   4  18   3:48pm SSW 29.99   53
6    77.7  90.0   2:54pm  67.1   6:07am    0   13  0.01   3  14   7:26am  SW 29.98   54
7    80.7  91.4   2:47pm  70.7   6:19am    0   16  0.00   4  17  10:29am  SE 30.02   58
8    82.3  93.0   4:51pm  70.2   4:05am    0   17  0.00   4  17  11:35am  SW 30.06   61
9    83.8  94.1   3:34pm  73.6   4:27am    0   19  0.00   6  24   1:36pm  SW 30.04   62
10   85.8  99.1   4:07pm  72.7   6:29am    0   21  0.00   4  19  10:30am  SW 29.98   56
11   83.4  96.4   3:38pm  70.0   5:40am    0   18  0.00   4  17   3:38pm  NE 29.98   62
12   81.1  93.7   4:23pm  71.4   6:43am    0   15  0.00   4  16   8:30am ESE 30.00   52
13   78.6  89.4   1:11pm  67.6   4:10am    0   14  0.00   3  13   1:44pm ESE 30.01   48
14   78.1  88.0   4:42pm  64.8   6:26am    0   13  0.00   5  21   1:10pm ESE 30.01   48
15   78.9  91.8   3:39pm  70.3   6:51am    0   14  0.00   6  26   3:59pm  NE 30.10   65
16   76.9  88.0   1:30pm  68.5   5:59am    0   12  0.04   2  17   2:13pm ESE 30.21   82
17   80.8  93.4   4:26pm  68.7   5:22am    0   16  0.00   2  15   4:38pm ESE 30.25   68
18   82.0  94.8   2:57pm  68.0   6:30am    0   17  0.00   3  20   3:35pm WSW 30.13   64
19   80.9  94.8   3:17pm  71.2   3:48am    0   16  0.00   4  17   3:56pm  SW 30.00   66
20   79.2  94.6   3:51pm  68.5   6:08am    0   14  0.05   6  23   7:28pm  SW 29.94   77
21   74.2  82.9   6:50pm  68.5   4:01am    0    9  0.25   2  14   1:46am   S 29.91   97
22   76.0  89.4   5:42pm  66.4  11:53am    0   11  0.51   5  33  12:24pm  SW 29.90   82
23   84.3  96.6   4:24pm  70.3  11:15pm    0   19  0.16   7  30  10:22pm WSW 29.87   70
24   75.4  85.6   4:07pm  66.7   6:51am    0   10  0.67   4  28   3:52am NNE 29.96   84
25   76.1  86.5   3:50pm  65.7   4:27am    0   11  0.00   2  11   3:47pm  NE 30.05   80
26   70.6  74.3  12:00am  64.2  11:39pm    0    6  0.71   1  14   1:41pm SSE 30.01   98
27   71.1  82.0   5:08pm  62.6   1:49am    0    6  0.00   3  14   1:19pm NNE 30.01   79
28   69.9  80.8   2:46pm  61.7   1:37am    0    5  0.00   3  18   6:25pm  NE 30.02   83
29   76.9  85.8   3:34pm  68.0   5:51am    0   12  0.00   6  20   2:01pm ESE 30.02   82
30   77.1  87.1   4:13pm  69.6   3:44am    0   12  2.21   4  19  11:44am WSW 30.02   89
31   78.2  89.1   1:21pm  71.4   6:04am    0   10  0.00   2  18   1:47pm NNE 30.04   90
---------------------------------------------------------------------------------------
TOT  77.4  99.1  7/10/13  54.0   7/3/13    9  388  4.60   4  33  7/22/13  SW 30.02   69

HEAT BASE: 65.0
COOL BASE: 65.0