NOAA style reports

NOAA-Style Climate Reports for Bentonville Arkansas (nwarwx.com)


Report for 2013 Aug
                  MONTHLY CLIMATOLOGICAL SUMMARY FOR 8/2013
                                        HEAT  COOL        
     MEAN                               DEG   DEG       WIND SPEED       DOM MEAN  MEAN
DAY  TEMP  HIGH   TIME     LOW   TIME   DAYS  DAYS RAIN AVG  HI  TIME    DIR BAROM HUM
---------------------------------------------------------------------------------------
1    76.9  88.9   5:12pm  65.1   6:44am    0   12  0.00   3  11   9:56am  NE 30.05   75
2    78.7  87.8   5:34pm  70.7   6:48am    0   14  0.00   5  17   5:36pm SSE 29.93   86
3    77.4  87.1   4:45pm  67.3   7:43am    0   12  3.00   4  34   5:49am  SW 30.02   90
4    73.9  76.8  12:00am  71.4   1:01pm    0    9  0.14   3  15   2:18pm ESE 30.06   99
5    80.5  91.8   2:47pm  71.8   4:01am    0   15  0.04   5  20  12:52pm  SW 29.94   85
6    82.2  92.8   4:14pm  72.7   6:28am    0   17  0.04   4  16   4:33pm ESE 29.87   80
7    80.8  91.8   5:07pm  73.6  11:06am    0   16  0.00   4  16  11:21am NNE 29.89   87
8    74.7  83.1   4:43pm  66.9   4:12am    0   10  3.90   4  33   3:53am NNE 29.91   94
9    75.3  84.4   3:22pm  69.4   7:13am    0   10  0.11   3  17   5:09am NNE 29.97   91
10   75.9  84.6   5:15pm  68.9   4:39am    0   11  0.00   5  19  12:47pm  NE 30.07   85
11   77.5  88.7   5:25pm  70.3   6:16am    0   12  0.00   2  11   3:49am ESE 30.06   88
12   75.1  82.8  10:48am  70.3   1:01pm    0   10  0.24   2  16  12:13pm NNE 30.01   94
13   71.1  76.6   1:20pm  65.5  11:57pm    0    6  0.14   1  19   1:31pm NNE 30.02   99
14   69.5  78.8   3:35pm  60.6  11:59pm    1    5  0.00   4  18  12:42pm  NE 30.09   77
15   67.0  79.0   4:08pm  56.8   2:40am    3    4  0.00   2  14   2:37pm ESE 30.07   72
16   68.4  78.6   3:25pm  59.7  11:56pm    1    4  0.00   3  14   5:21pm  NE 30.07   72
17   67.0  79.5   5:09pm  54.1   7:01am    3    5  0.00   2  14   1:54pm  NE 30.10   79
18   70.6  83.3   3:47pm  58.5   6:57am    2    7  0.00   2  12   2:43pm ESE 30.09   77
19   72.9  86.2   5:12pm  62.4   6:17am    0    8  0.00   1  11  12:00pm NNE 30.07   76
20   74.7  86.9   3:55pm  63.1   6:30am    0   10  0.00   2  13   1:20pm SSE 30.05   73
21   76.6  89.4   4:12pm  63.9   5:40am    0   12  0.00   3  17  11:56am  SW 30.07   72
22   77.7  92.3   4:07pm  65.7   4:28am    0   13  0.00   2  14  11:58am NNE 30.07   76
23   79.9  92.1   2:25pm  66.6   4:24am    0   15  0.00   2  14   1:20pm  NE 30.04   71
24   80.5  90.5   4:07pm  71.6   6:22am    0   16  0.00   3  17   4:07pm ESE 30.10   73
25   80.9  92.3   3:56pm  70.0   6:50am    0   16  0.00   2  11   4:33pm ESE 30.16   74
26   79.5  91.6   3:34pm  70.7  11:52pm    0   15  0.00   3  14  10:52am  SW 30.16   77
27   77.1  89.6   3:20pm  65.1   7:01am    0   12  0.00   4  19   3:07pm WSW 30.08   74
28   78.5  91.4   3:16pm  66.6   6:30am    0   14  0.00   3  18   4:03pm  SW 30.05   75
29   80.6  94.3   2:09pm  68.4   6:25am    0   16  0.00   2  17  12:14pm  SW 30.04   73
30   82.4  94.3   4:57pm  70.2   6:54am    0   17  0.00   4  17  10:46am WSW 29.97   70
31   83.5  96.4   3:23pm  71.8   2:41am    0   19  0.00   4  19   2:01pm  SW 29.88   66
---------------------------------------------------------------------------------------
TOT  76.4  96.4  8/31/13  54.1  8/17/13    9  361  7.60   3  34   8/3/13  NE 30.03   80

HEAT BASE: 65.0
COOL BASE: 65.0