NOAA style reports

NOAA-Style Climate Reports for Bentonville Arkansas (nwarwx.com)


Report for 2013 Sep
                  MONTHLY CLIMATOLOGICAL SUMMARY FOR 9/2013
                                        HEAT  COOL        
     MEAN                               DEG   DEG       WIND SPEED       DOM MEAN  MEAN
DAY  TEMP  HIGH   TIME     LOW   TIME   DAYS  DAYS RAIN AVG  HI  TIME    DIR BAROM HUM
---------------------------------------------------------------------------------------
1    78.9  91.0   1:28pm  72.1  11:22pm    0   14  0.02   3  19   1:53pm  NE 29.86   76
2    75.3  87.1   2:14pm  63.7  11:59pm    0   10  0.00   4  17   2:38pm NNE 29.95   75
3    72.5  88.2   4:15pm  58.3   6:43am    1    9  0.00   2  15   3:23pm  NE 30.02   71
4    74.0  89.1   3:58pm  60.8   4:25am    1   10  0.00   2  14   1:04pm  NE 30.09   68
5    75.1  88.7   3:57pm  62.2   4:11am    0   10  0.00   2  14   3:05pm  NE 30.13   66
6    75.9  89.2   3:30pm  62.2   3:55am    0   11  0.00   2  11   1:18pm ESE 30.08   66
7    79.8  94.1   3:46pm  65.8   6:56am    0   15  0.00   3  15   1:47pm  SW 30.00   64
8    80.4  95.0   2:58pm  66.9   5:28am    0   15  0.00   3  17  12:08pm WSW 29.95   65
9    81.0  94.3   4:04pm  66.4   7:16am    0   16  0.00   3  17   4:33pm  SW 29.97   60
10   79.8  94.1   3:36pm  65.1   6:35am    0   15  0.00   3  18   1:49pm  SW 30.07   59
11   79.7  92.8   3:44pm  67.6   6:44am    0   15  0.00   2  11  12:23pm WNW 30.11   69
12   78.4  92.5   3:26pm  67.6   6:30am    0   13  0.00   3  19   5:12pm NNE 30.05   75
13   73.1  83.8   3:40pm  63.0  11:55pm    0    8  0.00   6  19  10:03am  NE 30.03   55
14   68.0  81.7   4:30pm  55.6   5:15am    2    5  0.00   3  14   9:58am ESE 30.02   59
15   74.4  88.0   3:09pm  60.4   6:26am    1   10  0.04   4  19  12:51pm  SW 30.01   53
16   71.7  76.8   4:58pm  68.9   9:10am    0    7  0.12   3  14   6:56pm  NE 30.11   89
17   74.2  84.9   3:58pm  67.1   6:52am    0    9  0.00   4  13   8:21am ESE 30.07   83
18   78.4  88.2   3:59pm  69.6   2:44am    0   13  0.00   4  22   2:01pm SSE 29.98   67
19   78.9  90.3   2:28pm  70.7   6:33am    0   14  0.24   5  26  12:05pm   S 29.94   70
20   65.6  71.8  12:00am  55.4  11:58pm    1    2  2.09   3  19   3:33pm NNE 29.95   94
21   60.5  76.6   3:49pm  46.6   7:15am    7    3  0.00   3  18   1:04pm NNE 29.95   74
22   61.6  76.6   4:23pm  47.3   5:25am    6    3  0.00   2  11   4:15pm ESE 29.91   69
23   65.2  79.2   4:11pm  52.7   4:50am    3    4  0.00   4  17   5:17pm ESE 29.87   66
24   67.7  76.8   3:02pm  59.2   7:08am    1    4  0.00   5  22   2:16pm WNW 29.85   69
25   66.3  81.5   4:11pm  53.4   7:12am    3    5  0.00   2  14  12:11pm NNE 29.85   80
26   73.2  85.8   3:53pm  60.6   5:44am    1    7  0.00   4  12   3:53pm   E 29.89   65
27   73.4  84.2   2:39pm  63.0   6:23am    0    9  0.00   5  19   6:22pm ESE 29.95   66
28   69.5  79.7  12:52pm  61.0  11:16pm    1    5  1.26   5  30  10:54am SSE 29.96   83
29   64.1  77.2   4:29pm  54.1   7:34am    4    3  0.00   3  16  10:35am  NE 29.99   81
30   68.7  80.4   3:03pm  59.0   1:00am    2    5  0.00   2  16   4:30pm SSE 29.89   84
---------------------------------------------------------------------------------------
TOT  72.8  95.0   9/8/13  46.6  9/21/13   37  270  3.76   3  30  9/28/13  NE 29.98   71

HEAT BASE: 65.0
COOL BASE: 65.0