NOAA style reports

NOAA-Style Climate Reports for Bentonville Arkansas (nwarwx.com)


Report for 2013 Oct
                  MONTHLY CLIMATOLOGICAL SUMMARY FOR 10/2013
                                        HEAT  COOL        
     MEAN                               DEG   DEG       WIND SPEED       DOM MEAN  MEAN
DAY  TEMP  HIGH   TIME     LOW   TIME   DAYS  DAYS RAIN AVG  HI  TIME    DIR BAROM HUM
---------------------------------------------------------------------------------------
1    73.4  84.2   3:15pm  63.1   4:12am    0    8  0.00   3  20   2:26pm SSE 29.94   82
2    72.8  81.9   3:44pm  66.4   7:48am    0    8  0.00   4  17  12:43pm   S 29.97   89
3    74.1  83.5   3:30pm  67.1   5:13am    0    9  0.00   5  23  12:27pm SSE 29.89   84
4    73.9  82.6   4:46pm  69.6   6:25am    0    6  0.00   4  23   4:57pm   S 29.88   81
5    57.2  72.9   3:37am  46.0   2:45pm    9    2  1.80   4  23   5:26am  SW 29.96   99
6    51.9  62.1   4:51pm  42.1   7:25am   13    0  0.04   7  26   2:07pm WSW 29.96   77
7    55.1  71.8   4:35pm  40.6   7:27am   11    1  0.00   2  14   3:06pm NNE 30.08   76
8    58.7  73.2   4:39pm  46.2   5:40am    8    2  0.00   2  16  10:42am ESE 30.09   73
9    60.4  76.1   4:30pm  46.9   6:22am    7    2  0.00   2  12  10:57am  SW 30.05   70
10   62.7  76.8   4:18pm  49.3   7:01am    6    3  0.00   3  17   3:52pm SSE 30.01   75
11   66.4  75.4   1:11pm  57.0   2:11am    2    4  0.00   5  22  12:06pm SSE 29.89   87
12   65.4  69.8  11:19am  61.0   9:08pm    1    1  0.54   4  23   6:15am NNE 30.02   96
13   63.4  72.5   4:44pm  57.7  10:11pm    3    1  0.00   4  17   9:07am  NE 30.22   65
14   61.8  67.3   2:09pm  58.6   5:41am    3    0  0.19   5  23  10:40pm ESE 30.09   82
15   59.0  65.3   5:03am  51.3  11:52pm    6    0  0.09   3  14   3:45am WNW 29.96   99
16   51.7  61.2   2:52pm  41.2   7:45am   13    0  0.00   3  16  11:46am NNE 30.03   77
17   50.1  63.1   3:53pm  40.3   6:29am   15    0  0.00   3  17  12:55pm   W 29.99   84
18   48.6  61.5   1:43pm  39.2   6:33am   16    0  0.18   3  15   8:40pm NNE 30.00   91
19   45.6  58.6   4:39pm  35.8   7:01am   19    0  0.04   5  18  12:51am WNW 30.04   79
20   52.9  66.9   2:46pm  37.4   6:06am   12    0  0.00   4  19  11:05am  SW 29.94   65
21   48.2  56.7   9:52am  37.0  11:18pm   17    0  0.00   2  15  10:22am NNE 30.01   84
22   49.8  65.7   4:21pm  36.0  12:27am   15    0  0.00   5  26   3:07pm WNW 30.32   74
23   47.3  61.9   4:09pm  34.7   7:49am   18    0  0.00   2  11   4:21pm NNE 16.97   74
24   44.3  55.0   2:52pm  32.7  11:59pm   21    0  0.00   4  19  10:18am NNE 21.07   74
25   44.6  58.6   4:05pm  31.6   7:25am   20    0  0.00   3  20  10:05am ESE 30.39   61
26   53.7  63.7   3:31pm  43.9  12:07am   11    0  0.00   5  20  11:40am  SW 30.17   75
27   50.9  65.1   3:42pm  39.7   7:17am   14    0  0.00   1  12   3:20pm   W 30.08   82
28   58.5  66.6   3:34pm  45.1  12:10am    7    0  0.00   3  18   2:04pm   S 30.13   85
29   64.2  69.1   3:03pm  57.4  12:00am    2    1  0.08   7  23   2:29pm SSW 30.08   98
30   64.7  67.5  12:17am  61.3   9:01pm    1    1  1.77   4  20   9:34pm SSE 29.99  100
31   60.2  71.8   1:27pm  48.2  11:30pm    5    1  0.31   8  40   3:35pm  SW 29.69   94
---------------------------------------------------------------------------------------
TOT  57.6  84.2  10/1/13  31.6 10/25/13  278   51  5.05   4  40 10/31/13  SW 29.31   82

HEAT BASE: 65.0
COOL BASE: 65.0