NOAA style reports

NOAA-Style Climate Reports for Bentonville Arkansas (nwarwx.com)


Report for 2013 Nov
                  MONTHLY CLIMATOLOGICAL SUMMARY FOR 11/2013
                                        HEAT  COOL        
     MEAN                               DEG   DEG       WIND SPEED       DOM MEAN  MEAN
DAY  TEMP  HIGH   TIME     LOW   TIME   DAYS  DAYS RAIN AVG  HI  TIME    DIR BAROM HUM
---------------------------------------------------------------------------------------
1    53.2  67.1   2:33pm  41.0   7:14am   12    0  0.00   4  20   1:17pm  SW 29.88   75
2    46.3  56.3   3:24pm  36.3  11:41pm   19    0  0.00   4  20   9:55am WNW 30.16   73
3    48.5  60.6   1:59pm  33.1   1:50am   16    0  0.00   5  21  10:18pm SSE 30.15   70
4    54.7  58.3   1:00pm  51.1   2:00am   10    0  0.00   6  21  10:30am SSE 30.10   76
5    57.9  62.6  11:36pm  53.8  12:41am    7    0  0.55   5  17   9:44pm SSE 30.07  100
6    44.5  62.2  12:00am  32.7  11:10pm   21    0  0.31   5  33   2:46am WNW 30.18   96
7    42.5  62.2   3:13pm  28.4   4:53am   22    0  0.00   2  18  12:28pm WNW 30.39   79
8    49.6  63.5   2:05pm  34.5   5:35am   15    0  0.00   5  23  12:19pm SSW 30.23   67
9    52.8  63.7   1:19pm  43.3   7:18am   12    0  0.00   3  17  11:07am  SW 30.19   66
10   56.0  67.6   3:31pm  44.8   7:04am    7    0  0.00   1  15   9:52am  NE 30.31   64
11   54.5  66.2   2:29pm  41.7  11:35pm   11    0  0.00   5  27  11:22pm  SW 30.26   78
12   32.9  41.7  12:00am  21.7  11:25pm   32    0  0.00   7  27   7:12am NNE 30.64   61
13   34.0  49.6   2:37pm  19.8   6:59am   31    0  0.00   4  15  11:24am SSW 30.52   57
14   41.5  53.1   3:45pm  23.7   6:33am   23    0  0.00   5  23  10:58am   S 30.17   48
15   50.0  58.5   1:39pm  42.6   7:03am   15    0  0.06   6  20   6:21pm SSE 29.97   80
16   63.0  69.1   2:18pm  52.5  12:00am    3    1  0.01  11  36   2:34pm   S 29.76   90
17   64.3  72.3  10:59am  51.4  11:41pm    2    2  0.00  11  43   9:27am WNW 29.85   47
18   50.1  63.9   1:26pm  35.1   6:51am   15    0  0.00   3  20   1:26pm  NE 30.22   46
19   51.1  59.4  12:42pm  41.2   6:17am   14    0  0.00   6  23   9:21pm ESE 30.18   38
20   53.3  59.9   2:33pm  43.9   4:55am   12    0  0.00   7  23   1:28pm  SE 30.01   35
21   50.7  57.6  12:00am  42.1  11:57pm   14    0  0.51   4  20  11:21pm  NE 30.09   95
22   32.5  41.9  12:00am  30.7   9:14am   32    0  0.00   3  21   8:12am   N 30.43  100
23   31.6  38.7   3:18pm  22.6  11:51pm   33    0  0.00   5  22   1:02pm NNE 30.58   71
24   27.2  31.5  11:55pm  18.0  10:25am   28    0  0.00   6  20   1:20am  NE 30.49   55
25   33.1  35.8   2:21pm  29.8   6:41am   32    0  0.01   4  17   6:05am SSE 30.24   71
26   35.1  46.0   1:49pm  25.7  11:59pm   30    0  0.00   6  23   3:05pm   N 30.19   73
27   26.3  37.9   3:41pm  17.6   7:01am   39    0  0.00   4  26  12:02am   N 30.34   54
28   35.6  52.7   2:35pm  23.0  12:05am   29    0  0.00   6  24  10:02am  SW 30.33   54
29   38.7  55.6   2:56pm  23.7   5:20am   26    0  0.00   3  16   2:23pm SSE 30.41   62
30   45.9  57.0   3:19pm  33.6  12:46am   19    0  0.00   6  24   9:56am SSW 30.21   67
---------------------------------------------------------------------------------------
TOT  45.2  72.3 11/17/13  17.6 11/27/13  583    3  1.46   5  43 11/17/13 SSE 30.22   69

HEAT BASE: 65.0
COOL BASE: 65.0