NOAA style reports

NOAA-Style Climate Reports for Bentonville Arkansas (nwarwx.com)


Report for 2014 Feb
                  MONTHLY CLIMATOLOGICAL SUMMARY FOR 2/2014
                                        HEAT  COOL        
     MEAN                               DEG   DEG       WIND SPEED       DOM MEAN  MEAN
DAY  TEMP  HIGH   TIME     LOW   TIME   DAYS  DAYS RAIN AVG  HI  TIME    DIR BAROM HUM
---------------------------------------------------------------------------------------
1    36.3  54.5   4:15am  27.1  10:08pm   29    0  0.08   4  23   5:27am WNW 29.85  100
2    22.9  27.3  12:00am  10.9  11:58pm   42    0  0.00   8  20   7:12am NNE 30.15   99
3    23.5  39.2   4:06pm   5.5   5:11am   42    0  0.08   4  14  12:00am ENE 30.18   73
4    28.9  30.7   9:13pm  24.1   7:28am   36    0  0.00   7  24   8:25am ENE 29.93   85
5    16.0  29.5  12:00am   7.2  11:53pm   49    0  0.00   7  31  12:09am  NW 30.34   78
6    10.5  18.9   3:03pm   6.1  12:59am   54    0  0.00   6  18   2:01am  NE 30.45   59
7    18.7  26.1   6:35pm   8.1  12:40am   46    0  0.00   4  11   8:03am ESE 30.26   60
8    28.5  33.8   4:52pm  23.5   2:32am   36    0  0.00   4  13   1:31pm SSE 30.09   92
9    30.1  32.5  12:42pm  25.2  11:21pm   35    0  0.00   6  20   8:05pm  NE 30.11   93
10   23.6  30.6   3:19pm  19.8   7:01am   41    0  0.00   8  24   5:49am  NE 30.26   71
11   25.3  35.6   4:11pm  17.6   6:05am   40    0  0.00   6  14  12:00am  NE 30.26   50
12   29.1  42.8   4:33pm  16.7   4:21am   36    0  0.00   3  14   4:06pm   W 30.05   53
13   36.7  54.5   4:04pm  21.7   7:15am   28    0  0.00   5  20  12:23pm WSW 29.86   68
14   41.3  54.5  12:40pm  25.7  11:57pm   24    0  0.09   7  42  12:44pm WNW 29.83   65
15   39.0  57.2   4:28pm  20.7   4:09am   25    0  0.00   6  35   2:58pm  SW 29.99   62
16   46.8  62.1   3:14pm  30.0   6:29am   18    0  0.00   5  18  11:36pm ESE 30.00   55
17   51.6  60.4   3:51pm  36.1  11:04pm   13    0  0.00   7  35  10:58am WNW 29.93   52
18   48.5  68.4   3:36pm  30.2   6:28am   17    0  0.00   5  31   1:50pm SSW 29.91   51
19   55.3  67.8   3:25pm  39.9   7:14am   10    0  0.00   8  26   9:56pm  SE 29.83   56
20   54.3  71.1  11:11am  38.1   9:17pm   11    0  0.00  15  54  12:22pm   W 29.65   68
21   44.4  59.5   3:15pm  26.8   6:45am   21    0  0.00   8  30   2:21pm  SW 29.96   39
22   52.6  67.3   1:47pm  35.8   5:58am   13    0  0.00   7  29  12:44pm SSW 29.87   37
23   40.9  54.5   2:26pm  32.7  11:51pm   18    0  0.00   8  23   6:45am  NE 29.99   66
24   40.4  53.1   3:18pm  28.6   6:38am   25    0  0.00   5  15   4:34am ENE 30.11   44
25   37.7  47.1  12:57pm  24.4  11:50pm   27    0  0.00   8  26  11:13pm NNE 30.12   47
26   23.2  34.2   3:48pm  14.9   7:36am   42    0  0.00   7  26  12:55am NNE 30.15   51
27   33.9  50.5   4:31pm  18.9   4:34am   31    0  0.00   4  14   4:45pm  SW 29.95   42
28   39.2  44.6  10:43am  34.2   6:39am   26    0  0.04   7  28  12:04pm ESE 29.82   64
---------------------------------------------------------------------------------------
TOT  34.9  71.1  2/20/14   5.5   2/3/14  835    1  0.29   6  54  2/20/14  NE 30.03   64

HEAT BASE: 65.0
COOL BASE: 65.0