NOAA style reports

NOAA-Style Climate Reports for Bentonville Arkansas (nwarwx.com)


Report for 2014 Apr
                  MONTHLY CLIMATOLOGICAL SUMMARY FOR 4/2014
                                        HEAT  COOL        
     MEAN                               DEG   DEG       WIND SPEED       DOM MEAN  MEAN
DAY  TEMP  HIGH   TIME     LOW   TIME   DAYS  DAYS RAIN AVG  HI  TIME    DIR BAROM HUM
---------------------------------------------------------------------------------------
1    56.9  71.1   5:35pm  45.9   6:48am    9    1  0.00   5  19   3:22pm  NE 29.94   63
2    67.0  75.6   4:30pm  55.6  12:33am    2    4  0.00   7  26   9:59am   S 29.77   87
3    68.4  79.5   3:20pm  49.8  11:57pm    2    5  0.20  11  33   3:33pm SSW 29.65   82
4    45.5  54.7   4:23pm  36.7  11:18pm   19    0  0.00   9  38   3:00am WNW 29.99   61
5    47.2  63.0   5:39pm  32.0   3:42am   18    0  0.00   4  15  10:11am ENE 30.06   58
6    49.7  54.5   1:01pm  45.3   6:24am   15    0  0.04   4  17   1:14pm ESE 29.89   66
7    51.3  63.1   2:47pm  42.1   7:42am   14    0  0.39   7  25   1:49pm   W 29.76   78
8    50.5  60.6   5:13pm  39.4  11:58pm   15    0  0.04   6  36  11:31am WNW 29.93   63
9    53.3  71.2   4:51pm  32.0   4:40am   13    1  0.00   6  23   1:32pm SSW 30.04   51
10   69.8  81.9   4:21pm  59.7  12:31am    1    6  0.00  11  35   3:03pm  SW 29.85   40
11   66.4  80.8   5:07pm  51.6   7:09am    3    5  0.00   4  19   9:11pm SSW 29.94   66
12   69.2  78.4   4:22pm  61.0  12:00am    1    5  0.00   8  25  10:46pm SSE 29.81   67
13   65.2  72.7   5:35pm  48.2  11:58pm    2    2  0.31  12  51   7:05pm   S 29.63   81
14   38.6  48.0  12:00am  30.4  11:59pm   26    0  0.00   7  28  12:00am  NW 29.94   83
15   41.7  58.3   3:40pm  23.9   6:19am   23    0  0.00   3  17   5:11pm  SW 30.12   57
16   50.8  61.9   5:51pm  41.0   5:33am   14    0  0.00   8  33  12:03pm SSE 30.01   45
17   54.3  67.6   4:54pm  38.8   6:44am   11    0  0.00   4  19   6:59pm   N 30.13   51
18   59.8  73.8   4:09pm  43.3   6:29am    7    2  0.00   3  14   2:10pm ENE 30.16   55
19   63.3  75.6   4:19pm  47.7   5:42am    5    3  0.00   4  17  11:55am  SE 30.12   54
20   66.7  76.3   3:41pm  57.6  12:58am    2    4  0.00   4  19   2:55pm  SE 30.07   57
21   62.3  67.5   5:12pm  56.7  10:06pm    3    0  0.10   3  17  11:46am WSW 29.98   96
22   61.6  73.8   3:35pm  50.9   6:48am    6    2  0.00   4  18  12:42pm NNE 29.98   62
23   65.4  79.3   3:52pm  47.8   2:56am    5    5  0.00   6  21   1:00pm ESE 29.88   46
24   63.0  69.4  12:27pm  50.5  11:58pm    3    1  0.21  10  40   4:36pm WNW 29.73   74
25   58.1  76.5   4:11pm  39.2   6:32am    8    2  0.00   4  19   3:40pm  SW 29.91   63
26   68.3  81.5   3:31pm  50.7   2:48am    3    7  0.00   6  27   6:44pm SSE 29.77   50
27   71.9  78.1   5:42pm  60.8  11:58pm    0    7  0.10   8  32  10:20pm SSE 29.49   82
28   61.3  69.6   3:56pm  51.8  11:59pm    4    1  0.00  12  36   3:19pm WSW 29.49   62
29   50.1  55.0   9:02am  45.1  11:52pm   15    0  0.00  12  40  10:13am   W 29.67   66
30   48.0  55.9   3:49pm  40.1  11:59pm   17    0  0.00   8  31   3:58pm WNW 29.94   67
---------------------------------------------------------------------------------------
TOT  58.2  81.9  4/10/14  23.9  4/15/14  266   62  1.38   7  51  4/13/14 SSE 29.89   65

HEAT BASE: 65.0
COOL BASE: 65.0