NOAA-Style Climate Reports for Bentonville Arkansas (nwarwx.com)
Select data to display
Select a Year or Month report
Select a Year or Month report
Report for 2014 May
MONTHLY CLIMATOLOGICAL SUMMARY FOR 5/2014 HEAT COOL MEAN DEG DEG WIND SPEED DOM MEAN MEAN DAY TEMP HIGH TIME LOW TIME DAYS DAYS RAIN AVG HI TIME DIR BAROM HUM --------------------------------------------------------------------------------------- 1 48.7 61.3 4:27pm 35.8 3:58am 16 0 0.00 7 33 1:22pm SW 29.98 60 2 52.8 67.8 3:41pm 36.3 6:16am 13 0 0.00 5 30 2:50pm W 29.93 61 3 63.5 81.3 4:07pm 43.0 6:01am 7 5 0.00 6 26 11:26am SW 29.92 47 4 75.5 89.4 3:07pm 60.4 4:25am 1 11 0.00 10 31 3:16pm SW 29.87 34 5 76.8 88.5 4:31pm 65.5 6:10am 0 11 0.00 10 31 10:25am SW 29.76 36 6 74.1 84.2 3:41pm 63.1 6:15am 0 9 0.00 7 25 2:39pm SSW 29.70 58 7 74.4 83.1 3:13pm 67.5 6:23am 0 9 0.00 9 28 10:05am SSW 29.75 62 8 69.0 73.9 12:00am 63.7 2:45pm 0 4 1.69 6 26 1:47pm SW 29.81 86 9 67.6 78.3 4:08pm 60.3 11:57pm 1 4 0.00 4 19 2:08pm WSW 29.84 84 10 70.2 83.3 4:41pm 58.3 1:43am 2 6 0.00 5 21 10:17am S 29.83 78 11 75.9 83.7 3:22pm 70.2 2:50am 0 11 0.00 9 27 4:46pm S 29.79 78 12 71.5 83.7 2:50pm 55.6 10:31pm 1 8 1.79 8 37 4:13pm S 29.83 87 13 51.1 55.6 12:00am 47.5 6:34am 14 0 0.04 4 16 3:30am WNW 30.10 97 14 48.9 53.2 5:47pm 43.0 11:51pm 16 0 0.33 3 17 12:48pm NNE 30.15 96 15 51.0 64.8 3:16pm 38.8 4:48am 14 0 0.00 5 26 4:12pm WNW 30.09 72 16 51.2 65.1 4:18pm 36.1 6:00am 14 0 0.09 4 22 6:45pm NE 30.05 71 17 53.8 59.9 4:22pm 46.6 1:09am 11 0 0.00 5 17 10:39am NE 30.08 86 18 59.8 72.9 4:47pm 47.8 2:47am 7 1 0.00 5 17 5:30pm ESE 30.08 81 19 69.2 81.5 4:37pm 56.8 2:43am 2 6 0.00 8 28 12:12pm S 29.93 71 20 73.9 82.9 4:58pm 66.9 6:27am 0 9 0.00 10 27 3:41pm SSW 29.90 67 21 74.1 82.4 4:24pm 65.5 11:26pm 0 9 0.00 9 26 9:25am SW 29.97 75 22 72.7 85.5 4:38pm 61.9 3:59am 1 8 0.00 4 20 10:03am SW 30.05 75 23 72.4 83.8 2:55pm 60.6 6:00am 1 8 0.01 3 18 8:26pm WSW 30.05 78 24 73.0 84.0 3:57pm 66.4 5:02am 0 8 0.31 3 18 6:27pm SW 30.01 83 25 72.5 82.9 5:45pm 61.2 6:03am 0 8 0.00 3 14 11:04am SSE 29.99 82 26 71.0 79.9 12:48pm 65.5 11:57pm 0 6 0.16 3 23 3:29pm S 30.01 92 27 68.6 76.8 11:15am 64.2 11:47pm 0 4 0.20 2 22 2:22pm ESE 29.93 93 28 69.2 80.4 5:55pm 62.4 6:03am 1 5 0.00 3 14 2:22pm NE 29.92 87 29 70.0 80.4 2:10pm 61.3 3:43am 1 6 0.00 4 19 2:56pm NE 29.89 89 30 71.7 80.4 2:33pm 66.2 1:49am 0 7 0.00 5 20 2:44pm NE 29.94 90 31 72.7 82.0 3:33pm 65.1 6:12am 0 8 0.00 4 19 3:56pm ESE 29.97 88 --------------------------------------------------------------------------------------- TOT 66.7 89.4 5/4/14 35.8 5/1/14 122 173 4.63 5 37 5/12/14 SW 29.94 76 HEAT BASE: 65.0 COOL BASE: 65.0